{"id":2147,"date":"2023-09-29T10:36:35","date_gmt":"2023-09-29T08:36:35","guid":{"rendered":"https:\/\/agora.xtec.cat\/cee-jeronimoragas-cerdanyola\/?page_id=2147"},"modified":"2023-10-09T10:36:07","modified_gmt":"2023-10-09T08:36:07","slug":"edc","status":"publish","type":"page","link":"https:\/\/agora.xtec.cat\/cee-jeronimoragas-cerdanyola\/edc\/","title":{"rendered":"EDC (Estrat\u00e8gia Digital de Centre)"},"content":{"rendered":"<p dir=\"ltr\">El nostre centre fa molt de temps que treballem amb eines digitals per accedir a la comunicaci\u00f3 de l&#8217;alumnat. \u00c9s per aquest motiu que ens hem volgut\u00a0 iniciar a l&#8217;Estrat\u00e8gia Digital de Centre plantejada pel Departament. \u00c9s important comentar que l&#8217;EDC \u00e9s un repte pel nostre centre degut a les caracter\u00edstiques i necessitats del nostre alumnat.<\/p>\n<p dir=\"ltr\">L\u2019Estrat\u00e8gia Digital de Centre (EDC) \u00e9s un document que recull totes les accions que es realitzen en un centre, i les que es realitzaran a mitj\u00e0 termini, per aconseguir la m\u00e0xima compet\u00e8ncia digital de l\u2019alumnat, del professorat i del centre educatiu. Ha de tenir com a referent el Pla d\u2019Educaci\u00f3 Digital de Catalunya (PEDC), on s\u2019indica la necessitat d\u2019assolir la fita d\u2019una societat digitalment competent, fent \u00e8mfasi en l\u2019equitat i tenint en compte l\u2019evoluci\u00f3 del context social i tecnol\u00f2gic.<\/p>\n<p dir=\"ltr\">Si voleu veure el desenvolupament de la nostra EDC, cliqueu al seg\u00fcent enlla\u00e7.<\/p>\n<p dir=\"ltr\"><a href=\"https:\/\/www.canva.com\/design\/DAFwGBRTXwI\/RVGtXWC4MzT0zfrpqjCJPA\/edit?utm_content=DAFwGBRTXwI&amp;utm_campaign=designshare&amp;utm_medium=link2&amp;utm_source=sharebutton\">Estrat\u00e8gia Digital de Centre. CEE Jeroni de Moragas<\/a><\/p>\n","protected":false},"excerpt":{"rendered":"<p>El nostre centre fa molt de temps que treballem amb eines digitals per accedir a la comunicaci\u00f3 de l&#8217;alumnat. \u00c9s per aquest motiu que ens hem volgut\u00a0 iniciar a l&#8217;Estrat\u00e8gia Digital de Centre plantejada pel Departament. \u00c9s important comentar que l&#8217;EDC \u00e9s un repte pel&hellip;  <a href=\"https:\/\/agora.xtec.cat\/cee-jeronimoragas-cerdanyola\/edc\/\" title=\"Read EDC (Estrat\u00e8gia Digital de Centre)\">Llegeix m\u00e9s\u00bb<\/a><\/p>\n","protected":false},"author":1,"featured_media":0,"parent":0,"menu_order":0,"comment_status":"closed","ping_status":"closed","template":"","meta":{"_bbp_topic_count":0,"_bbp_reply_count":0,"_bbp_total_topic_count":0,"_bbp_total_reply_count":0,"_bbp_voice_count":0,"_bbp_anonymous_reply_count":0,"_bbp_topic_count_hidden":0,"_bbp_reply_count_hidden":0,"_bbp_forum_subforum_count":0,"footnotes":""},"class_list":["post-2147","page","type-page","status-publish","hentry"],"post_mailing_queue_ids":[],"_links":{"self":[{"href":"https:\/\/agora.xtec.cat\/cee-jeronimoragas-cerdanyola\/wp-json\/wp\/v2\/pages\/2147","targetHints":{"allow":["GET"]}}],"collection":[{"href":"https:\/\/agora.xtec.cat\/cee-jeronimoragas-cerdanyola\/wp-json\/wp\/v2\/pages"}],"about":[{"href":"https:\/\/agora.xtec.cat\/cee-jeronimoragas-cerdanyola\/wp-json\/wp\/v2\/types\/page"}],"author":[{"embeddable":true,"href":"https:\/\/agora.xtec.cat\/cee-jeronimoragas-cerdanyola\/wp-json\/wp\/v2\/users\/1"}],"replies":[{"embeddable":true,"href":"https:\/\/agora.xtec.cat\/cee-jeronimoragas-cerdanyola\/wp-json\/wp\/v2\/comments?post=2147"}],"version-history":[{"count":5,"href":"https:\/\/agora.xtec.cat\/cee-jeronimoragas-cerdanyola\/wp-json\/wp\/v2\/pages\/2147\/revisions"}],"predecessor-version":[{"id":2156,"href":"https:\/\/agora.xtec.cat\/cee-jeronimoragas-cerdanyola\/wp-json\/wp\/v2\/pages\/2147\/revisions\/2156"}],"wp:attachment":[{"href":"https:\/\/agora.xtec.cat\/cee-jeronimoragas-cerdanyola\/wp-json\/wp\/v2\/media?parent=2147"}],"curies":[{"name":"wp","href":"https:\/\/api.w.org\/{rel}","templated":true}]}}

EDC (Estratègia Digital de Centre)

<p dir="ltr">El nostre centre fa molt de temps que treballem amb eines digitals per accedir a la comunicació de l&#8217;alumnat. És per aquest motiu que ens hem volgut  iniciar a l&#8217;Estratègia Digital de Centre plantejada pel Departament. És important comentar que l&#8217;EDC és un repte pel nostre centre degut a les característiques i necessitats del nostre alumnat.</p>
<p dir="ltr">L’Estratègia Digital de Centre (EDC) és un document que recull totes les accions que es realitzen en un centre, i les que es realitzaran a mitjà termini, per aconseguir la màxima competència digital de l’alumnat, del professorat i del centre educatiu. Ha de tenir com a referent el Pla d’Educació Digital de Catalunya (PEDC), on s’indica la necessitat d’assolir la fita d’una societat digitalment competent, fent èmfasi en l’equitat i tenint en compte l’evolució del context social i tecnològic.</p>
<p dir="ltr">Si voleu veure el desenvolupament de la nostra EDC, cliqueu al següent enllaç.</p>
<p dir="ltr"><a href="https://www.canva.com/design/DAFwGBRTXwI/RVGtXWC4MzT0zfrpqjCJPA/edit?utm_content=DAFwGBRTXwI&amp;utm_campaign=designshare&amp;utm_medium=link2&amp;utm_source=sharebutton">Estratègia Digital de Centre. CEE Jeroni de Moragas</a></p>

<p>El nostre centre fa molt de temps que treballem amb eines digitals per accedir a la comunicació de l&#8217;alumnat. És per aquest motiu que ens hem volgut  iniciar a l&#8217;Estratègia Digital de Centre plantejada pel Departament. És important comentar que l&#8217;EDC és un repte pel&hellip;  <a href="https://agora.xtec.cat/cee-jeronimoragas-cerdanyola/edc/" title="Read EDC (Estratègia Digital de Centre)">Llegeix més»</a></p>
