{"id":28,"date":"2014-09-18T12:29:35","date_gmt":"2014-09-18T11:29:35","guid":{"rendered":"http:\/\/agora.xtec.cat\/cee-francescbellapart-sabadell\/?page_id=28"},"modified":"2024-02-06T12:00:59","modified_gmt":"2024-02-06T11:00:59","slug":"consell-escolar","status":"publish","type":"page","link":"https:\/\/agora.xtec.cat\/cee-francescbellapart-sabadell\/lescola\/consell-escolar\/","title":{"rendered":"Consell escolar"},"content":{"rendered":"<table style=\"width: 450px; border-style: inset; border-color: #070082; background-color: #5e89ff;\">\n<tbody>\n<tr>\n<td style=\"width: 203.983px;\">Representat de l&#8217;AFA<\/td>\n<td style=\"width: 238.017px;\">S\u00f3nia Blanco<\/td>\n<\/tr>\n<tr>\n<td style=\"width: 203.983px;\">Representants de les fam\u00edlies:<\/td>\n<td style=\"width: 238.017px;\">Lorena Fern\u00e1ndez<\/p>\n<p>Cristina Encinas<\/p>\n<p>Francisca Herrera<\/p>\n<p>Belinda Ib\u00e1\u00f1ez<\/td>\n<\/tr>\n<tr>\n<td style=\"width: 203.983px;\">Representants del claustre:<\/td>\n<td style=\"width: 238.017px;\">Victoria Alba\u00f1il<\/p>\n<p>Montse Gal\u00e1n<\/p>\n<p>Jalexis Juarez<\/p>\n<p>Pedro Jos\u00e9 Moreno<\/td>\n<\/tr>\n<tr>\n<td style=\"width: 203.983px;\">Representant de l&#8217;ajuntament:<\/td>\n<td style=\"width: 238.017px;\">Eli Moya<\/td>\n<\/tr>\n<tr>\n<td style=\"width: 203.983px;\">Representant del PAS:<\/td>\n<td style=\"width: 238.017px;\">Sandra Morales<\/td>\n<\/tr>\n<tr>\n<td style=\"width: 203.983px;\">Representant del PAE:<\/td>\n<td style=\"width: 238.017px;\">Sandra Villasana<\/td>\n<\/tr>\n<tr>\n<td style=\"width: 203.983px;\">Equip directiu:<\/td>\n<td style=\"width: 238.017px;\">D\u00e1nae Ram\u00edrez<\/p>\n<p>Carmen Moreno (secret\u00e0ria sense vot)<\/p>\n<p>Maite Jaramillo<\/td>\n<\/tr>\n<\/tbody>\n<\/table>\n","protected":false},"excerpt":{"rendered":"<p>Representat de l&#8217;AFA S\u00f3nia Blanco Representants de les fam\u00edlies: Lorena Fern\u00e1ndez Cristina Encinas Francisca Herrera Belinda Ib\u00e1\u00f1ez Representants del claustre: Victoria Alba\u00f1il Montse Gal\u00e1n Jalexis Juarez Pedro Jos\u00e9 Moreno Representant de l&#8217;ajuntament: Eli Moya Representant del PAS: Sandra Morales Representant del PAE: Sandra Villasana Equip directiu: D\u00e1nae Ram\u00edrez Carmen Moreno (secret\u00e0ria sense vot) Maite Jaramillo<\/p>\n","protected":false},"author":1,"featured_media":0,"parent":22,"menu_order":50,"comment_status":"closed","ping_status":"closed","template":"page-templates\/side-menu.php","meta":{"_bbp_topic_count":0,"_bbp_reply_count":0,"_bbp_total_topic_count":0,"_bbp_total_reply_count":0,"_bbp_voice_count":0,"_bbp_anonymous_reply_count":0,"_bbp_topic_count_hidden":0,"_bbp_reply_count_hidden":0,"_bbp_forum_subforum_count":0,"site-sidebar-layout":"default","site-content-layout":"","ast-site-content-layout":"","site-content-style":"default","site-sidebar-style":"default","ast-global-header-display":"","ast-banner-title-visibility":"","ast-main-header-display":"","ast-hfb-above-header-display":"","ast-hfb-below-header-display":"","ast-hfb-mobile-header-display":"","site-post-title":"","ast-breadcrumbs-content":"","ast-featured-img":"","footer-sml-layout":"","theme-transparent-header-meta":"","adv-header-id-meta":"","stick-header-meta":"","header-above-stick-meta":"","header-main-stick-meta":"","header-below-stick-meta":"","astra-migrate-meta-layouts":"default","ast-page-background-enabled":"default","ast-page-background-meta":{"desktop":{"background-color":"var(--ast-global-color-4)","background-image":"","background-repeat":"repeat","background-position":"center center","background-size":"auto","background-attachment":"scroll","background-type":"","background-media":"","overlay-type":"","overlay-color":"","overlay-opacity":"","overlay-gradient":""},"tablet":{"background-color":"","background-image":"","background-repeat":"repeat","background-position":"center center","background-size":"auto","background-attachment":"scroll","background-type":"","background-media":"","overlay-type":"","overlay-color":"","overlay-opacity":"","overlay-gradient":""},"mobile":{"background-color":"","background-image":"","background-repeat":"repeat","background-position":"center center","background-size":"auto","background-attachment":"scroll","background-type":"","background-media":"","overlay-type":"","overlay-color":"","overlay-opacity":"","overlay-gradient":""}},"ast-content-background-meta":{"desktop":{"background-color":"var(--ast-global-color-5)","background-image":"","background-repeat":"repeat","background-position":"center center","background-size":"auto","background-attachment":"scroll","background-type":"","background-media":"","overlay-type":"","overlay-color":"","overlay-opacity":"","overlay-gradient":""},"tablet":{"background-color":"var(--ast-global-color-5)","background-image":"","background-repeat":"repeat","background-position":"center center","background-size":"auto","background-attachment":"scroll","background-type":"","background-media":"","overlay-type":"","overlay-color":"","overlay-opacity":"","overlay-gradient":""},"mobile":{"background-color":"var(--ast-global-color-5)","background-image":"","background-repeat":"repeat","background-position":"center center","background-size":"auto","background-attachment":"scroll","background-type":"","background-media":"","overlay-type":"","overlay-color":"","overlay-opacity":"","overlay-gradient":""}},"footnotes":""},"class_list":["post-28","page","type-page","status-publish","hentry"],"post_mailing_queue_ids":[],"_links":{"self":[{"href":"https:\/\/agora.xtec.cat\/cee-francescbellapart-sabadell\/wp-json\/wp\/v2\/pages\/28","targetHints":{"allow":["GET"]}}],"collection":[{"href":"https:\/\/agora.xtec.cat\/cee-francescbellapart-sabadell\/wp-json\/wp\/v2\/pages"}],"about":[{"href":"https:\/\/agora.xtec.cat\/cee-francescbellapart-sabadell\/wp-json\/wp\/v2\/types\/page"}],"author":[{"embeddable":true,"href":"https:\/\/agora.xtec.cat\/cee-francescbellapart-sabadell\/wp-json\/wp\/v2\/users\/1"}],"replies":[{"embeddable":true,"href":"https:\/\/agora.xtec.cat\/cee-francescbellapart-sabadell\/wp-json\/wp\/v2\/comments?post=28"}],"version-history":[{"count":5,"href":"https:\/\/agora.xtec.cat\/cee-francescbellapart-sabadell\/wp-json\/wp\/v2\/pages\/28\/revisions"}],"predecessor-version":[{"id":3174,"href":"https:\/\/agora.xtec.cat\/cee-francescbellapart-sabadell\/wp-json\/wp\/v2\/pages\/28\/revisions\/3174"}],"up":[{"embeddable":true,"href":"https:\/\/agora.xtec.cat\/cee-francescbellapart-sabadell\/wp-json\/wp\/v2\/pages\/22"}],"wp:attachment":[{"href":"https:\/\/agora.xtec.cat\/cee-francescbellapart-sabadell\/wp-json\/wp\/v2\/media?parent=28"}],"curies":[{"name":"wp","href":"https:\/\/api.w.org\/{rel}","templated":true}]}}