{"id":1036,"date":"2021-02-04T17:46:05","date_gmt":"2021-02-04T16:46:05","guid":{"rendered":"https:\/\/agora.xtec.cat\/cee-francescbellapart-sabadell\/?page_id=1036"},"modified":"2025-12-17T14:03:59","modified_gmt":"2025-12-17T13:03:59","slug":"musica-2","status":"publish","type":"page","link":"https:\/\/agora.xtec.cat\/cee-francescbellapart-sabadell\/especialitats-2\/musica-2\/","title":{"rendered":"M\u00daSICA"},"content":{"rendered":"<p>La m\u00fasica \u00e9s una eina important que ens ajuda a arribar al nostre alumnat per treballar la comunicaci\u00f3, l\u2019expressi\u00f3, la socialitzaci\u00f3 i la integraci\u00f3 social. Treballem el ritme, la coordinaci\u00f3, l\u2019atenci\u00f3, l\u2019o\u00efda, les emocions, l\u2019expressi\u00f3, la imaginaci\u00f3, la representaci\u00f3, atenci\u00f3 i mem\u00f2ria, la diversitat, la cultura, i esdev\u00e9 un recurs molt gratificant i motivador pels nens i nenes. Per tot aix\u00f2, la m\u00fasica afavoreix el desenvolupament integral de la persona a nivell cognitiu, emocional, afectiu i f\u00edsic. Creiem que \u00e9s important crear un espai musicalment ric i estimulant que ajudar\u00e0 als nostres alumnes en el seu desenvolupament emocional, psicofisiol\u00f2gic i social.<br \/>\n\r\n\t<div class=\"slideshow_container slideshow_container_style-light\" style=\"height: 300px; \" data-slideshow-id=\"1243\" data-style-name=\"style-light\" data-style-version=\"2.3.1\" >\r\n\r\n\t\t\t\t\t<div class=\"slideshow_loading_icon\"><\/div>\r\n\t\t\r\n\t\t<div class=\"slideshow_content\" style=\"display: none;\">\r\n\r\n\t\t\t<div class=\"slideshow_view\"><div class=\"slideshow_slide slideshow_slide_image\">\n        <a href=\"https:\/\/photos.google.com\/album\/AF1QipMbEGigb_vD7CuODhWVovX0bKqdgyhms6yECtlS\/photo\/AF1QipOY6pBZEnSnq4pbnR_bk1oZbwXHfXaKfOhR9iOY\" target=\"_blank\">        <img src=\"https:\/\/lh3.googleusercontent.com\/3zGbWyEEhC4w4QBsh3QQMRLOml6AxR4HSO_uoexMzdORpVpFPUY2iahGqazmmthM-nVCbobjI4QbnbE5z3veqC3FaH02YAB3iMDsNO5DXPT_-Foc1n0QKT_D7MQcEzIeipMYKGEub1SkfMT1krKWpqphDgwe1DLQRVN25tmJOYtN2YkVMP0GC5x3Fng-6VMQcVgS8hYCAzb7-qJYBv9OJ9geCukQ2X5VVqEOInq_4rRDGDz8L_zoCoCdtgRb_iT7qrShN-ohnzYlLO9euTi5wsi12PG2ymM5NixOos6oMtxxjPfjnclynyvx1LY0nh954e_KwgdqJHZKEnobyKT059RDtbCxhrhwslKgLFSipMI_bWCcheEcR3lstTek3BicemuiJcWAj25u_yJ2UrWtuQATKamJxnbksbLIqvWZJxl5ZSha2x9PqBd05dbk_1dy5tcWrMTgYiGg0jnL8z87UcdJ-kgjbTKbnbnlfnJLUKSvFENASOWrp9gPEaT3W3ZmfVZZg9RRojY89jZCRnQVtiD3IKf5pBIWetNx1ns2gMhJvpj0iNCiQ6yNoAQQeFCRMV7E4tx87wJUGtgiSJb1lMTJt7rhBZdJVXrV6kQOsvAbvaaR2sOjuy2-wypmT0CENudFAO-dLC4NyN2QkeXJPBLR53FPwHLBt2_s5nffziLfEXRcrUVnqImUaWsZ=w319-h320-no?authuser=0\" alt=\"\"   \/>\n        <\/a>        <div class=\"slideshow_description_box slideshow_transparent\">\n                                        <\/div>\n<\/div>\n\t\n<div style=\"clear: both;\"><\/div><\/div><div class=\"slideshow_view\"><div class=\"slideshow_slide slideshow_slide_image\">\n        <a href=\"https:\/\/photos.google.com\/album\/AF1QipMbEGigb_vD7CuODhWVovX0bKqdgyhms6yECtlS\/photo\/AF1QipN0OA2SasDq5zNjgPMg_7vGZWdJQKH3JVS5IC68\" target=\"_blank\">        <img src=\"https:\/\/lh3.googleusercontent.com\/MXiLNiQ5VNvvPjsVqbPvwBCVgKqU2q_kxbmjpPApadvvocwPxe6SYRPmRCbxePZSuz30cIiwN_gCf7ntYETCtm_pysWLxJNWOUgzrzQgayd4hbthUgVXt837iJVw9aMZO26nxPVda0dNzanRBMmI3zwhsSgg5v9ijXPTatmcrIaqwi4xIuvOnzCoxF4sJGRQ2AWVeVmbRywWYiI_Uo-wiSYjcN4DlUB9LyqtzgSoIeb9aKGgbdVax6iXi5TPlaBgdtbbzvWEN-ckF1RKioykpn4riiuAsAPYc3ATKBPjXQcwsUPTiAF_5xT54E-6qWUXzbrCRn6VwHX4fzVrTsZ1TJLQ_KPAJAv50gZTx3zflg1IoicEis5kXaRIxIHOfeEC25EuzkDzPrfwfBle6CZGVG7I7-eCf9oueuW79TqUI7cnoMASUaSlZSeRt5nAC4qcGWvAD_NujJi74xyEYYJ1gg8DHPNrJ6LFaL_c8wB6LBS0aLLJXr6z4NRKn0e-FHjLvIOVe7cNgkl-_sN3VQ3Qh1Cy2lW978KUOHE4K4DWbNpPkImWs8NkRVevOuqsAclSXsDMm8IKSKvYlcLsSIqWqYimKmE0RFOIEbX0DeEDoIu4bnfC4QAmhMCrj4QYH-A3uMBsS9SIJ-kb5ZMzlU417YZV_NxBAgUeKLdh-So51Pi6lNdHzHDXQP2pAran=w427-h320-no?authuser=0\" alt=\"\"   \/>\n        <\/a>        <div class=\"slideshow_description_box slideshow_transparent\">\n                                        <\/div>\n<\/div>\n\t\n<div style=\"clear: both;\"><\/div><\/div><div class=\"slideshow_view\"><div class=\"slideshow_slide slideshow_slide_image\">\n        <a href=\"https:\/\/photos.google.com\/album\/AF1QipMbEGigb_vD7CuODhWVovX0bKqdgyhms6yECtlS\/photo\/AF1QipNXduckE9bgFoEByrJKunMo8azIJ450dnv5zgwo\" target=\"_blank\">        <img src=\"https:\/\/lh3.googleusercontent.com\/j-l-yMrqPfJ987pYKTE3pzMEQ5bsyR3aPQLI3frdZs15TQB4-BLyudQRsBtzFtqyhxy_nPsHwtRwumwRvxxXG1qyq6Jz-dTfqF6MfTgdMEn1WDlu8Adr1xUZIDkzpVvI5j8KMaAvv2rBEmM1LDAtwlGBg4cSdnV9qCam7ExUIqwZioqp-G4ZjgFUfbb1qmjxhghW9GmS977kidweJdCRbkTzo12JIxbkb6FLO47-XDafSH59ZdOQTlBBZjBOdknuMZ2NzBA06fDF7Xg2RHfh2GWU4367aCLsXzvPR2Ggdu-EuTcF_xyKbvD7wt-1ipZC5TP3CmCCkt38PiOijRMy4I_6Kt4bww6QHS-a7a_yTghpskaCapWltOAeSJpPeYKbHN3Upa48uS70LASRWD4nZvm-3VjOmceCHeZ70SoCmyeuVFu8eFnYDAls09y43c1mC0gYekgn3RVyAvNrOptONlGAxKeNMTnLWdKmHpJ0lcGEYDIvlzFUqsnOGh1fGVVZEgJHrflvKefzN59EPDF-4sz8dg-K5meN8aCSPp65WbAcdrdmetH5kaUJxBkOnG1JeX8zkBeHDaIz4SHjRjOB-PsL1kAQFuiSMmyL3BWNVRcAnigaUjA5V7eywzHggGxazrWq0GxHSPtQq8FkfsPOMiDs_6VXphkVTecOdhV1r7vr8eAC1l8gy31grlQP=w427-h320-no?authuser=0\" alt=\"\"   \/>\n        <\/a>        <div class=\"slideshow_description_box slideshow_transparent\">\n                                        <\/div>\n<\/div>\n\t\n<div style=\"clear: both;\"><\/div><\/div><div class=\"slideshow_view\"><div class=\"slideshow_slide slideshow_slide_image\">\n        <a href=\"https:\/\/photos.google.com\/album\/AF1QipMbEGigb_vD7CuODhWVovX0bKqdgyhms6yECtlS\/photo\/AF1QipPhJoIAY9qmB884mSsJkB4IvEBguZFb9dc-n-sp\" target=\"_blank\">        <img src=\"https:\/\/lh3.googleusercontent.com\/vwBia2OcHk00KCCB7iSxeEoNDxQLCb0cypCV1mQV97F6Z_4FqUiLJDnbIWCakNSN7hHE2zj7VmuOBRbb2PVGt3rJ2Xak2sbehXCAW2_eVkuhINOGaXBOCorfffBOBIQYOMe9zzcbapEDeIcNv5tLVCFC85ZRHhEYBRred7v0QhyAnAucV56hI9oj774vukB-doXbGLEp3wCECuqKjZ_9h29hLQbSxbnyJZHExbvMSipUxY3Ym6ehli13LNg38O8KbiKh01VYeR_U9jQO27QyRYdd7NjQHcp45OJEAIGl-X1KWS7s99gpgnBFNeu_RJ7ehasL2lboNK3b2xlnxO7a-TxSBtRfr6dBXFSnzacf_2pqzE3mmxJodcFsgC5sMLhd7B0QNiWEikdqP1DK5epa4kO5Xj5hgXXE15s3-ygsNGCx17NsnYsC9lAkH7sfvjEMN4-7Zx6DoPgW1mQ64kR3B7Q0d44E_w6ccxEqJ7CjxcYZgZf8vvPY_gJ7083b1k3KTxsqLPb-oOVDsiupFaiVsN0A77FR68aQk03xUlAHSJRR62IvxRHPRy1EqGm_N2ykzmuq5smhHvQJw4LAB_DVSoBVfWsb_MjUkRIR8We3sFX645V1dgvT2zSOM1HVaxXBoDRfs3AIBXY8FNdygws92KhlBxMlB7ZmWHBajw-GzD2w9CaUadPgSnsBpRr8=w310-h414-no?authuser=0\" alt=\"\"   \/>\n        <\/a>        <div class=\"slideshow_description_box slideshow_transparent\">\n                                        <\/div>\n<\/div>\n\t\n<div style=\"clear: both;\"><\/div><\/div><div class=\"slideshow_view\"><div class=\"slideshow_slide slideshow_slide_image\">\n        <a href=\"https:\/\/photos.google.com\/album\/AF1QipMbEGigb_vD7CuODhWVovX0bKqdgyhms6yECtlS\/photo\/AF1QipP77iwdDiVaeRfjO2I4Qh1-ntnSgNOfMDMmRn_9\" target=\"_blank\">        <img src=\"https:\/\/lh3.googleusercontent.com\/s8dWDj6oBl9Kg84mMzFBeCvasZArF1HVvQ6hY9YaiZJI_6joyzeiSrkETH1q6kE2-Dx5E9YB29HY5gkj3Dt7FP0c22C52-ybNkE_f26Dv7NPGuGyip63gbpRB0nI3ll6xnK8sPxs7KsFgyBOmoTvyMDAD0PJOXWtcunlo4cFZ8TbpMptBb89_X1W5CKntgc5HarozPdXQEWZ5eUewp2Ja-rO0jQSG-_buXm9Jimr_RmA8FacrPlk3n3OuXexv9vvVpooZswv_bmfPZiRBttyCyXtwgUIiqNmLLYtgKyaBjn2MdKOQaZTVhtsIjZQ_s1QeDtnQmjwF_pPpMAIBBhY9lAP08U4V49ipmlPfSIJKlxQnFrOT3OUiwPBn-mwg9rF9kN1Ig83zkobbXWyw9LpiAXDmqXhM-ex0P-jT1pnfS1hH-wstKAeTPeuAeD5iW3LbJLbprlXJ9OZTMpqtY25AjCJrT-R--BEe8QKkR_iBiGNvVOPtWnuvN1INhtMXW8ep21FBA-IU17z5bPXCJ1CZVMGfDHySFAB4yyAzzg_Ihkhzy4d2E2oMHhsG8fznxyZuwV3fFhh-nFX93Ok5ZEcQ3y0kp5_EIDZ9CNdgeM7gNxg5lpVSmUsAU40G3a2zObxBEiF3zjtPP1F04KQ1IMNTJx72r_LWaJUBr_0ueJgDf7aMZOqx4vXswXsq_7c=w552-h414-no?authuser=0\" alt=\"\"   \/>\n        <\/a>        <div class=\"slideshow_description_box slideshow_transparent\">\n                                        <\/div>\n<\/div>\n\t\n<div style=\"clear: both;\"><\/div><\/div><div class=\"slideshow_view\"><div class=\"slideshow_slide slideshow_slide_image\">\n        <a href=\"https:\/\/photos.google.com\/album\/AF1QipMbEGigb_vD7CuODhWVovX0bKqdgyhms6yECtlS\/photo\/AF1QipNJnV9w9wf7gjpoDmQsOI3ZynQWQj8UioRaWBPn\" target=\"_blank\">        <img src=\"https:\/\/lh3.googleusercontent.com\/55HHh5SfeNTsKj3RyC3sVkr1YOWG_4Y_ODdiCA55g9yVuEyoEeyyWJeUlP9PNNHJgjxqLtXie-eOrpll_NjhT7KNtjeoqR5HaIpGc59bok_pS0NwvhGdw9epnPCnvfGnok2xch85a1As5tztpFJYMP2XNh0I6_hk86oItxcSTh80zNd_ZOkB3Ye66PNqm0rONkl-jBF4aMoXjOukHBcZSEEOd-pZbycyH01niRrVGEm3cC72J8bf4GR2PX8OCfs0xzyoh_4eIHQNRJQoJmx2K_0KNzGmElX-uAqZoYzroS0OLnx_w7fFsEgLZorqzUITzwrH9fEvJYC_9Nm-XaLT5wZtjhiKlVWDf8Spd6bXoB9M3Flijcf1qjRbg_t_oIF4C54uQy9eYiyDPRUIlSAQJI405qpQbagNKIH_S5VLMtFbr_v656sWV6AyS2vhrRAdOuxFmJ4D_s983q0CVdSmmBaE0XPGjbR9lvEQJDfz70znlpApkgYRlYwnbBdIAzUpzgRFA3p-3HlpEdirhSPkjZfb77s-X87SdVHDM9QUQyvQW3BQedkI4FKBMl6L2lVdhYPybbGEfgCWcFBmQtumCsgZ6wY66UFBpdH0LQsPBTNpkiIbogW0nXcJQOKMgQX1ejPU7egemgzJOFFyIhTg6zXFO4h02__15wRxIa7XaL9Z5kGz7QUHTDscyO3V=w311-h414-no?authuser=0\" alt=\"\"   \/>\n        <\/a>        <div class=\"slideshow_description_box slideshow_transparent\">\n                                        <\/div>\n<\/div>\n\t\n<div style=\"clear: both;\"><\/div><\/div><div class=\"slideshow_view\"><div class=\"slideshow_slide slideshow_slide_image\">\n        <a href=\"https:\/\/photos.google.com\/album\/AF1QipMbEGigb_vD7CuODhWVovX0bKqdgyhms6yECtlS\/photo\/AF1QipN9X80pvbmkcgMdTR_Gdi5SDokYC2yJUD46g-Jw\" target=\"_blank\">        <img src=\"https:\/\/lh3.googleusercontent.com\/rb5O8wg-bnCGPAOZREHfgUFgHZ2Fj1nk2tHdZY0BCf4NMysWbs1eRr9GPG_KZvTprrFdTJv_TbDmuMdNA7pEBz3UL0ekldyrHZBen0UYGLp_Xt2C8IO8nRIekKSneCY1NcnCvYwDoRCwSSBGW9fjDeDJGlSDJNoB90XmizCFJe3jm6IS1D-JePIFanNcUFtzJimqVoZMn7SpMtSCrzhxKzxVKX65MCBcbPS2NuMQPYXWkEjp2mWbKXXlOGyVfzPV4bDj8n5yUKiKdLJccIqRMGn0ccT8VLVNw4RUsGQb1BauSl13fEUFvl8BVs4VYUfBBKSerFqc53EwHf9vyXTa8DMuKVbpOq5DkwehRNiX682KHcUSVDgK2t-eQd1f_qQDgzeaK9Rk2XQX6eJraLHqi4BgjFN3KMWHu_h0_qBAuuA-cTALAThqtCiA4YnEQTpVWZVsOFHK9Xdd5b38U75lQgvR3loKGpz1HGTuoEI4jxxu7-8LzIrMoYwF4KJYp_n_xUirvGH-a1CMiYl4pIRHQGZPoxgq9aiHMd6maWXnf6Mu4jPM763lF1lE_rbcY9t587ZLCkS8supAdWuG7SX3NDXbjL7Azdz_fMQFgqzXtYEPDQMpBFJtDwr01Z8NEOoUg1h_OSm5XmMijc-JZrEBbFIPpXpGstnLDvR-Ltzsj4IWV4iJ76Rc-QAmLYGv=w434-h326-no?authuser=0\" alt=\"\"   \/>\n        <\/a>        <div class=\"slideshow_description_box slideshow_transparent\">\n                                        <\/div>\n<\/div>\n\t\n<div style=\"clear: both;\"><\/div><\/div><div class=\"slideshow_view\"><div class=\"slideshow_slide slideshow_slide_image\">\n        <a href=\"https:\/\/photos.google.com\/album\/AF1QipMbEGigb_vD7CuODhWVovX0bKqdgyhms6yECtlS\/photo\/AF1QipPXcv4r4vbpMTqgnpgESeu8HVJaCVSM5ZyMMiDL\" target=\"_blank\">        <img src=\"https:\/\/lh3.googleusercontent.com\/vx8CZe2jQF9SB-yeQ5jOYc9j96n0jxkjsPW_JvPixi-H7LpdtKTQIPC6z91WKGaO-5cZ6-Vel5qQBzUnn7d3EpBMmU-ASJgYbJYvBl-eVL2cVCpWJAB7zmDOxx0dZvkbIz7yy61ugi2UZIIPb36Dqk1USyPvOwNIm3PsXScD1R8-NTn0Orbwuvmks8Ez79lOMXq1Y6PLMSim-3KESNS5lgnf51lpMIK__BF6Oc6_TX1zoVuTagnm90ZkHc0pr1ZqOzi6-7CZoLPVEJjCzl_9D0FXNGPeNUul5_q8w7kBFACgAGh5szHPqrF9BQYYu5o1jjDUp0Fl4V3JmGd_0rP-am-8XB_NRRYZH7tDcuCctWtaN8y_kJymFK6LMvifflgdtP4mE0lWkauLVclW5AVSOEs9hACFp-1J9V5au6oL-XGlDMPf2UiERAXqD3AT3mNFH3fcYHuG0zjoFEbOLpP-yCN5rtrEi0E0EEPsDmkUQYt-vtoJB4pGsuVtGM00Wqt2WU34QpWlUBpBFOZcPCMp84G8V-NCLm_rlhHoTbNxmq5HRNjRqiEv8tS82_bGPNMcJpl5o2e7bUhIx93vPOsj3xKXeVodUuI2_--wq9tUXwUDLa3eblFUF-xc1alhHQCzcigY27OkXoZzGj0QN55l00rqqIUcnJ45cU9Y52UkxXtTi9XA02IQpPMh6qts=w245-h326-no?authuser=0\" alt=\"\"   \/>\n        <\/a>        <div class=\"slideshow_description_box slideshow_transparent\">\n                                        <\/div>\n<\/div>\n\t\n<div style=\"clear: both;\"><\/div><\/div><div class=\"slideshow_view\"><div class=\"slideshow_slide slideshow_slide_image\">\n        <a href=\"https:\/\/photos.google.com\/album\/AF1QipMbEGigb_vD7CuODhWVovX0bKqdgyhms6yECtlS\/photo\/AF1QipPJq6GfWrbzSE6_mUwwCEoTsKSIiBAd238jxSFw\" target=\"_blank\">        <img src=\"https:\/\/lh3.googleusercontent.com\/qk4UllMrkV1SJVXKn5i2DYYlmVRtYWxVsGUDATliF-jvuGrnt5KF-Ocz_21sP8IngIO3YcGpgnEPc_kFOjbOJBefh7YFIyeM-yr_4RtQsJq1wISzOGqdBOhqsS_BSLA23roOmrKDwH008HC94KWxL-cOzaslK0zwXpqDn8f_MmHlI7jlwy2cHpEMGFodf2PZuVCgy3g6Y5xdr2IRTMHKGpNuivGOqUu3PdP2i5WD6tiYwBcCJfqKTBKEihzQpSxcoTQ9sDssc_P96R25JgM891q-PV_B-vBMtLdNmmOgC5PbBlq4OMu2S8DGdHcdNEJIU7azUjiKWTjV0togXTEJkLOMXGxCCSr1vZjQJY5gZgiY0qxzGtC-s7p2gFr9gjD4_-xAqhztFPD1xj_CZpAxjAvLFcSAPsO-WNISF5naCT8Kj4Ss1loTZXF_JbeCmc853Bs_gWzwQ5narrBmL-raKoS80L0UXUWamuo5JTZ2_fwMu_bdIYmuGT_v7Fve_X1SlywkEywt3oa-ZnG378JIygbrNhNJ6TVg5yC7ALPKlTF-tVa2GpRa4tfK8_0HG0WjDGOkFXE0EiPtYWWuGNlNIlaumMUIng71lpfmFzOqXhZwJSbGrEtrSHjEorZnPZAiYC3biSZMkLs3pUkn1Ob08gSbJUVfYCSBRM9mgRx6o8R70kvMQa5q9JSQY2U_=w245-h326-no?authuser=0\" alt=\"\"   \/>\n        <\/a>        <div class=\"slideshow_description_box slideshow_transparent\">\n                                        <\/div>\n<\/div>\n\t\n<div style=\"clear: both;\"><\/div><\/div><div class=\"slideshow_view\"><div class=\"slideshow_slide slideshow_slide_image\">\n        <a href=\"https:\/\/photos.google.com\/album\/AF1QipMbEGigb_vD7CuODhWVovX0bKqdgyhms6yECtlS\/photo\/AF1QipNpnQXtoJysD-w9Q2ixLyWpilTCNwBLw_xhGIIz\" target=\"_blank\">        <img src=\"https:\/\/lh3.googleusercontent.com\/9aXZnHC5VioWdK0zX1jcVlWWsB8f72Vwoow-mr0OTpnnRU0Xi8-A-u-wEv6jc9DvtDxisgtOY3kCIpuRZlz16TyBrHVPKT5vUyblg5eDQWNPMmY24p-hrH9LHUksfPI3QoV5WsqSBIcOGA7mRcJv5GnT-068dtIGhjvu4kP99D6araCdqul1E5PCqfLeQkJ0yhRmWLPf88PAuebRE2LGeUB0C3ehAZ7B2BRhJa4_pD5iOyj1g1Si4IxvaVzuvgipxsbIQlr4eX_zBCjOXTzSw52uzyGZPKJTebMtSeqiDaBZmDV5JJbAmfFqRtj3NFUAssR-a1H0NONLjyGKnGuJbNoJEH20FdDaj9IrODMyrmZnHUTrmJcMlZmqNYTft9h_bQ6KjmoFzXmbyIiybui_4qb72S0W_zCwmYv2mJ2UTfBi1Rs8nZjPbHHmPnhftZQ9AdyRG3Wb4a4YpggqcvFEpmr5wa2rauqHlQuCDyCM_sVc9_3gTcLA0M_gCo1VyaLNhxQbjEEAXbHXc07mPudiyI7dQ1ivfwFV3rIRv_nmH6MVYaNWQCWyCn3FAoKrc5Ivbh8DVyA838eNPWAwW6-PPoK57gd-UbpgL_5vCeFoDRNjsqpNEjPnFkLmzLLKvb7tS-L8ujSw6ZLZK0_n-SzFhOYBqfQGA5vp-1UOC8y9_GCS9cq_5i1X1P_D3WtV=w245-h326-no?authuser=0\" alt=\"\"   \/>\n        <\/a>        <div class=\"slideshow_description_box slideshow_transparent\">\n                                        <\/div>\n<\/div>\n\t\n<div style=\"clear: both;\"><\/div><\/div><div class=\"slideshow_view\"><div class=\"slideshow_slide slideshow_slide_image\">\n        <a href=\"https:\/\/photos.google.com\/album\/AF1QipMbEGigb_vD7CuODhWVovX0bKqdgyhms6yECtlS\/photo\/AF1QipPEeeNzrE7CmfN9WpJodqXS2Vlf1zSjv3PBhdbt\" target=\"_blank\">        <img src=\"https:\/\/lh3.googleusercontent.com\/7rpWxOu14WzltrUmLRvecJaOuDB-vEgiBiYR_XYI5mpJ9MhojuPyDgHxdHeI-gdcqCUNdzjqrKdUdiZM6L7HtAFY79VIvJMr01vdDwTMEEzHWebj7H4WlE8x7wqtybs6j-8dDndXntLBTFtQZlxan0QNrDKyshCzCDC-KDctxvOSt8bL-xP8Lw2C9uzA-2wmwUK5hrO46w8-hEvNwJwEAaI9zibuW_TVb5dP9hcc2eRfnOsoU2Gvb-3pJgHHLHzFauMX54mpcWN_q53AIh9FCfujktizcXQsjw9iEULKLAHcsW3U-f6mJzgvH5jtR0Shsx3o9f4huYWlSi_ZtAq9jBBTkj4hAtO9Y-AAleg77Smzn_3u5r70StuwSAC03TZlPIppDlcxLf_EvJtwdwRQfsNzQn4xlsLEdAH5jm3EoxOMrkiDgD9x3L-2EuCrMzpAg-rBosRF-aoBiDjOE7_JTPSQGfbyVzXo6ysUTRGvRkX1rQW2YcZG1edL8SHDxQhqjShSThj9zGG_4qW7MWDaaaV-S_jxK2kxqvXDEA11pVHcCE19UUazQNsZuIefLLo4OMR9DSVSCunY4wqT6zNxLFDogKpPExquGtTSB5g5pkFLpP9N5iFAn6BQ1D3LqeKw6oXS-BLdvnFrFdU3d0FZ5vBaIUOSvRtzu3JnNuEacvrtDTzQzVivJNU2X738=w391-h293-no?authuser=0\" alt=\"\"   \/>\n        <\/a>        <div class=\"slideshow_description_box slideshow_transparent\">\n                                        <\/div>\n<\/div>\n\t\n<div style=\"clear: both;\"><\/div><\/div><div class=\"slideshow_view\"><div class=\"slideshow_slide slideshow_slide_image\">\n        <a href=\"https:\/\/photos.google.com\/album\/AF1QipMbEGigb_vD7CuODhWVovX0bKqdgyhms6yECtlS\/photo\/AF1QipNLy0cv4iXbGg9nW169n-4e6ZxYev9NEEyh3cVH\" target=\"_blank\">        <img src=\"https:\/\/lh3.googleusercontent.com\/2nCcueY5xdzWaMKTFzO0sib-OBE8pZMws0_WecCSekG8wYUEUogXE6FdfhxFnqZqplcjMliax0cxdayzoLWVA3rYVodHuCOVMyXkvggl925hMDR9gAwGRq9PJAbqE2nH7ajq77Zt4wgSf3DRhOBaZWxlMZDK863q36Nb_21WUxNXjdL8qIRE55nVre2Ei3wuV_dp0hVEolIE1uQKxo-xP7rqfIzTdgk5wmj4TC2em__JozlJ5qogu3hB2q0r9CEhkeMdzWBMSreZv-KX_EXo40gb_44n3qaPxtpf1S-CojM-LdUogTdgKt69MsuVMKVyrHOYfmfBCHrwFLR-dPAThymhPGPSnvWuVOiImTy96C9E4Q374L8Tl6aYy7K_GTpGLyQuDZloJfz4eKOSUAVS_Mwj6PbEJ7lY_je1p7jG4CPRnGzWToEl-2phINVkfecQsHzwMkUvZIuXtauTUmpiAOJ-ECkbUhma8UbXOhv2gDOgHx6rWe7NBWP5cjyFSoHf58PDIYYT-MGjaTAp_-4qKHbQe5kaSw9Cb6MtRE2xeephsTzXKkQycryYDXupn5PrmTSmjAF7AjMHdNx-vCRNduRaaXNhajyFnFEZ4edw9bjMf8e84-1eQSkOrzk4MQ9NwVgK54Ib3gSRv7IA5V_0b9gOmRNWuA9w9Jl53hGSthPjPbo9LL43an1nOHCB=w391-h293-no?authuser=0\" alt=\"\"   \/>\n        <\/a>        <div class=\"slideshow_description_box slideshow_transparent\">\n                                        <\/div>\n<\/div>\n\t\n<div style=\"clear: both;\"><\/div><\/div><div class=\"slideshow_view\"><div class=\"slideshow_slide slideshow_slide_image\">\n        <a href=\"https:\/\/photos.google.com\/album\/AF1QipMbEGigb_vD7CuODhWVovX0bKqdgyhms6yECtlS\/photo\/AF1QipN6sxI7A8s7ZmK1CbUxXc6QTu7G7uQrsKM9fF6B\" target=\"_blank\">        <img src=\"https:\/\/lh3.googleusercontent.com\/-v7oF8Sol86VTmiAYvGnIo2N-UmQL_vB2HyVSPMKb7QcoTgOxNpHDcFKegTfVGdc3uVRghnrAWK3ukYk1jaK5m_jn9DG4r2ceU7IAkLD-2Hbd5XSp9WeUykB3c28mXysLZj-C_51mxdpkBywiEj5VFYgrvJ2W7Iq7woK6y5RjqLYeWM5Xn9MImB8GkhMGq5Jkk92TPf51233N19M7Xlb-aRh3NFXav7pLGe4DrqWy2xYUT7tSl-Z6vWOjkqY-Uulr86-8TDr5tAo7bkAk7jSxt27JXxUhFJE3Xd8nz1hNSl96JK7uRlLYRILz8Emre0h--gT7sVg-Elny4KvgoZDZytu6bGHVdeM7B3SjwmFMldpTfMWqgg4cd-VrqD7YtB_31qdszbLemDOcoZSqx4YML5SkxodW-5mSw5YfC-09D9YLvtsEMv7EkuiGbLfh5RQxmjDAQbwQvzjqsLPmzCfr69KiVYIjsvZsFq4wAM-wo4mpMlhkJT691gJE9T9rldobC8d1mt-dVcpvBHUdA05u07FmYQlsNgepW8Iz30_Fk6WiK4J188uMKeE89XbTIeZSc1Smf3WSgpuJ3h0crSm3ZuADsiIEu_lNLlyYdSrEtHxGoz2kPnFugCaju9gtGMJUcF2Q8igDZij-NydtIFh5bWEk_5uS7CXorUBAD4YhgmMwnLrQGwve8mXB2FI=w391-h293-no?authuser=0\" alt=\"\"   \/>\n        <\/a>        <div class=\"slideshow_description_box slideshow_transparent\">\n                                        <\/div>\n<\/div>\n\t\n<div style=\"clear: both;\"><\/div><\/div>\r\n\t\t<\/div>\r\n\r\n\t\t<div class=\"slideshow_controlPanel slideshow_transparent\" style=\"display: none;\"><ul><li class=\"slideshow_togglePlay\" data-play-text=\"Visualitza\" data-pause-text=\"Pausa\"><\/li><\/ul><\/div>\r\n\r\n\t\t<div class=\"slideshow_button slideshow_previous slideshow_transparent\" role=\"button\" data-previous-text=\"Anterior\" style=\"display: none;\"><\/div>\r\n\t\t<div class=\"slideshow_button slideshow_next slideshow_transparent\" role=\"button\" data-next-text=\"Seg\u00fcent\" style=\"display: none;\"><\/div>\r\n\r\n\t\t<div class=\"slideshow_pagination\" style=\"display: none;\" data-go-to-text=\"V\u00e9s a la diapositiva\"><div class=\"slideshow_pagination_center\"><\/div><\/div>\r\n\r\n\t\t<!-- WordPress Slideshow Version 2.3.1 -->\r\n\r\n\t\t\t<\/div>\r\n\r\n<\/p>\n<p>A l\u2019aula de m\u00fasica cantem i escoltem can\u00e7ons, toquem instruments, s\u2019inicia alguns alumnes en el llenguatge musical, ballem i gaudim de la m\u00fasica sigui quines siguin les capacitats de cadasc\u00fa. Amb <span style=\"font-family: inherit; font-size: 1em;\">l&#8217;alumnat amb pluridiscapacitat es fa un treball espec\u00edfic amb l\u2019especialista d\u2019estimulaci\u00f3. A partir de la m\u00fasica i el llenguatge pl\u00e0stic i visual es fan propostes sensorials pensades espec\u00edficament per ells, tenint en compte els interessos i motivacions del grup.<\/span><\/p>\n<p>L\u2019escola participa en una activitat d\u2019inclusi\u00f3 formant part de la coral \u201cCors amb Cor\u201d que est\u00e0 formada per nens i nenes de prim\u00e0ria de la nostra escola, l\u2019escola del Sol, escola especial Xaloc i Aula de M\u00fasica Atempo.<\/p>\n","protected":false},"excerpt":{"rendered":"<p>La m\u00fasica \u00e9s una eina important que ens ajuda a arribar al nostre alumnat per treballar la comunicaci\u00f3, l\u2019expressi\u00f3, la socialitzaci\u00f3 i la integraci\u00f3 social. Treballem el ritme, la coordinaci\u00f3, l\u2019atenci\u00f3, l\u2019o\u00efda, les emocions, l\u2019expressi\u00f3, la imaginaci\u00f3, la representaci\u00f3, atenci\u00f3 i mem\u00f2ria, la diversitat, la cultura, i esdev\u00e9 un recurs molt gratificant i motivador pels [&hellip;]<\/p>\n","protected":false},"author":1,"featured_media":0,"parent":1665,"menu_order":0,"comment_status":"closed","ping_status":"closed","template":"","meta":{"_bbp_topic_count":0,"_bbp_reply_count":0,"_bbp_total_topic_count":0,"_bbp_total_reply_count":0,"_bbp_voice_count":0,"_bbp_anonymous_reply_count":0,"_bbp_topic_count_hidden":0,"_bbp_reply_count_hidden":0,"_bbp_forum_subforum_count":0,"site-sidebar-layout":"default","site-content-layout":"","ast-site-content-layout":"default","site-content-style":"default","site-sidebar-style":"default","ast-global-header-display":"","ast-banner-title-visibility":"","ast-main-header-display":"","ast-hfb-above-header-display":"","ast-hfb-below-header-display":"","ast-hfb-mobile-header-display":"","site-post-title":"","ast-breadcrumbs-content":"","ast-featured-img":"","footer-sml-layout":"","theme-transparent-header-meta":"","adv-header-id-meta":"","stick-header-meta":"","header-above-stick-meta":"","header-main-stick-meta":"","header-below-stick-meta":"","astra-migrate-meta-layouts":"set","ast-page-background-enabled":"default","ast-page-background-meta":{"desktop":{"background-color":"var(--ast-global-color-4)","background-image":"","background-repeat":"repeat","background-position":"center center","background-size":"auto","background-attachment":"scroll","background-type":"","background-media":"","overlay-type":"","overlay-color":"","overlay-opacity":"","overlay-gradient":""},"tablet":{"background-color":"","background-image":"","background-repeat":"repeat","background-position":"center center","background-size":"auto","background-attachment":"scroll","background-type":"","background-media":"","overlay-type":"","overlay-color":"","overlay-opacity":"","overlay-gradient":""},"mobile":{"background-color":"","background-image":"","background-repeat":"repeat","background-position":"center center","background-size":"auto","background-attachment":"scroll","background-type":"","background-media":"","overlay-type":"","overlay-color":"","overlay-opacity":"","overlay-gradient":""}},"ast-content-background-meta":{"desktop":{"background-color":"var(--ast-global-color-5)","background-image":"","background-repeat":"repeat","background-position":"center center","background-size":"auto","background-attachment":"scroll","background-type":"","background-media":"","overlay-type":"","overlay-color":"","overlay-opacity":"","overlay-gradient":""},"tablet":{"background-color":"var(--ast-global-color-5)","background-image":"","background-repeat":"repeat","background-position":"center center","background-size":"auto","background-attachment":"scroll","background-type":"","background-media":"","overlay-type":"","overlay-color":"","overlay-opacity":"","overlay-gradient":""},"mobile":{"background-color":"var(--ast-global-color-5)","background-image":"","background-repeat":"repeat","background-position":"center center","background-size":"auto","background-attachment":"scroll","background-type":"","background-media":"","overlay-type":"","overlay-color":"","overlay-opacity":"","overlay-gradient":""}},"footnotes":""},"class_list":["post-1036","page","type-page","status-publish","hentry"],"post_mailing_queue_ids":[],"_links":{"self":[{"href":"https:\/\/agora.xtec.cat\/cee-francescbellapart-sabadell\/wp-json\/wp\/v2\/pages\/1036","targetHints":{"allow":["GET"]}}],"collection":[{"href":"https:\/\/agora.xtec.cat\/cee-francescbellapart-sabadell\/wp-json\/wp\/v2\/pages"}],"about":[{"href":"https:\/\/agora.xtec.cat\/cee-francescbellapart-sabadell\/wp-json\/wp\/v2\/types\/page"}],"author":[{"embeddable":true,"href":"https:\/\/agora.xtec.cat\/cee-francescbellapart-sabadell\/wp-json\/wp\/v2\/users\/1"}],"replies":[{"embeddable":true,"href":"https:\/\/agora.xtec.cat\/cee-francescbellapart-sabadell\/wp-json\/wp\/v2\/comments?post=1036"}],"version-history":[{"count":4,"href":"https:\/\/agora.xtec.cat\/cee-francescbellapart-sabadell\/wp-json\/wp\/v2\/pages\/1036\/revisions"}],"predecessor-version":[{"id":3593,"href":"https:\/\/agora.xtec.cat\/cee-francescbellapart-sabadell\/wp-json\/wp\/v2\/pages\/1036\/revisions\/3593"}],"up":[{"embeddable":true,"href":"https:\/\/agora.xtec.cat\/cee-francescbellapart-sabadell\/wp-json\/wp\/v2\/pages\/1665"}],"wp:attachment":[{"href":"https:\/\/agora.xtec.cat\/cee-francescbellapart-sabadell\/wp-json\/wp\/v2\/media?parent=1036"}],"curies":[{"name":"wp","href":"https:\/\/api.w.org\/{rel}","templated":true}]}}