{"id":2821,"date":"2020-03-16T06:33:58","date_gmt":"2020-03-16T05:33:58","guid":{"rendered":"https:\/\/agora.xtec.cat\/cee-esperanca\/wp-content\/uploads\/usu368\/2019\/04\/SUMAT-A-LA-INICIATIVA-_-_TOT-ANIR\u00c0-B\u00c9_1.jpg"},"modified":"2020-03-16T06:33:58","modified_gmt":"2020-03-16T05:33:58","slug":"sumat-a-la-iniciativa-_-_tot-anira-be_1","status":"inherit","type":"attachment","link":"https:\/\/agora.xtec.cat\/cee-esperanca\/sumat-a-la-iniciativa-_-_tot-anira-be_1\/","title":{"rendered":"SUMA&#8217;T A LA INICIATIVA _ _TOT ANIR\u00c0 B\u00c9_(1)"},"author":1,"featured_media":0,"comment_status":"open","ping_status":"closed","template":"","meta":{"_bbp_topic_count":0,"_bbp_reply_count":0,"_bbp_total_topic_count":0,"_bbp_total_reply_count":0,"_bbp_voice_count":0,"_bbp_anonymous_reply_count":0,"_bbp_topic_count_hidden":0,"_bbp_reply_count_hidden":0,"_bbp_forum_subforum_count":0},"class_list":["post-2821","attachment","type-attachment","status-inherit","hentry"],"description":{"rendered":"<p class=\"attachment\"><a href='https:\/\/agora.xtec.cat\/cee-esperanca\/wp-content\/uploads\/usu368\/2019\/04\/SUMAT-A-LA-INICIATIVA-_-_TOT-ANIR\u00c0-B\u00c9_1.jpg'><img loading=\"lazy\" decoding=\"async\" width=\"300\" height=\"300\" src=\"https:\/\/agora.xtec.cat\/cee-esperanca\/wp-content\/uploads\/usu368\/2019\/04\/SUMAT-A-LA-INICIATIVA-_-_TOT-ANIR\u00c0-B\u00c9_1-300x300.jpg\" class=\"attachment-medium size-medium\" alt=\"\" srcset=\"https:\/\/agora.xtec.cat\/cee-esperanca\/wp-content\/uploads\/usu368\/2019\/04\/SUMAT-A-LA-INICIATIVA-_-_TOT-ANIR\u00c0-B\u00c9_1-300x300.jpg 300w, https:\/\/agora.xtec.cat\/cee-esperanca\/wp-content\/uploads\/usu368\/2019\/04\/SUMAT-A-LA-INICIATIVA-_-_TOT-ANIR\u00c0-B\u00c9_1-150x150.jpg 150w, https:\/\/agora.xtec.cat\/cee-esperanca\/wp-content\/uploads\/usu368\/2019\/04\/SUMAT-A-LA-INICIATIVA-_-_TOT-ANIR\u00c0-B\u00c9_1-768x768.jpg 768w, https:\/\/agora.xtec.cat\/cee-esperanca\/wp-content\/uploads\/usu368\/2019\/04\/SUMAT-A-LA-INICIATIVA-_-_TOT-ANIR\u00c0-B\u00c9_1-1024x1024.jpg 1024w, https:\/\/agora.xtec.cat\/cee-esperanca\/wp-content\/uploads\/usu368\/2019\/04\/SUMAT-A-LA-INICIATIVA-_-_TOT-ANIR\u00c0-B\u00c9_1.jpg 1080w\" sizes=\"auto, (max-width: 300px) 100vw, 300px\" \/><\/a><\/p>\n"},"caption":{"rendered":"<p><a href='https:\/\/agora.xtec.cat\/cee-esperanca\/wp-content\/uploads\/usu368\/2019\/04\/SUMAT-A-LA-INICIATIVA-_-_TOT-ANIR\u00c0-B\u00c9_1.jpg'><\/a><\/p>\n"},"alt_text":"","media_type":"image","mime_type":"image\/jpeg","media_details":{"width":1080,"height":1080,"file":"2019\/04\/SUMAT-A-LA-INICIATIVA-_-_TOT-ANIR\u00c0-B\u00c9_1.jpg","sizes":{"thumbnail":{"file":"SUMAT-A-LA-INICIATIVA-_-_TOT-ANIR\u00c0-B\u00c9_1-150x150.jpg","width":150,"height":150,"mime_type":"image\/jpeg","source_url":"https:\/\/agora.xtec.cat\/cee-esperanca\/wp-content\/uploads\/usu368\/2019\/04\/SUMAT-A-LA-INICIATIVA-_-_TOT-ANIR\u00c0-B\u00c9_1-150x150.jpg"},"medium":{"file":"SUMAT-A-LA-INICIATIVA-_-_TOT-ANIR\u00c0-B\u00c9_1-300x300.jpg","width":300,"height":300,"mime_type":"image\/jpeg","source_url":"https:\/\/agora.xtec.cat\/cee-esperanca\/wp-content\/uploads\/usu368\/2019\/04\/SUMAT-A-LA-INICIATIVA-_-_TOT-ANIR\u00c0-B\u00c9_1-300x300.jpg"},"medium_large":{"file":"SUMAT-A-LA-INICIATIVA-_-_TOT-ANIR\u00c0-B\u00c9_1-768x768.jpg","width":768,"height":768,"mime_type":"image\/jpeg","source_url":"https:\/\/agora.xtec.cat\/cee-esperanca\/wp-content\/uploads\/usu368\/2019\/04\/SUMAT-A-LA-INICIATIVA-_-_TOT-ANIR\u00c0-B\u00c9_1-768x768.jpg"},"large":{"file":"SUMAT-A-LA-INICIATIVA-_-_TOT-ANIR\u00c0-B\u00c9_1-1024x1024.jpg","width":1024,"height":1024,"mime_type":"image\/jpeg","source_url":"https:\/\/agora.xtec.cat\/cee-esperanca\/wp-content\/uploads\/usu368\/2019\/04\/SUMAT-A-LA-INICIATIVA-_-_TOT-ANIR\u00c0-B\u00c9_1-1024x1024.jpg"},"thumb-300":{"file":"SUMAT-A-LA-INICIATIVA-_-_TOT-ANIR\u00c0-B\u00c9_1-300x250.jpg","width":300,"height":250,"mime_type":"image\/jpeg","source_url":"https:\/\/agora.xtec.cat\/cee-esperanca\/wp-content\/uploads\/usu368\/2019\/04\/SUMAT-A-LA-INICIATIVA-_-_TOT-ANIR\u00c0-B\u00c9_1-300x250.jpg"},"thumb-200":{"file":"SUMAT-A-LA-INICIATIVA-_-_TOT-ANIR\u00c0-B\u00c9_1-200x150.jpg","width":200,"height":150,"mime_type":"image\/jpeg","source_url":"https:\/\/agora.xtec.cat\/cee-esperanca\/wp-content\/uploads\/usu368\/2019\/04\/SUMAT-A-LA-INICIATIVA-_-_TOT-ANIR\u00c0-B\u00c9_1-200x150.jpg"},"full":{"file":"SUMAT-A-LA-INICIATIVA-_-_TOT-ANIR\u00c0-B\u00c9_1.jpg","width":1080,"height":1080,"mime_type":"image\/jpeg","source_url":"https:\/\/agora.xtec.cat\/cee-esperanca\/wp-content\/uploads\/usu368\/2019\/04\/SUMAT-A-LA-INICIATIVA-_-_TOT-ANIR\u00c0-B\u00c9_1.jpg"}},"image_meta":{"aperture":"0","credit":"","camera":"","caption":"","created_timestamp":"0","copyright":"","focal_length":"0","iso":"0","shutter_speed":"0","title":"","orientation":"1","keywords":[]}},"post":null,"source_url":"https:\/\/agora.xtec.cat\/cee-esperanca\/wp-content\/uploads\/usu368\/2019\/04\/SUMAT-A-LA-INICIATIVA-_-_TOT-ANIR\u00c0-B\u00c9_1.jpg","_links":{"self":[{"href":"https:\/\/agora.xtec.cat\/cee-esperanca\/wp-json\/wp\/v2\/media\/2821","targetHints":{"allow":["GET"]}}],"collection":[{"href":"https:\/\/agora.xtec.cat\/cee-esperanca\/wp-json\/wp\/v2\/media"}],"about":[{"href":"https:\/\/agora.xtec.cat\/cee-esperanca\/wp-json\/wp\/v2\/types\/attachment"}],"author":[{"embeddable":true,"href":"https:\/\/agora.xtec.cat\/cee-esperanca\/wp-json\/wp\/v2\/users\/1"}],"replies":[{"embeddable":true,"href":"https:\/\/agora.xtec.cat\/cee-esperanca\/wp-json\/wp\/v2\/comments?post=2821"}]}}

https://agora.xtec.cat/cee-esperanca/wp-content/uploads/usu368/2019/04/SUMAT-A-LA-INICIATIVA-_-_TOT-ANIRÀ-BÉ_1.jpg

SUMA&#8217;T A LA INICIATIVA _ _TOT ANIRÀ BÉ_(1)

<p class="attachment"><a href='https://agora.xtec.cat/cee-esperanca/wp-content/uploads/usu368/2019/04/SUMAT-A-LA-INICIATIVA-_-_TOT-ANIRÀ-BÉ_1.jpg'><img loading="lazy" decoding="async" width="300" height="300" src="https://agora.xtec.cat/cee-esperanca/wp-content/uploads/usu368/2019/04/SUMAT-A-LA-INICIATIVA-_-_TOT-ANIRÀ-BÉ_1-300x300.jpg" class="attachment-medium size-medium" alt="" srcset="https://agora.xtec.cat/cee-esperanca/wp-content/uploads/usu368/2019/04/SUMAT-A-LA-INICIATIVA-_-_TOT-ANIRÀ-BÉ_1-300x300.jpg 300w, https://agora.xtec.cat/cee-esperanca/wp-content/uploads/usu368/2019/04/SUMAT-A-LA-INICIATIVA-_-_TOT-ANIRÀ-BÉ_1-150x150.jpg 150w, https://agora.xtec.cat/cee-esperanca/wp-content/uploads/usu368/2019/04/SUMAT-A-LA-INICIATIVA-_-_TOT-ANIRÀ-BÉ_1-768x768.jpg 768w, https://agora.xtec.cat/cee-esperanca/wp-content/uploads/usu368/2019/04/SUMAT-A-LA-INICIATIVA-_-_TOT-ANIRÀ-BÉ_1-1024x1024.jpg 1024w, https://agora.xtec.cat/cee-esperanca/wp-content/uploads/usu368/2019/04/SUMAT-A-LA-INICIATIVA-_-_TOT-ANIRÀ-BÉ_1.jpg 1080w" sizes="auto, (max-width: 300px) 100vw, 300px" /></a></p>

<p><a href='https://agora.xtec.cat/cee-esperanca/wp-content/uploads/usu368/2019/04/SUMAT-A-LA-INICIATIVA-_-_TOT-ANIRÀ-BÉ_1.jpg'></a></p>

2019/04/SUMAT-A-LA-INICIATIVA-_-_TOT-ANIRÀ-BÉ_1.jpg

SUMAT-A-LA-INICIATIVA-_-_TOT-ANIRÀ-BÉ_1-150x150.jpg

https://agora.xtec.cat/cee-esperanca/wp-content/uploads/usu368/2019/04/SUMAT-A-LA-INICIATIVA-_-_TOT-ANIRÀ-BÉ_1-150x150.jpg

SUMAT-A-LA-INICIATIVA-_-_TOT-ANIRÀ-BÉ_1-300x300.jpg

https://agora.xtec.cat/cee-esperanca/wp-content/uploads/usu368/2019/04/SUMAT-A-LA-INICIATIVA-_-_TOT-ANIRÀ-BÉ_1-300x300.jpg

SUMAT-A-LA-INICIATIVA-_-_TOT-ANIRÀ-BÉ_1-768x768.jpg

https://agora.xtec.cat/cee-esperanca/wp-content/uploads/usu368/2019/04/SUMAT-A-LA-INICIATIVA-_-_TOT-ANIRÀ-BÉ_1-768x768.jpg

SUMAT-A-LA-INICIATIVA-_-_TOT-ANIRÀ-BÉ_1-1024x1024.jpg

https://agora.xtec.cat/cee-esperanca/wp-content/uploads/usu368/2019/04/SUMAT-A-LA-INICIATIVA-_-_TOT-ANIRÀ-BÉ_1-1024x1024.jpg

SUMAT-A-LA-INICIATIVA-_-_TOT-ANIRÀ-BÉ_1-300x250.jpg

https://agora.xtec.cat/cee-esperanca/wp-content/uploads/usu368/2019/04/SUMAT-A-LA-INICIATIVA-_-_TOT-ANIRÀ-BÉ_1-300x250.jpg

SUMAT-A-LA-INICIATIVA-_-_TOT-ANIRÀ-BÉ_1-200x150.jpg

https://agora.xtec.cat/cee-esperanca/wp-content/uploads/usu368/2019/04/SUMAT-A-LA-INICIATIVA-_-_TOT-ANIRÀ-BÉ_1-200x150.jpg

SUMAT-A-LA-INICIATIVA-_-_TOT-ANIRÀ-BÉ_1.jpg
