{"id":87,"date":"2014-09-18T14:28:12","date_gmt":"2014-09-18T13:28:12","guid":{"rendered":"http:\/\/agora.xtec.cat\/cee-elsangels\/?page_id=87"},"modified":"2025-07-02T11:18:27","modified_gmt":"2025-07-02T09:18:27","slug":"nivells","status":"publish","type":"page","link":"https:\/\/agora.xtec.cat\/cee-elsangels\/nivells\/","title":{"rendered":"GRUPS EDUCATIUS"},"content":{"rendered":"\n<p>Un dels valors m\u00e9s important que tenim com a CEE i que ens guia el nostre treball \u00e9s ser una escola que potencia la comunicaci\u00f3, l\u2019autonomia i el desenvolupament de la personalitat dels seus alumnes per afavorir la m\u00e0xima integraci\u00f3 a l\u2019entorn partint de la funcionalitat dels aprenentatges.<\/p>\n\n\n\n<p>En totes les etapes considerem molt important la col\u00b7laboraci\u00f3 entre fam\u00edlies i escola perqu\u00e8 el treball conjunt ens permet millorar els resultats.<\/p>\n\n\n\n<div class=\"wp-block-getwid-toggle has-icon-left\">\n<div class=\"wp-block-getwid-toggle__row\"><div class=\"wp-block-getwid-toggle__header-wrapper\"><span class=\"wp-block-getwid-toggle__header\"><a href=\"#\"><span class=\"wp-block-getwid-toggle__header-title\">ETAPA 1<\/span><span class=\"wp-block-getwid-toggle__icon is-active\"><i class=\"fas fa-plus\"><\/i><\/span><span class=\"wp-block-getwid-toggle__icon is-passive\"><i class=\"fas fa-minus\"><\/i><\/span><\/a><\/span><\/div><div class=\"wp-block-getwid-toggle__content-wrapper\"><div class=\"wp-block-getwid-toggle__content\">\n<p>A l\u2019etapa 1, prioritzem els seg\u00fcents objectius:&nbsp;<\/p>\n\n\n\n<ul class=\"wp-block-list\">\n<li>H\u00e0bits d&#8217;autonomia personal i social.<\/li>\n\n\n\n<li>H\u00e0bits d\u2019higiene i rutines.<\/li>\n\n\n\n<li>Comunicaci\u00f3 (verbal i no verbal).<\/li>\n\n\n\n<li>Estimulaci\u00f3 multisensorial.<\/li>\n<\/ul>\n<\/div><\/div><\/div>\n\n\n\n<div class=\"wp-block-getwid-toggle__row\"><div class=\"wp-block-getwid-toggle__header-wrapper\"><span class=\"wp-block-getwid-toggle__header\"><a href=\"#\"><span class=\"wp-block-getwid-toggle__header-title\">ETAPA 2<\/span><span class=\"wp-block-getwid-toggle__icon is-active\"><i class=\"fas fa-plus\"><\/i><\/span><span class=\"wp-block-getwid-toggle__icon is-passive\"><i class=\"fas fa-minus\"><\/i><\/span><\/a><\/span><\/div><div class=\"wp-block-getwid-toggle__content-wrapper\"><div class=\"wp-block-getwid-toggle__content\">\n<h3 class=\"wp-block-heading\">ETAPA 2<\/h3>\n\n\n\n<p>A l\u2019etapa 2, prioritzem els seg\u00fcents objectius:&nbsp;<\/p>\n\n\n\n<ul class=\"wp-block-list\">\n<li>Treball d\u2019aprenentatges funcionals\/curriculars.<\/li>\n\n\n\n<li>Millora dels h\u00e0bits d&#8217;autonomia personal i social.<\/li>\n\n\n\n<li>Millora de les capacitats comunicatives.<\/li>\n\n\n\n<li>Millora de l&#8217;autonomia a l&#8217;escola, a la llar i a l&#8217;entorn.&nbsp;<\/li>\n<\/ul>\n<\/div><\/div><\/div>\n\n\n\n<div class=\"wp-block-getwid-toggle__row\"><div class=\"wp-block-getwid-toggle__header-wrapper\"><span class=\"wp-block-getwid-toggle__header\"><a href=\"#\"><span class=\"wp-block-getwid-toggle__header-title\">ETAPA 3<\/span><span class=\"wp-block-getwid-toggle__icon is-active\"><i class=\"fas fa-plus\"><\/i><\/span><span class=\"wp-block-getwid-toggle__icon is-passive\"><i class=\"fas fa-minus\"><\/i><\/span><\/a><\/span><\/div><div class=\"wp-block-getwid-toggle__content-wrapper\"><div class=\"wp-block-getwid-toggle__content\">\n<p>A l\u2019etapa 3, prioritzem els seg\u00fcents objectius:<\/p>\n\n\n\n<ul class=\"wp-block-list\">\n<li>Fian\u00e7ament d&#8217;h\u00e0bits d&#8217;autonomia i habilitats socials per desenvolupar-se en la societat.<\/li>\n\n\n\n<li>Adquirir el m\u00e0xim d\u2019h\u00e0bits relacionats amb les responsabilitats de la vida adulta.<\/li>\n\n\n\n<li>H\u00e0bits i aprenentatges relacionats amb el m\u00f3n laboral (manteniment, horticultura,&#8230;)<\/li>\n\n\n\n<li>Aprenentatges funcionals en les \u00e0rees instrumentals<\/li>\n\n\n\n<li>Tallers ocupacionals (manipulaci\u00f3)Treball d&#8217;estimulaci\u00f3 (grups concrets<\/li>\n\n\n\n<li>Adquirir el m\u00e0xim d\u2019h\u00e0bits relacionats amb l\u2019acompanyament a les fam\u00edlies en el proc\u00e9s de sortida del centre i la incorporaci\u00f3 a altres serveis.<\/li>\n<\/ul>\n<\/div><\/div><\/div>\n\n\n\n<div class=\"wp-block-getwid-toggle__row\"><div class=\"wp-block-getwid-toggle__header-wrapper\"><span class=\"wp-block-getwid-toggle__header\"><a href=\"#\"><span class=\"wp-block-getwid-toggle__header-title\">IFE (Itinerari formatiu espec\u00edfic)<\/span><span class=\"wp-block-getwid-toggle__icon is-active\"><i class=\"fas fa-plus\"><\/i><\/span><span class=\"wp-block-getwid-toggle__icon is-passive\"><i class=\"fas fa-minus\"><\/i><\/span><\/a><\/span><\/div><div class=\"wp-block-getwid-toggle__content-wrapper\"><div class=\"wp-block-getwid-toggle__content\">\n<h3 class=\"wp-block-heading\">IFE<\/h3>\n\n\n\n<p>L\u2019Itinerari Formatiu Espec\u00edfic (IFE), t\u00e9 la finalitat d\u2019incrementar l\u2019autonomia personal i assolir les compet\u00e8ncies professionals que facilitin als nois i noies, la transici\u00f3 a la vida adulta i la inclusi\u00f3 social i laboral.&nbsp;<\/p>\n\n\n\n<p>\u00c9s un ensenyament professional de 4 anys de durada centrat en auxiliar en cura d\u2019animals i espais verds.<\/p>\n\n\n\n<p><\/p>\n<\/div><\/div><\/div>\n<\/div>\n\n\n\n<p><\/p>\n\n\n\n<p><\/p>\n\n\n\n<p><\/p>\n","protected":false},"excerpt":{"rendered":"<p>Un dels valors m\u00e9s important que tenim com a CEE i que ens guia el nostre treball \u00e9s ser una [&hellip;]<\/p>\n","protected":false},"author":1,"featured_media":0,"parent":0,"menu_order":0,"comment_status":"closed","ping_status":"closed","template":"","meta":{"_bbp_topic_count":0,"_bbp_reply_count":0,"_bbp_total_topic_count":0,"_bbp_total_reply_count":0,"_bbp_voice_count":0,"_bbp_anonymous_reply_count":0,"_bbp_topic_count_hidden":0,"_bbp_reply_count_hidden":0,"_bbp_forum_subforum_count":0,"site-sidebar-layout":"default","site-content-layout":"","ast-site-content-layout":"default","site-content-style":"default","site-sidebar-style":"default","ast-global-header-display":"","ast-banner-title-visibility":"","ast-main-header-display":"","ast-hfb-above-header-display":"","ast-hfb-below-header-display":"","ast-hfb-mobile-header-display":"","site-post-title":"","ast-breadcrumbs-content":"","ast-featured-img":"","footer-sml-layout":"","theme-transparent-header-meta":"","adv-header-id-meta":"","stick-header-meta":"","header-above-stick-meta":"","header-main-stick-meta":"","header-below-stick-meta":"","astra-migrate-meta-layouts":"set","ast-page-background-enabled":"default","ast-page-background-meta":{"desktop":{"background-color":"var(--ast-global-color-4)","background-image":"","background-repeat":"repeat","background-position":"center center","background-size":"auto","background-attachment":"scroll","background-type":"","background-media":"","overlay-type":"","overlay-color":"","overlay-opacity":"","overlay-gradient":""},"tablet":{"background-color":"","background-image":"","background-repeat":"repeat","background-position":"center center","background-size":"auto","background-attachment":"scroll","background-type":"","background-media":"","overlay-type":"","overlay-color":"","overlay-opacity":"","overlay-gradient":""},"mobile":{"background-color":"","background-image":"","background-repeat":"repeat","background-position":"center center","background-size":"auto","background-attachment":"scroll","background-type":"","background-media":"","overlay-type":"","overlay-color":"","overlay-opacity":"","overlay-gradient":""}},"ast-content-background-meta":{"desktop":{"background-color":"var(--ast-global-color-5)","background-image":"","background-repeat":"repeat","background-position":"center center","background-size":"auto","background-attachment":"scroll","background-type":"","background-media":"","overlay-type":"","overlay-color":"","overlay-opacity":"","overlay-gradient":""},"tablet":{"background-color":"var(--ast-global-color-5)","background-image":"","background-repeat":"repeat","background-position":"center center","background-size":"auto","background-attachment":"scroll","background-type":"","background-media":"","overlay-type":"","overlay-color":"","overlay-opacity":"","overlay-gradient":""},"mobile":{"background-color":"var(--ast-global-color-5)","background-image":"","background-repeat":"repeat","background-position":"center center","background-size":"auto","background-attachment":"scroll","background-type":"","background-media":"","overlay-type":"","overlay-color":"","overlay-opacity":"","overlay-gradient":""}},"footnotes":""},"class_list":["post-87","page","type-page","status-publish","hentry"],"post_mailing_queue_ids":[],"_links":{"self":[{"href":"https:\/\/agora.xtec.cat\/cee-elsangels\/wp-json\/wp\/v2\/pages\/87","targetHints":{"allow":["GET"]}}],"collection":[{"href":"https:\/\/agora.xtec.cat\/cee-elsangels\/wp-json\/wp\/v2\/pages"}],"about":[{"href":"https:\/\/agora.xtec.cat\/cee-elsangels\/wp-json\/wp\/v2\/types\/page"}],"author":[{"embeddable":true,"href":"https:\/\/agora.xtec.cat\/cee-elsangels\/wp-json\/wp\/v2\/users\/1"}],"replies":[{"embeddable":true,"href":"https:\/\/agora.xtec.cat\/cee-elsangels\/wp-json\/wp\/v2\/comments?post=87"}],"version-history":[{"count":6,"href":"https:\/\/agora.xtec.cat\/cee-elsangels\/wp-json\/wp\/v2\/pages\/87\/revisions"}],"predecessor-version":[{"id":5401,"href":"https:\/\/agora.xtec.cat\/cee-elsangels\/wp-json\/wp\/v2\/pages\/87\/revisions\/5401"}],"wp:attachment":[{"href":"https:\/\/agora.xtec.cat\/cee-elsangels\/wp-json\/wp\/v2\/media?parent=87"}],"curies":[{"name":"wp","href":"https:\/\/api.w.org\/{rel}","templated":true}]}}