{"id":2194,"date":"2025-12-02T19:58:50","date_gmt":"2025-12-02T18:58:50","guid":{"rendered":"https:\/\/agora.xtec.cat\/cee-crespinell\/?page_id=2194"},"modified":"2026-02-12T20:29:56","modified_gmt":"2026-02-12T19:29:56","slug":"tauletes-comunicadors-i-apps","status":"publish","type":"page","link":"https:\/\/agora.xtec.cat\/cee-crespinell\/linea-educativa\/suports-tecnologis\/tauletes-comunicadors-i-apps\/","title":{"rendered":"Tauletes, comunicadors i apps"},"content":{"rendered":"\n<p>Els comunicadors i les tauletes s\u2019han convertit en eines essencials per afavorir la participaci\u00f3 i l\u2019autonomia dels alumnes. Aquests dispositius permeten ampliar les possibilitats de comunicaci\u00f3 de l\u2019alumnat amb dificultats d\u2019expressi\u00f3 oral, oferint-los una manera accessible i personalitzada de fer-se entendre.<\/p>\n\n\n\n<p>Les tauletes, equipades amb aplicacions espec\u00edfiques de comunicaci\u00f3 augmentativa i alternativa (CAA), faciliten l\u2019aprenentatge d\u2019una forma m\u00e9s visual, interactiva i motivadora. Els pictogrames, els sintetitzadors de veu i les opcions de personalitzaci\u00f3 fan possible que cada alumne disposi d\u2019un sistema adaptat al seu ritme i necessitats.<\/p>\n\n\n\n<p>A m\u00e9s, aquests recursos tecnol\u00f2gics contribueixen a refor\u00e7ar la seva autoestima i a promoure la inclusi\u00f3 a l\u2019aula, ja que els permeten participar en activitats, expressar prefer\u00e8ncies i interactuar amb companys i mestres. En definitiva, els comunicadors i les tauletes s\u00f3n eines que obren portes, ofereixen oportunitats i donen veu a tots els alumnes que ho necessiten.<\/p>\n\n\n\n<figure class=\"wp-block-image aligncenter size-large is-resized\"><a href=\"https:\/\/agora.xtec.cat\/cee-crespinell\/wp-content\/uploads\/usu3060\/2026\/02\/20260130_121030.png\"><img loading=\"lazy\" decoding=\"async\" width=\"1024\" height=\"768\" src=\"https:\/\/agora.xtec.cat\/cee-crespinell\/wp-content\/uploads\/usu3060\/2026\/02\/20260130_121030-1024x768.png\" alt=\"\" class=\"wp-image-2685\" style=\"width:499px;height:auto\" srcset=\"https:\/\/agora.xtec.cat\/cee-crespinell\/wp-content\/uploads\/usu3060\/2026\/02\/20260130_121030-1024x768.png 1024w, https:\/\/agora.xtec.cat\/cee-crespinell\/wp-content\/uploads\/usu3060\/2026\/02\/20260130_121030-300x225.png 300w, https:\/\/agora.xtec.cat\/cee-crespinell\/wp-content\/uploads\/usu3060\/2026\/02\/20260130_121030-768x576.png 768w, https:\/\/agora.xtec.cat\/cee-crespinell\/wp-content\/uploads\/usu3060\/2026\/02\/20260130_121030.png 1333w\" sizes=\"auto, (max-width: 1024px) 100vw, 1024px\" \/><\/a><\/figure>\n","protected":false},"excerpt":{"rendered":"<p>Els comunicadors i les tauletes s\u2019han convertit en eines essencials per afavorir la participaci\u00f3 i l\u2019autonomia dels alumnes. Aquests dispositius [&hellip;]<\/p>\n","protected":false},"author":1,"featured_media":0,"parent":2161,"menu_order":1,"comment_status":"closed","ping_status":"close","template":"","meta":{"site-sidebar-layout":"default","site-content-layout":"","ast-site-content-layout":"default","site-content-style":"default","site-sidebar-style":"default","ast-global-header-display":"","ast-banner-title-visibility":"","ast-main-header-display":"","ast-hfb-above-header-display":"","ast-hfb-below-header-display":"","ast-hfb-mobile-header-display":"","site-post-title":"","ast-breadcrumbs-content":"","ast-featured-img":"","footer-sml-layout":"","theme-transparent-header-meta":"","adv-header-id-meta":"","stick-header-meta":"","header-above-stick-meta":"","header-main-stick-meta":"","header-below-stick-meta":"","astra-migrate-meta-layouts":"set","ast-page-background-enabled":"default","ast-page-background-meta":{"desktop":{"background-color":"var(--ast-global-color-4)","background-image":"","background-repeat":"repeat","background-position":"center center","background-size":"auto","background-attachment":"scroll","background-type":"","background-media":"","overlay-type":"","overlay-color":"","overlay-opacity":"","overlay-gradient":""},"tablet":{"background-color":"","background-image":"","background-repeat":"repeat","background-position":"center center","background-size":"auto","background-attachment":"scroll","background-type":"","background-media":"","overlay-type":"","overlay-color":"","overlay-opacity":"","overlay-gradient":""},"mobile":{"background-color":"","background-image":"","background-repeat":"repeat","background-position":"center center","background-size":"auto","background-attachment":"scroll","background-type":"","background-media":"","overlay-type":"","overlay-color":"","overlay-opacity":"","overlay-gradient":""}},"ast-content-background-meta":{"desktop":{"background-color":"var(--ast-global-color-5)","background-image":"","background-repeat":"repeat","background-position":"center center","background-size":"auto","background-attachment":"scroll","background-type":"","background-media":"","overlay-type":"","overlay-color":"","overlay-opacity":"","overlay-gradient":""},"tablet":{"background-color":"var(--ast-global-color-5)","background-image":"","background-repeat":"repeat","background-position":"center center","background-size":"auto","background-attachment":"scroll","background-type":"","background-media":"","overlay-type":"","overlay-color":"","overlay-opacity":"","overlay-gradient":""},"mobile":{"background-color":"var(--ast-global-color-5)","background-image":"","background-repeat":"repeat","background-position":"center center","background-size":"auto","background-attachment":"scroll","background-type":"","background-media":"","overlay-type":"","overlay-color":"","overlay-opacity":"","overlay-gradient":""}},"footnotes":""},"class_list":["post-2194","page","type-page","status-publish","hentry"],"post_mailing_queue_ids":[],"_links":{"self":[{"href":"https:\/\/agora.xtec.cat\/cee-crespinell\/wp-json\/wp\/v2\/pages\/2194","targetHints":{"allow":["GET"]}}],"collection":[{"href":"https:\/\/agora.xtec.cat\/cee-crespinell\/wp-json\/wp\/v2\/pages"}],"about":[{"href":"https:\/\/agora.xtec.cat\/cee-crespinell\/wp-json\/wp\/v2\/types\/page"}],"author":[{"embeddable":true,"href":"https:\/\/agora.xtec.cat\/cee-crespinell\/wp-json\/wp\/v2\/users\/1"}],"replies":[{"embeddable":true,"href":"https:\/\/agora.xtec.cat\/cee-crespinell\/wp-json\/wp\/v2\/comments?post=2194"}],"version-history":[{"count":4,"href":"https:\/\/agora.xtec.cat\/cee-crespinell\/wp-json\/wp\/v2\/pages\/2194\/revisions"}],"predecessor-version":[{"id":2687,"href":"https:\/\/agora.xtec.cat\/cee-crespinell\/wp-json\/wp\/v2\/pages\/2194\/revisions\/2687"}],"up":[{"embeddable":true,"href":"https:\/\/agora.xtec.cat\/cee-crespinell\/wp-json\/wp\/v2\/pages\/2161"}],"wp:attachment":[{"href":"https:\/\/agora.xtec.cat\/cee-crespinell\/wp-json\/wp\/v2\/media?parent=2194"}],"curies":[{"name":"wp","href":"https:\/\/api.w.org\/{rel}","templated":true}]}}