{"id":1204,"date":"2025-04-01T11:02:39","date_gmt":"2025-04-01T09:02:39","guid":{"rendered":"https:\/\/agora.xtec.cat\/cee-crespinell\/?page_id=1204"},"modified":"2025-11-11T15:55:31","modified_gmt":"2025-11-11T14:55:31","slug":"salut","status":"publish","type":"page","link":"https:\/\/agora.xtec.cat\/cee-crespinell\/salut\/","title":{"rendered":"Salut"},"content":{"rendered":"\n<p><strong>DOCUMENTS:<\/strong><\/p>\n\n\n\n<p><a href=\"https:\/\/agora.xtec.cat\/cee-crespinell\/wp-content\/uploads\/usu3060\/2025\/05\/Dades-en-cas-dAllergies-intolerancies.pdf\"><strong>DADES D\u2019AL\u00b7L\u00c8RGIA, INTOLER\u00c0NCIA O MALALTIA CR\u00d2NICA<\/strong><\/a><\/p>\n\n\n\n<p><strong>PROGRAMA PASCE<\/strong>: <\/p>\n\n\n\n<figure class=\"wp-block-image aligncenter size-large is-resized\"><a href=\"https:\/\/agora.xtec.cat\/cee-crespinell\/wp-content\/uploads\/usu3060\/2025\/11\/25-26_XERRADES-I-ACTUACIONS-DE-LES-INFERMERES-DEL-PROGRAMA-PASCE-1_page-0001-scaled.jpg\"><img loading=\"lazy\" decoding=\"async\" width=\"410\" height=\"1024\" src=\"https:\/\/agora.xtec.cat\/cee-crespinell\/wp-content\/uploads\/usu3060\/2025\/11\/25-26_XERRADES-I-ACTUACIONS-DE-LES-INFERMERES-DEL-PROGRAMA-PASCE-1_page-0001-410x1024.jpg\" alt=\"\" class=\"wp-image-2020\" style=\"width:679px;height:auto\" srcset=\"https:\/\/agora.xtec.cat\/cee-crespinell\/wp-content\/uploads\/usu3060\/2025\/11\/25-26_XERRADES-I-ACTUACIONS-DE-LES-INFERMERES-DEL-PROGRAMA-PASCE-1_page-0001-410x1024.jpg 410w, https:\/\/agora.xtec.cat\/cee-crespinell\/wp-content\/uploads\/usu3060\/2025\/11\/25-26_XERRADES-I-ACTUACIONS-DE-LES-INFERMERES-DEL-PROGRAMA-PASCE-1_page-0001-120x300.jpg 120w, https:\/\/agora.xtec.cat\/cee-crespinell\/wp-content\/uploads\/usu3060\/2025\/11\/25-26_XERRADES-I-ACTUACIONS-DE-LES-INFERMERES-DEL-PROGRAMA-PASCE-1_page-0001-768x1920.jpg 768w, https:\/\/agora.xtec.cat\/cee-crespinell\/wp-content\/uploads\/usu3060\/2025\/11\/25-26_XERRADES-I-ACTUACIONS-DE-LES-INFERMERES-DEL-PROGRAMA-PASCE-1_page-0001-819x2048.jpg 819w, https:\/\/agora.xtec.cat\/cee-crespinell\/wp-content\/uploads\/usu3060\/2025\/11\/25-26_XERRADES-I-ACTUACIONS-DE-LES-INFERMERES-DEL-PROGRAMA-PASCE-1_page-0001-scaled.jpg 1024w\" sizes=\"auto, (max-width: 410px) 100vw, 410px\" \/><\/a><\/figure>\n","protected":false},"excerpt":{"rendered":"<p>DOCUMENTS: DADES D\u2019AL\u00b7L\u00c8RGIA, INTOLER\u00c0NCIA O MALALTIA CR\u00d2NICA PROGRAMA PASCE:<\/p>\n","protected":false},"author":1,"featured_media":0,"parent":0,"menu_order":0,"comment_status":"closed","ping_status":"close","template":"","meta":{"site-sidebar-layout":"no-sidebar","site-content-layout":"","ast-site-content-layout":"default","site-content-style":"default","site-sidebar-style":"default","ast-global-header-display":"","ast-banner-title-visibility":"","ast-main-header-display":"","ast-hfb-above-header-display":"","ast-hfb-below-header-display":"","ast-hfb-mobile-header-display":"","site-post-title":"disabled","ast-breadcrumbs-content":"","ast-featured-img":"","footer-sml-layout":"","theme-transparent-header-meta":"","adv-header-id-meta":"","stick-header-meta":"","header-above-stick-meta":"","header-main-stick-meta":"","header-below-stick-meta":"","astra-migrate-meta-layouts":"set","ast-page-background-enabled":"default","ast-page-background-meta":{"desktop":{"background-color":"var(--ast-global-color-4)","background-image":"","background-repeat":"repeat","background-position":"center center","background-size":"auto","background-attachment":"scroll","background-type":"","background-media":"","overlay-type":"","overlay-color":"","overlay-opacity":"","overlay-gradient":""},"tablet":{"background-color":"","background-image":"","background-repeat":"repeat","background-position":"center center","background-size":"auto","background-attachment":"scroll","background-type":"","background-media":"","overlay-type":"","overlay-color":"","overlay-opacity":"","overlay-gradient":""},"mobile":{"background-color":"","background-image":"","background-repeat":"repeat","background-position":"center center","background-size":"auto","background-attachment":"scroll","background-type":"","background-media":"","overlay-type":"","overlay-color":"","overlay-opacity":"","overlay-gradient":""}},"ast-content-background-meta":{"desktop":{"background-color":"var(--ast-global-color-5)","background-image":"","background-repeat":"repeat","background-position":"center center","background-size":"auto","background-attachment":"scroll","background-type":"","background-media":"","overlay-type":"","overlay-color":"","overlay-opacity":"","overlay-gradient":""},"tablet":{"background-color":"var(--ast-global-color-5)","background-image":"","background-repeat":"repeat","background-position":"center center","background-size":"auto","background-attachment":"scroll","background-type":"","background-media":"","overlay-type":"","overlay-color":"","overlay-opacity":"","overlay-gradient":""},"mobile":{"background-color":"var(--ast-global-color-5)","background-image":"","background-repeat":"repeat","background-position":"center center","background-size":"auto","background-attachment":"scroll","background-type":"","background-media":"","overlay-type":"","overlay-color":"","overlay-opacity":"","overlay-gradient":""}},"footnotes":""},"class_list":["post-1204","page","type-page","status-publish","hentry"],"post_mailing_queue_ids":[],"_links":{"self":[{"href":"https:\/\/agora.xtec.cat\/cee-crespinell\/wp-json\/wp\/v2\/pages\/1204","targetHints":{"allow":["GET"]}}],"collection":[{"href":"https:\/\/agora.xtec.cat\/cee-crespinell\/wp-json\/wp\/v2\/pages"}],"about":[{"href":"https:\/\/agora.xtec.cat\/cee-crespinell\/wp-json\/wp\/v2\/types\/page"}],"author":[{"embeddable":true,"href":"https:\/\/agora.xtec.cat\/cee-crespinell\/wp-json\/wp\/v2\/users\/1"}],"replies":[{"embeddable":true,"href":"https:\/\/agora.xtec.cat\/cee-crespinell\/wp-json\/wp\/v2\/comments?post=1204"}],"version-history":[{"count":6,"href":"https:\/\/agora.xtec.cat\/cee-crespinell\/wp-json\/wp\/v2\/pages\/1204\/revisions"}],"predecessor-version":[{"id":2023,"href":"https:\/\/agora.xtec.cat\/cee-crespinell\/wp-json\/wp\/v2\/pages\/1204\/revisions\/2023"}],"wp:attachment":[{"href":"https:\/\/agora.xtec.cat\/cee-crespinell\/wp-json\/wp\/v2\/media?parent=1204"}],"curies":[{"name":"wp","href":"https:\/\/api.w.org\/{rel}","templated":true}]}}