{"id":859,"date":"2020-10-20T10:59:52","date_gmt":"2020-10-20T08:59:52","guid":{"rendered":"https:\/\/agora.xtec.cat\/cee-canoriol\/?page_id=859"},"modified":"2023-07-20T19:34:32","modified_gmt":"2023-07-20T17:34:32","slug":"escola-de-families","status":"publish","type":"page","link":"https:\/\/agora.xtec.cat\/cee-canoriol\/escola-de-families\/","title":{"rendered":"Escola de fam\u00edlies"},"content":{"rendered":"<p>Fruit de la reflexi\u00f3 sobre la necessitat de treballar de manera conjunta fam\u00edlia-escola per assolir objectius comuns sobre l\u2019educaci\u00f3 dels alumnes, va sorgir la idea de compartir i aprendre plegats sobre aspectes que ens preocupen com a comunitat educativa.<\/p>\n<p>S\u2019organitzen sessions formatives monogr\u00e0fiques amb personal especialitzat, xerrades amb fam\u00edlies que comparteixen la seva experi\u00e8ncia, entre d\u2019altres.<\/p>\n<p>Aquestes sessions tamb\u00e9 estan obertes a altres fam\u00edlies del municipi amb fills i filles amb diversitat funcional.<\/p>\n","protected":false},"excerpt":{"rendered":"<p>Fruit de la reflexi\u00f3 sobre la necessitat de treballar de manera conjunta fam\u00edlia-escola per assolir objectius comuns sobre l\u2019educaci\u00f3 dels alumnes, va sorgir la idea de compartir i aprendre plegats sobre aspectes que ens preocupen com a comunitat educativa.<br \/>\nS\u2019organitzen sessions formatives monogr\u00e0fiques amb personal especialitzat,&hellip;  <a href=\"https:\/\/agora.xtec.cat\/cee-canoriol\/escola-de-families\/\" title=\"Read Escola de fam\u00edlies\">Llegeix m\u00e9s\u00bb<\/a><\/p>\n","protected":false},"author":1,"featured_media":0,"parent":0,"menu_order":5,"comment_status":"closed","ping_status":"closed","template":"page-templates\/side-menu.php","meta":{"_bbp_topic_count":0,"_bbp_reply_count":0,"_bbp_total_topic_count":0,"_bbp_total_reply_count":0,"_bbp_voice_count":0,"_bbp_anonymous_reply_count":0,"_bbp_topic_count_hidden":0,"_bbp_reply_count_hidden":0,"_bbp_forum_subforum_count":0,"footnotes":""},"class_list":["post-859","page","type-page","status-publish","hentry"],"post_mailing_queue_ids":[],"_links":{"self":[{"href":"https:\/\/agora.xtec.cat\/cee-canoriol\/wp-json\/wp\/v2\/pages\/859","targetHints":{"allow":["GET"]}}],"collection":[{"href":"https:\/\/agora.xtec.cat\/cee-canoriol\/wp-json\/wp\/v2\/pages"}],"about":[{"href":"https:\/\/agora.xtec.cat\/cee-canoriol\/wp-json\/wp\/v2\/types\/page"}],"author":[{"embeddable":true,"href":"https:\/\/agora.xtec.cat\/cee-canoriol\/wp-json\/wp\/v2\/users\/1"}],"replies":[{"embeddable":true,"href":"https:\/\/agora.xtec.cat\/cee-canoriol\/wp-json\/wp\/v2\/comments?post=859"}],"version-history":[{"count":1,"href":"https:\/\/agora.xtec.cat\/cee-canoriol\/wp-json\/wp\/v2\/pages\/859\/revisions"}],"predecessor-version":[{"id":860,"href":"https:\/\/agora.xtec.cat\/cee-canoriol\/wp-json\/wp\/v2\/pages\/859\/revisions\/860"}],"wp:attachment":[{"href":"https:\/\/agora.xtec.cat\/cee-canoriol\/wp-json\/wp\/v2\/media?parent=859"}],"curies":[{"name":"wp","href":"https:\/\/api.w.org\/{rel}","templated":true}]}}

Escola de famílies

<p>Fruit de la reflexió sobre la necessitat de treballar de manera conjunta família-escola per assolir objectius comuns sobre l’educació dels alumnes, va sorgir la idea de compartir i aprendre plegats sobre aspectes que ens preocupen com a comunitat educativa.</p>
<p>S’organitzen sessions formatives monogràfiques amb personal especialitzat, xerrades amb famílies que comparteixen la seva experiència, entre d’altres.</p>
<p>Aquestes sessions també estan obertes a altres famílies del municipi amb fills i filles amb diversitat funcional.</p>

<p>Fruit de la reflexió sobre la necessitat de treballar de manera conjunta família-escola per assolir objectius comuns sobre l’educació dels alumnes, va sorgir la idea de compartir i aprendre plegats sobre aspectes que ens preocupen com a comunitat educativa.<br />
S’organitzen sessions formatives monogràfiques amb personal especialitzat,&hellip;  <a href="https://agora.xtec.cat/cee-canoriol/escola-de-families/" title="Read Escola de famílies">Llegeix més»</a></p>
