{"id":851,"date":"2020-10-20T10:47:39","date_gmt":"2020-10-20T08:47:39","guid":{"rendered":"https:\/\/agora.xtec.cat\/cee-canoriol\/?page_id=851"},"modified":"2023-11-18T19:15:40","modified_gmt":"2023-11-18T18:15:40","slug":"collaboracio-amb-la-finca-font-del-ferro","status":"publish","type":"page","link":"https:\/\/agora.xtec.cat\/cee-canoriol\/projectes-descola\/collaboracio-amb-la-finca-font-del-ferro\/","title":{"rendered":"Col\u00b7laboraci\u00f3 amb la Finca Font del Ferro"},"content":{"rendered":"<p>La Finca Font del Ferro \u00e9s una societat municipal de Rub\u00ed, sense \u00e0nim de lucre, que at\u00e9n persones amb diversitat funcional.<\/p>\n<p>Disposa de Centre Especial de Treball (CET), Servei de Ter\u00e0pia Ocupacional (STO) i Servei ocupacional d\u2019Inserci\u00f3 (SOI).<\/p>\n<p>En els darrers anys hem establert un conveni de col\u00b7laboraci\u00f3 a trav\u00e9s del qual alguns alumnes de l\u2019escola en edat postobligat\u00f2ria poden fer pr\u00e0ctiques de jardineria. L\u2019objectiu d\u2019aquest conveni \u00e9s donar una oportunitat de formaci\u00f3 a l\u2019alumnat i la possibilitat d\u2019una sortida laboral futura.<\/p>\n<p>&nbsp;<\/p>\n<p><img loading=\"lazy\" decoding=\"async\" class=\"alignnone wp-image-911 size-full\" src=\"https:\/\/agora.xtec.cat\/cee-canoriol\/wp-content\/uploads\/usu1200\/2020\/10\/Finca-Font-del-ferro3.jpg\" alt=\"\" width=\"2000\" height=\"1263\" srcset=\"https:\/\/agora.xtec.cat\/cee-canoriol\/wp-content\/uploads\/usu1200\/2020\/10\/Finca-Font-del-ferro3.jpg 2000w, https:\/\/agora.xtec.cat\/cee-canoriol\/wp-content\/uploads\/usu1200\/2020\/10\/Finca-Font-del-ferro3-300x189.jpg 300w, https:\/\/agora.xtec.cat\/cee-canoriol\/wp-content\/uploads\/usu1200\/2020\/10\/Finca-Font-del-ferro3-768x485.jpg 768w, https:\/\/agora.xtec.cat\/cee-canoriol\/wp-content\/uploads\/usu1200\/2020\/10\/Finca-Font-del-ferro3-1024x647.jpg 1024w\" sizes=\"auto, (max-width: 2000px) 100vw, 2000px\" \/><\/p>\n","protected":false},"excerpt":{"rendered":"<p>La Finca Font del Ferro \u00e9s una societat municipal de Rub\u00ed, sense \u00e0nim de lucre, que at\u00e9n persones amb diversitat funcional.<br \/>\nDisposa de Centre Especial de Treball (CET), Servei de Ter\u00e0pia Ocupacional (STO) i Servei ocupacional d\u2019Inserci\u00f3 (SOI).<br \/>\nEn els darrers anys hem establert un conveni de&hellip;  <a href=\"https:\/\/agora.xtec.cat\/cee-canoriol\/projectes-descola\/collaboracio-amb-la-finca-font-del-ferro\/\" title=\"Read Col\u00b7laboraci\u00f3 amb la Finca Font del Ferro\">Llegeix m\u00e9s\u00bb<\/a><\/p>\n","protected":false},"author":1,"featured_media":0,"parent":856,"menu_order":6,"comment_status":"closed","ping_status":"closed","template":"page-templates\/side-menu.php","meta":{"_bbp_topic_count":0,"_bbp_reply_count":0,"_bbp_total_topic_count":0,"_bbp_total_reply_count":0,"_bbp_voice_count":0,"_bbp_anonymous_reply_count":0,"_bbp_topic_count_hidden":0,"_bbp_reply_count_hidden":0,"_bbp_forum_subforum_count":0,"footnotes":""},"class_list":["post-851","page","type-page","status-publish","hentry"],"post_mailing_queue_ids":[],"_links":{"self":[{"href":"https:\/\/agora.xtec.cat\/cee-canoriol\/wp-json\/wp\/v2\/pages\/851","targetHints":{"allow":["GET"]}}],"collection":[{"href":"https:\/\/agora.xtec.cat\/cee-canoriol\/wp-json\/wp\/v2\/pages"}],"about":[{"href":"https:\/\/agora.xtec.cat\/cee-canoriol\/wp-json\/wp\/v2\/types\/page"}],"author":[{"embeddable":true,"href":"https:\/\/agora.xtec.cat\/cee-canoriol\/wp-json\/wp\/v2\/users\/1"}],"replies":[{"embeddable":true,"href":"https:\/\/agora.xtec.cat\/cee-canoriol\/wp-json\/wp\/v2\/comments?post=851"}],"version-history":[{"count":3,"href":"https:\/\/agora.xtec.cat\/cee-canoriol\/wp-json\/wp\/v2\/pages\/851\/revisions"}],"predecessor-version":[{"id":1132,"href":"https:\/\/agora.xtec.cat\/cee-canoriol\/wp-json\/wp\/v2\/pages\/851\/revisions\/1132"}],"up":[{"embeddable":true,"href":"https:\/\/agora.xtec.cat\/cee-canoriol\/wp-json\/wp\/v2\/pages\/856"}],"wp:attachment":[{"href":"https:\/\/agora.xtec.cat\/cee-canoriol\/wp-json\/wp\/v2\/media?parent=851"}],"curies":[{"name":"wp","href":"https:\/\/api.w.org\/{rel}","templated":true}]}}

Col·laboració amb la Finca Font del Ferro

<p>La Finca Font del Ferro és una societat municipal de Rubí, sense ànim de lucre, que atén persones amb diversitat funcional.</p>
<p>Disposa de Centre Especial de Treball (CET), Servei de Teràpia Ocupacional (STO) i Servei ocupacional d’Inserció (SOI).</p>
<p>En els darrers anys hem establert un conveni de col·laboració a través del qual alguns alumnes de l’escola en edat postobligatòria poden fer pràctiques de jardineria. L’objectiu d’aquest conveni és donar una oportunitat de formació a l’alumnat i la possibilitat d’una sortida laboral futura.</p>
<p>&nbsp;</p>
<p><img loading="lazy" decoding="async" class="alignnone wp-image-911 size-full" src="https://agora.xtec.cat/cee-canoriol/wp-content/uploads/usu1200/2020/10/Finca-Font-del-ferro3.jpg" alt="" width="2000" height="1263" srcset="https://agora.xtec.cat/cee-canoriol/wp-content/uploads/usu1200/2020/10/Finca-Font-del-ferro3.jpg 2000w, https://agora.xtec.cat/cee-canoriol/wp-content/uploads/usu1200/2020/10/Finca-Font-del-ferro3-300x189.jpg 300w, https://agora.xtec.cat/cee-canoriol/wp-content/uploads/usu1200/2020/10/Finca-Font-del-ferro3-768x485.jpg 768w, https://agora.xtec.cat/cee-canoriol/wp-content/uploads/usu1200/2020/10/Finca-Font-del-ferro3-1024x647.jpg 1024w" sizes="auto, (max-width: 2000px) 100vw, 2000px" /></p>

<p>La Finca Font del Ferro és una societat municipal de Rubí, sense ànim de lucre, que atén persones amb diversitat funcional.<br />
Disposa de Centre Especial de Treball (CET), Servei de Teràpia Ocupacional (STO) i Servei ocupacional d’Inserció (SOI).<br />
En els darrers anys hem establert un conveni de&hellip;  <a href="https://agora.xtec.cat/cee-canoriol/projectes-descola/collaboracio-amb-la-finca-font-del-ferro/" title="Read Col·laboració amb la Finca Font del Ferro">Llegeix més»</a></p>
