{"id":848,"date":"2020-10-20T10:45:15","date_gmt":"2020-10-20T08:45:15","guid":{"rendered":"https:\/\/agora.xtec.cat\/cee-canoriol\/?page_id=848"},"modified":"2025-08-23T20:40:43","modified_gmt":"2025-08-23T18:40:43","slug":"escola-compartida-i-e-teresa-altet","status":"publish","type":"page","link":"https:\/\/agora.xtec.cat\/cee-canoriol\/projectes-descola\/escola-compartida-i-e-teresa-altet\/","title":{"rendered":"Projecte compartida I.E. Teresa Altet"},"content":{"rendered":"<p>&nbsp;<\/p>\n<p style=\"text-align: justify;\"><span style=\"font-weight: 400;\">El Projecte de Compartida \u00e9s un projecte educatiu que es va iniciar conjuntament amb l\u2019Institut Escola Teresa Altet el curs 2016-2017. Va ser un projecte nascut per la necessitat d\u2019espais del nostre centre per\u00f2 que ambd\u00f2s centres van voler aprofitar per iniciar un projecte que apost\u00e9s per la inclusi\u00f3 dels alumnes NESE\/NEE en l\u2019entorn de l\u2019escola ordin\u00e0ria.<\/span><\/p>\n<p style=\"text-align: justify;\">L\u2019objectiu d\u2019aquest projecte era i \u00e9s dur a la pr\u00e0ctica el\u00a0<a href=\"http:\/\/www.aeesdincat.cat\/wp-content\/uploads\/2017\/12\/Decret_150_2017_-Sistema_Educatiu_Inclusiu.pdf\">Decret 150\/2017<\/a>\u00a0que fa refer\u00e8ncia l\u2019atenci\u00f3 educativa de l\u2019alumnat en el marc d\u2019un sistema educatiu inclusiu.<\/p>\n<p style=\"text-align: justify;\">Amb aquest projecte alguns grups tutoria de l\u2019escola desenvolupen la seva activitat lectiva en aules de l\u2019I.E. Teresa Altet, alhora que comparteixen activitats i espais amb l&#8217;alumnat del centre ordinari.<\/p>\n<p>&nbsp;<\/p>\n<p><img loading=\"lazy\" decoding=\"async\" class=\"aligncenter size-full wp-image-1230\" src=\"https:\/\/agora.xtec.cat\/cee-canoriol\/wp-content\/uploads\/usu1200\/2023\/04\/33043.jpg\" alt=\"\" width=\"1000\" height=\"667\" srcset=\"https:\/\/agora.xtec.cat\/cee-canoriol\/wp-content\/uploads\/usu1200\/2023\/04\/33043.jpg 1000w, https:\/\/agora.xtec.cat\/cee-canoriol\/wp-content\/uploads\/usu1200\/2023\/04\/33043-300x200.jpg 300w, https:\/\/agora.xtec.cat\/cee-canoriol\/wp-content\/uploads\/usu1200\/2023\/04\/33043-768x512.jpg 768w\" sizes=\"auto, (max-width: 1000px) 100vw, 1000px\" \/><\/p>\n<p>&nbsp;<\/p>\n<p style=\"text-align: justify;\"><span style=\"font-weight: 400;\">A finals del curs 2021-2022 <\/span><span style=\"font-weight: 400;\">es va crear, de forma col\u00b7laborativa entre els dos centres, el \u201cProtocol d\u2019activitats compartides dins d\u2019un marc inclusiu\u201d, amb l\u2019objectiu d\u2019establir les bases per dur a terme les activitats del projecte d\u2019escola compartida.\u00a0<\/span><\/p>\n<p>Aquest projecte a m\u00e9s de desenvolupar els objectius plantejats amb relaci\u00f3 a la comunicaci\u00f3, la socialitzaci\u00f3 i l\u2019autonomia de l\u2019alumnat dins d\u2019un marc inclusiu, fomenta el treball cooperatiu entre els equips docents d\u2019ambdues escoles.<\/p>\n<p>&nbsp;<\/p>\n<p><strong><em>Donada la realitat dels dos centres, a finals del curs 2024-2025, s&#8217;acorda donar per finalitzat el projecte de compartida entre ambd\u00f3s centres. Aix\u00ed i tot, donada la necessitat, es continuaran utilitzant els espais cedits.<\/em><\/strong><\/p>\n<p>&nbsp;<\/p>\n<p>&nbsp;<\/p>\n<p>&nbsp;<\/p>\n","protected":false},"excerpt":{"rendered":"<p>&nbsp;<br \/>\nEl Projecte de Compartida \u00e9s un projecte educatiu que es va iniciar conjuntament amb l\u2019Institut Escola Teresa Altet el curs 2016-2017. Va ser un projecte nascut per la necessitat d\u2019espais del nostre centre per\u00f2 que ambd\u00f2s centres van voler aprofitar per iniciar un projecte que&hellip;  <a href=\"https:\/\/agora.xtec.cat\/cee-canoriol\/projectes-descola\/escola-compartida-i-e-teresa-altet\/\" title=\"Read Projecte compartida I.E. Teresa Altet\">Llegeix m\u00e9s\u00bb<\/a><\/p>\n","protected":false},"author":1,"featured_media":0,"parent":856,"menu_order":2,"comment_status":"closed","ping_status":"closed","template":"page-templates\/side-menu.php","meta":{"_bbp_topic_count":0,"_bbp_reply_count":0,"_bbp_total_topic_count":0,"_bbp_total_reply_count":0,"_bbp_voice_count":0,"_bbp_anonymous_reply_count":0,"_bbp_topic_count_hidden":0,"_bbp_reply_count_hidden":0,"_bbp_forum_subforum_count":0,"footnotes":""},"class_list":["post-848","page","type-page","status-publish","hentry"],"post_mailing_queue_ids":[],"_links":{"self":[{"href":"https:\/\/agora.xtec.cat\/cee-canoriol\/wp-json\/wp\/v2\/pages\/848","targetHints":{"allow":["GET"]}}],"collection":[{"href":"https:\/\/agora.xtec.cat\/cee-canoriol\/wp-json\/wp\/v2\/pages"}],"about":[{"href":"https:\/\/agora.xtec.cat\/cee-canoriol\/wp-json\/wp\/v2\/types\/page"}],"author":[{"embeddable":true,"href":"https:\/\/agora.xtec.cat\/cee-canoriol\/wp-json\/wp\/v2\/users\/1"}],"replies":[{"embeddable":true,"href":"https:\/\/agora.xtec.cat\/cee-canoriol\/wp-json\/wp\/v2\/comments?post=848"}],"version-history":[{"count":5,"href":"https:\/\/agora.xtec.cat\/cee-canoriol\/wp-json\/wp\/v2\/pages\/848\/revisions"}],"predecessor-version":[{"id":1814,"href":"https:\/\/agora.xtec.cat\/cee-canoriol\/wp-json\/wp\/v2\/pages\/848\/revisions\/1814"}],"up":[{"embeddable":true,"href":"https:\/\/agora.xtec.cat\/cee-canoriol\/wp-json\/wp\/v2\/pages\/856"}],"wp:attachment":[{"href":"https:\/\/agora.xtec.cat\/cee-canoriol\/wp-json\/wp\/v2\/media?parent=848"}],"curies":[{"name":"wp","href":"https:\/\/api.w.org\/{rel}","templated":true}]}}

<p>&nbsp;</p>
<p style="text-align: justify;"><span style="font-weight: 400;">El Projecte de Compartida és un projecte educatiu que es va iniciar conjuntament amb l’Institut Escola Teresa Altet el curs 2016-2017. Va ser un projecte nascut per la necessitat d’espais del nostre centre però que ambdòs centres van voler aprofitar per iniciar un projecte que apostés per la inclusió dels alumnes NESE/NEE en l’entorn de l’escola ordinària.</span></p>
<p style="text-align: justify;">L’objectiu d’aquest projecte era i és dur a la pràctica el <a href="http://www.aeesdincat.cat/wp-content/uploads/2017/12/Decret_150_2017_-Sistema_Educatiu_Inclusiu.pdf">Decret 150/2017</a> que fa referència l’atenció educativa de l’alumnat en el marc d’un sistema educatiu inclusiu.</p>
<p style="text-align: justify;">Amb aquest projecte alguns grups tutoria de l’escola desenvolupen la seva activitat lectiva en aules de l’I.E. Teresa Altet, alhora que comparteixen activitats i espais amb l&#8217;alumnat del centre ordinari.</p>
<p>&nbsp;</p>
<p><img loading="lazy" decoding="async" class="aligncenter size-full wp-image-1230" src="https://agora.xtec.cat/cee-canoriol/wp-content/uploads/usu1200/2023/04/33043.jpg" alt="" width="1000" height="667" srcset="https://agora.xtec.cat/cee-canoriol/wp-content/uploads/usu1200/2023/04/33043.jpg 1000w, https://agora.xtec.cat/cee-canoriol/wp-content/uploads/usu1200/2023/04/33043-300x200.jpg 300w, https://agora.xtec.cat/cee-canoriol/wp-content/uploads/usu1200/2023/04/33043-768x512.jpg 768w" sizes="auto, (max-width: 1000px) 100vw, 1000px" /></p>
<p>&nbsp;</p>
<p style="text-align: justify;"><span style="font-weight: 400;">A finals del curs 2021-2022 </span><span style="font-weight: 400;">es va crear, de forma col·laborativa entre els dos centres, el “Protocol d’activitats compartides dins d’un marc inclusiu”, amb l’objectiu d’establir les bases per dur a terme les activitats del projecte d’escola compartida. </span></p>
<p>Aquest projecte a més de desenvolupar els objectius plantejats amb relació a la comunicació, la socialització i l’autonomia de l’alumnat dins d’un marc inclusiu, fomenta el treball cooperatiu entre els equips docents d’ambdues escoles.</p>
<p>&nbsp;</p>
<p><strong><em>Donada la realitat dels dos centres, a finals del curs 2024-2025, s&#8217;acorda donar per finalitzat el projecte de compartida entre ambdós centres. Així i tot, donada la necessitat, es continuaran utilitzant els espais cedits.</em></strong></p>
<p>&nbsp;</p>
<p>&nbsp;</p>
<p>&nbsp;</p>

<p>&nbsp;<br />
El Projecte de Compartida és un projecte educatiu que es va iniciar conjuntament amb l’Institut Escola Teresa Altet el curs 2016-2017. Va ser un projecte nascut per la necessitat d’espais del nostre centre però que ambdòs centres van voler aprofitar per iniciar un projecte que&hellip;  <a href="https://agora.xtec.cat/cee-canoriol/projectes-descola/escola-compartida-i-e-teresa-altet/" title="Read Projecte compartida I.E. Teresa Altet">Llegeix més»</a></p>
