{"id":73,"date":"2014-09-18T14:01:51","date_gmt":"2014-09-18T12:01:51","guid":{"rendered":"http:\/\/agora.xtec.cat\/cee-canoriol\/?page_id=73"},"modified":"2023-11-21T20:14:43","modified_gmt":"2023-11-21T19:14:43","slug":"menjador-escolar","status":"publish","type":"page","link":"https:\/\/agora.xtec.cat\/cee-canoriol\/serveis\/serveis-interns-de-centre\/menjador-escolar\/","title":{"rendered":"Menjador escolar"},"content":{"rendered":"<p><a href=\"https:\/\/agora.xtec.cat\/cee-canoriol\/wp-content\/uploads\/usu1200\/2019\/12\/photo-1551218372-a8789b81b253.jpeg\"><img loading=\"lazy\" decoding=\"async\" class=\"wp-image-659 alignright\" src=\"https:\/\/agora.xtec.cat\/cee-canoriol\/wp-content\/uploads\/usu1200\/2019\/12\/photo-1551218372-a8789b81b253.jpeg\" alt=\"\" width=\"276\" height=\"414\" srcset=\"https:\/\/agora.xtec.cat\/cee-canoriol\/wp-content\/uploads\/usu1200\/2019\/12\/photo-1551218372-a8789b81b253.jpeg 634w, https:\/\/agora.xtec.cat\/cee-canoriol\/wp-content\/uploads\/usu1200\/2019\/12\/photo-1551218372-a8789b81b253-200x300.jpeg 200w\" sizes=\"auto, (max-width: 276px) 100vw, 276px\" \/><\/a>L\u2019escola disposa d&#8217;instal\u00b7lacions de cuina pr\u00f2pia i cuiner. Un equip de 16 monitors\/es i una coordinadora que s&#8217;ocupen de l\u2019atenci\u00f3 als alumnes. Tots depenen de l\u2019empresa que s\u2019encarrega del servei <a href=\"https:\/\/camposestela.com\/\" target=\"_blank\" rel=\"noopener noreferrer\">CAMPOS ESTELA<\/a> cliqueu i accedireu al web.<\/p>\n<p>L&#8217;espai del menjador \u00e9s el lloc on els alumnes no nom\u00e9s mengen sin\u00f3 que aprenen h\u00e0bits i normes de comportament a l&#8217;hora de menjar. Una correcta dieta variada, basada en el consum de llegums, verdures i prote\u00efnes permet la seva correcta alimentaci\u00f3.<\/p>\n<p>L\u2019horari del servei de menjador \u00e9s de 13h a 15h. Els alumnes s&#8217;organitzen en dos torns per dinar. Els alumnes de les etapes de Compartida i d&#8217;Infantil\/Prim\u00e0ria dinen en el primer torn de 13h a14h i els de l&#8217;etapa de Secund\u00e0ria ho fan en el segon torn, de 14h a 15h.<\/p>\n<p>S&#8217;ofereix el dinar, el servei de vigil\u00e0ncia i activitats de lleure que depenen del pla pedag\u00f2gic organitzat pels monitors\/es.<\/p>\n<p>&nbsp;<\/p>\n<p><a href=\"https:\/\/drive.google.com\/file\/d\/1eCRCE46pVjvC1wgfpqa7bq2MKLTMrg4C\/view?usp=sharing\">INFORME AMB CONSELLS I RECOMANACIONS<\/a> del <a href=\"http:\/\/salutpublica.gencat.cat\/ca\/ambits\/promocio_salut\/alimentacio_saludable\/PREME\/\">Programa de Revisi\u00f3 de Men\u00fas Escolars a Catalunya<\/a> (<em>PReME<\/em>) de l&#8217;Ag\u00e8ncia de Salut P\u00fablica de Catalunya, realitzat el curs 2021-22.<\/p>\n","protected":false},"excerpt":{"rendered":"<p><a href=\"https:\/\/agora.xtec.cat\/cee-canoriol\/wp-content\/uploads\/usu1200\/2019\/12\/photo-1551218372-a8789b81b253.jpeg\"><\/a>L\u2019escola disposa d&#8217;instal\u00b7lacions de cuina pr\u00f2pia i cuiner. Un equip de 16 monitors\/es i una coordinadora que s&#8217;ocupen de l\u2019atenci\u00f3 als alumnes. Tots depenen de l\u2019empresa que s\u2019encarrega del servei <a href=\"https:\/\/camposestela.com\/\" target=\"_blank\" rel=\"noopener noreferrer\">CAMPOS ESTELA<\/a> cliqueu i accedireu al web.<br \/>\nL&#8217;espai del menjador \u00e9s&hellip;  <a href=\"https:\/\/agora.xtec.cat\/cee-canoriol\/serveis\/serveis-interns-de-centre\/menjador-escolar\/\" title=\"Read Menjador escolar\">Llegeix m\u00e9s\u00bb<\/a><\/p>\n","protected":false},"author":1,"featured_media":0,"parent":1206,"menu_order":2,"comment_status":"closed","ping_status":"closed","template":"page-templates\/side-menu.php","meta":{"_bbp_topic_count":0,"_bbp_reply_count":0,"_bbp_total_topic_count":0,"_bbp_total_reply_count":0,"_bbp_voice_count":0,"_bbp_anonymous_reply_count":0,"_bbp_topic_count_hidden":0,"_bbp_reply_count_hidden":0,"_bbp_forum_subforum_count":0,"footnotes":""},"class_list":["post-73","page","type-page","status-publish","hentry"],"post_mailing_queue_ids":[],"_links":{"self":[{"href":"https:\/\/agora.xtec.cat\/cee-canoriol\/wp-json\/wp\/v2\/pages\/73","targetHints":{"allow":["GET"]}}],"collection":[{"href":"https:\/\/agora.xtec.cat\/cee-canoriol\/wp-json\/wp\/v2\/pages"}],"about":[{"href":"https:\/\/agora.xtec.cat\/cee-canoriol\/wp-json\/wp\/v2\/types\/page"}],"author":[{"embeddable":true,"href":"https:\/\/agora.xtec.cat\/cee-canoriol\/wp-json\/wp\/v2\/users\/1"}],"replies":[{"embeddable":true,"href":"https:\/\/agora.xtec.cat\/cee-canoriol\/wp-json\/wp\/v2\/comments?post=73"}],"version-history":[{"count":4,"href":"https:\/\/agora.xtec.cat\/cee-canoriol\/wp-json\/wp\/v2\/pages\/73\/revisions"}],"predecessor-version":[{"id":1566,"href":"https:\/\/agora.xtec.cat\/cee-canoriol\/wp-json\/wp\/v2\/pages\/73\/revisions\/1566"}],"up":[{"embeddable":true,"href":"https:\/\/agora.xtec.cat\/cee-canoriol\/wp-json\/wp\/v2\/pages\/1206"}],"wp:attachment":[{"href":"https:\/\/agora.xtec.cat\/cee-canoriol\/wp-json\/wp\/v2\/media?parent=73"}],"curies":[{"name":"wp","href":"https:\/\/api.w.org\/{rel}","templated":true}]}}

<p><a href="https://agora.xtec.cat/cee-canoriol/wp-content/uploads/usu1200/2019/12/photo-1551218372-a8789b81b253.jpeg"><img loading="lazy" decoding="async" class="wp-image-659 alignright" src="https://agora.xtec.cat/cee-canoriol/wp-content/uploads/usu1200/2019/12/photo-1551218372-a8789b81b253.jpeg" alt="" width="276" height="414" srcset="https://agora.xtec.cat/cee-canoriol/wp-content/uploads/usu1200/2019/12/photo-1551218372-a8789b81b253.jpeg 634w, https://agora.xtec.cat/cee-canoriol/wp-content/uploads/usu1200/2019/12/photo-1551218372-a8789b81b253-200x300.jpeg 200w" sizes="auto, (max-width: 276px) 100vw, 276px" /></a>L’escola disposa d&#8217;instal·lacions de cuina pròpia i cuiner. Un equip de 16 monitors/es i una coordinadora que s&#8217;ocupen de l’atenció als alumnes. Tots depenen de l’empresa que s’encarrega del servei <a href="https://camposestela.com/" target="_blank" rel="noopener noreferrer">CAMPOS ESTELA</a> cliqueu i accedireu al web.</p>
<p>L&#8217;espai del menjador és el lloc on els alumnes no només mengen sinó que aprenen hàbits i normes de comportament a l&#8217;hora de menjar. Una correcta dieta variada, basada en el consum de llegums, verdures i proteïnes permet la seva correcta alimentació.</p>
<p>L’horari del servei de menjador és de 13h a 15h. Els alumnes s&#8217;organitzen en dos torns per dinar. Els alumnes de les etapes de Compartida i d&#8217;Infantil/Primària dinen en el primer torn de 13h a14h i els de l&#8217;etapa de Secundària ho fan en el segon torn, de 14h a 15h.</p>
<p>S&#8217;ofereix el dinar, el servei de vigilància i activitats de lleure que depenen del pla pedagògic organitzat pels monitors/es.</p>
<p>&nbsp;</p>
<p><a href="https://drive.google.com/file/d/1eCRCE46pVjvC1wgfpqa7bq2MKLTMrg4C/view?usp=sharing">INFORME AMB CONSELLS I RECOMANACIONS</a> del <a href="http://salutpublica.gencat.cat/ca/ambits/promocio_salut/alimentacio_saludable/PREME/">Programa de Revisió de Menús Escolars a Catalunya</a> (<em>PReME</em>) de l&#8217;Agència de Salut Pública de Catalunya, realitzat el curs 2021-22.</p>

<p><a href="https://agora.xtec.cat/cee-canoriol/wp-content/uploads/usu1200/2019/12/photo-1551218372-a8789b81b253.jpeg"></a>L’escola disposa d&#8217;instal·lacions de cuina pròpia i cuiner. Un equip de 16 monitors/es i una coordinadora que s&#8217;ocupen de l’atenció als alumnes. Tots depenen de l’empresa que s’encarrega del servei <a href="https://camposestela.com/" target="_blank" rel="noopener noreferrer">CAMPOS ESTELA</a> cliqueu i accedireu al web.<br />
L&#8217;espai del menjador és&hellip;  <a href="https://agora.xtec.cat/cee-canoriol/serveis/serveis-interns-de-centre/menjador-escolar/" title="Read Menjador escolar">Llegeix més»</a></p>
