{"id":667,"date":"2019-12-22T18:22:56","date_gmt":"2019-12-22T17:22:56","guid":{"rendered":"https:\/\/agora.xtec.cat\/cee-canoriol\/?page_id=667"},"modified":"2026-01-01T14:48:10","modified_gmt":"2026-01-01T13:48:10","slug":"assessorament-extern","status":"publish","type":"page","link":"https:\/\/agora.xtec.cat\/cee-canoriol\/serveis\/assessorament-extern\/","title":{"rendered":"Serveis externs de centre"},"content":{"rendered":"<p>&nbsp;<\/p>\n<p>L\u2019activitat di\u00e0ria del centre \u00e9s recolzada per diversos professionals externs que poden assessorar el professorat del centre o b\u00e9 treballar directament amb les fam\u00edlies o els alumnes.<\/p>\n<p>De manera ordin\u00e0ria col\u00b7laboren amb el centre:<\/p>\n<h5><a href=\"https:\/\/agora.xtec.cat\/cee-canoriol\/serveis\/assessorament-extern\/eap-equip-dassessorament-psicopedagogic\/\">EAP<\/a><\/h5>\n<h5><a href=\"https:\/\/agora.xtec.cat\/cee-canoriol\/serveis\/assessorament-extern\/csmij-centre-de-salut-mental-infantil-i-juvenil\/\">CSMIJ<\/a><\/h5>\n<h5><a href=\"https:\/\/agora.xtec.cat\/cee-canoriol\/serveis\/assessorament-extern\/credv-centre-de-recursos-educatius-per-a-discapacitats-visuals\/\">CREDV<\/a><\/h5>\n<h5><a href=\"https:\/\/agora.xtec.cat\/cee-canoriol\/serveis\/assessorament-extern\/programa-de-salut\/\">PROGRAMA DE SALUT<\/a><\/h5>\n<h5><a href=\"https:\/\/agora.xtec.cat\/cee-canoriol\/serveis\/assessorament-extern\/fisioterapia\/\">FISIOTER\u00c0PIA<\/a><\/h5>\n<p>&nbsp;<\/p>\n<p>&nbsp;<\/p>\n","protected":false},"excerpt":{"rendered":"<p>&nbsp;<br \/>\nL\u2019activitat di\u00e0ria del centre \u00e9s recolzada per diversos professionals externs que poden assessorar el professorat del centre o b\u00e9 treballar directament amb les fam\u00edlies o els alumnes.<br \/>\nDe manera ordin\u00e0ria col\u00b7laboren amb el centre:<br \/>\n<a href=\"https:\/\/agora.xtec.cat\/cee-canoriol\/serveis\/assessorament-extern\/eap-equip-dassessorament-psicopedagogic\/\">EAP<\/a><br \/>\n<a href=\"https:\/\/agora.xtec.cat\/cee-canoriol\/serveis\/assessorament-extern\/csmij-centre-de-salut-mental-infantil-i-juvenil\/\">CSMIJ<\/a><br \/>\n<a href=\"https:\/\/agora.xtec.cat\/cee-canoriol\/serveis\/assessorament-extern\/credv-centre-de-recursos-educatius-per-a-discapacitats-visuals\/\">CREDV<\/a><br \/>\n<a href=\"https:\/\/agora.xtec.cat\/cee-canoriol\/serveis\/assessorament-extern\/programa-de-salut\/\">PROGRAMA DE SALUT<\/a><br \/>\n<a href=\"https:\/\/agora.xtec.cat\/cee-canoriol\/serveis\/assessorament-extern\/fisioterapia\/\">FISIOTER\u00c0PIA<\/a><br \/>\n&nbsp;<br \/>\n&nbsp;<\/p>\n","protected":false},"author":1,"featured_media":0,"parent":66,"menu_order":1,"comment_status":"closed","ping_status":"closed","template":"page-templates\/side-menu.php","meta":{"_bbp_topic_count":0,"_bbp_reply_count":0,"_bbp_total_topic_count":0,"_bbp_total_reply_count":0,"_bbp_voice_count":0,"_bbp_anonymous_reply_count":0,"_bbp_topic_count_hidden":0,"_bbp_reply_count_hidden":0,"_bbp_forum_subforum_count":0,"footnotes":""},"class_list":["post-667","page","type-page","status-publish","hentry"],"post_mailing_queue_ids":[],"_links":{"self":[{"href":"https:\/\/agora.xtec.cat\/cee-canoriol\/wp-json\/wp\/v2\/pages\/667","targetHints":{"allow":["GET"]}}],"collection":[{"href":"https:\/\/agora.xtec.cat\/cee-canoriol\/wp-json\/wp\/v2\/pages"}],"about":[{"href":"https:\/\/agora.xtec.cat\/cee-canoriol\/wp-json\/wp\/v2\/types\/page"}],"author":[{"embeddable":true,"href":"https:\/\/agora.xtec.cat\/cee-canoriol\/wp-json\/wp\/v2\/users\/1"}],"replies":[{"embeddable":true,"href":"https:\/\/agora.xtec.cat\/cee-canoriol\/wp-json\/wp\/v2\/comments?post=667"}],"version-history":[{"count":4,"href":"https:\/\/agora.xtec.cat\/cee-canoriol\/wp-json\/wp\/v2\/pages\/667\/revisions"}],"predecessor-version":[{"id":1854,"href":"https:\/\/agora.xtec.cat\/cee-canoriol\/wp-json\/wp\/v2\/pages\/667\/revisions\/1854"}],"up":[{"embeddable":true,"href":"https:\/\/agora.xtec.cat\/cee-canoriol\/wp-json\/wp\/v2\/pages\/66"}],"wp:attachment":[{"href":"https:\/\/agora.xtec.cat\/cee-canoriol\/wp-json\/wp\/v2\/media?parent=667"}],"curies":[{"name":"wp","href":"https:\/\/api.w.org\/{rel}","templated":true}]}}

<p>&nbsp;</p>
<p>L’activitat diària del centre és recolzada per diversos professionals externs que poden assessorar el professorat del centre o bé treballar directament amb les famílies o els alumnes.</p>
<p>De manera ordinària col·laboren amb el centre:</p>
<h5><a href="https://agora.xtec.cat/cee-canoriol/serveis/assessorament-extern/eap-equip-dassessorament-psicopedagogic/">EAP</a></h5>
<h5><a href="https://agora.xtec.cat/cee-canoriol/serveis/assessorament-extern/csmij-centre-de-salut-mental-infantil-i-juvenil/">CSMIJ</a></h5>
<h5><a href="https://agora.xtec.cat/cee-canoriol/serveis/assessorament-extern/credv-centre-de-recursos-educatius-per-a-discapacitats-visuals/">CREDV</a></h5>
<h5><a href="https://agora.xtec.cat/cee-canoriol/serveis/assessorament-extern/programa-de-salut/">PROGRAMA DE SALUT</a></h5>
<h5><a href="https://agora.xtec.cat/cee-canoriol/serveis/assessorament-extern/fisioterapia/">FISIOTERÀPIA</a></h5>
<p>&nbsp;</p>
<p>&nbsp;</p>

<p>&nbsp;<br />
L’activitat diària del centre és recolzada per diversos professionals externs que poden assessorar el professorat del centre o bé treballar directament amb les famílies o els alumnes.<br />
De manera ordinària col·laboren amb el centre:<br />
<a href="https://agora.xtec.cat/cee-canoriol/serveis/assessorament-extern/eap-equip-dassessorament-psicopedagogic/">EAP</a><br />
<a href="https://agora.xtec.cat/cee-canoriol/serveis/assessorament-extern/csmij-centre-de-salut-mental-infantil-i-juvenil/">CSMIJ</a><br />
<a href="https://agora.xtec.cat/cee-canoriol/serveis/assessorament-extern/credv-centre-de-recursos-educatius-per-a-discapacitats-visuals/">CREDV</a><br />
<a href="https://agora.xtec.cat/cee-canoriol/serveis/assessorament-extern/programa-de-salut/">PROGRAMA DE SALUT</a><br />
<a href="https://agora.xtec.cat/cee-canoriol/serveis/assessorament-extern/fisioterapia/">FISIOTERÀPIA</a><br />
&nbsp;<br />
&nbsp;</p>
