{"id":26,"date":"2014-09-18T12:24:32","date_gmt":"2014-09-18T11:24:32","guid":{"rendered":"http:\/\/agora.xtec.cat\/cee-canoriol\/?page_id=26"},"modified":"2025-12-30T18:48:59","modified_gmt":"2025-12-30T17:48:59","slug":"historia","status":"publish","type":"page","link":"https:\/\/agora.xtec.cat\/cee-canoriol\/lescola\/historia\/","title":{"rendered":"Hist\u00f2ria"},"content":{"rendered":"<div class=\"n module-type-header diyfeLiveArea \">\n<h2><img loading=\"lazy\" decoding=\"async\" class=\"wp-image-560 aligncenter\" style=\"font-family: inherit; font-size: 1em; font-weight: normal;\" src=\"https:\/\/agora.xtec.cat\/cee-canoriol\/wp-content\/uploads\/usu1200\/2019\/11\/cache_2459049961-300x225.jpg\" alt=\"\" width=\"600\" height=\"450\" srcset=\"https:\/\/agora.xtec.cat\/cee-canoriol\/wp-content\/uploads\/usu1200\/2019\/11\/cache_2459049961-300x225.jpg 300w, https:\/\/agora.xtec.cat\/cee-canoriol\/wp-content\/uploads\/usu1200\/2019\/11\/cache_2459049961-768x576.jpg 768w, https:\/\/agora.xtec.cat\/cee-canoriol\/wp-content\/uploads\/usu1200\/2019\/11\/cache_2459049961.jpg 1024w, https:\/\/agora.xtec.cat\/cee-canoriol\/wp-content\/uploads\/usu1200\/2019\/11\/cache_2459049961-200x150.jpg 200w\" sizes=\"auto, (max-width: 600px) 100vw, 600px\" \/><\/h2>\n<\/div>\n<div class=\"n module-type-text diyfeLiveArea \">\n<p>&nbsp;<\/p>\n<p>El nostre edifici, abans de ser part de la nostra hist\u00f2ria com a centre, va ser utilitzat inicialment com a aulari per l&#8217;escola Teresa Altet i, posteriorment, com a espai d&#8217;acollida de diferents entitats del municipi.<\/p>\n<p><span lang=\"CA\" xml:lang=\"CA\">El setembre del 2003 el centre va obrir per primer cop les seves portes, despr\u00e9s d\u2019un acord entre el Departament d\u2019Ensenyament i l\u2019Ajuntament de Rub\u00ed i l&#8217;adequaci\u00f3 de l&#8217;edifici a les necessitats de la nostra escola.<\/span><\/p>\n<p><span lang=\"CA\" xml:lang=\"CA\">Inicialment, es va anomenar CEE Rub\u00ed i, posteriorment, va adoptar el nom del barri on est\u00e0 ubicat, passant a anomenar-se CEE Ca n&#8217;Oriol.<\/span><\/p>\n<p>Els seus inicis van ser els d&#8217;una escola petita, ja que el primer dia va acollir 27 alumnes de diferents edats i la plantilla del centre estava formada per 8 professional<span lang=\"CA\" xml:lang=\"CA\">s (6 mestres, 1 educadora d&#8217;educaci\u00f3 especial i 1 conserge).\u00a0<\/span><\/p>\n<p>A mesura que han anat passant els anys, tant la plantilla com el nombre d&#8217;alumnes ha anat augmentant. Aquest augment ha fet que, actualment, l&#8217;edifici del centre no pugui donar resposta a totes les necessitats educatives de l&#8217;escola.\u00a0Esperem que algun dia l&#8217;administraci\u00f3 ens pugui donar alguna bona not\u00edcia que permeti una millora en el centre.<\/p>\n<p>&nbsp;<\/p>\n<p>&nbsp;<\/p>\n<p>&nbsp;<\/p>\n<p>&nbsp;<\/p>\n<p>&nbsp;<\/p>\n<p>&nbsp;<\/p>\n<p>&nbsp;<\/p>\n<p><span lang=\"CA\" xml:lang=\"CA\"> A l&#8217;escola s\u2019imparteix el curr\u00edculum adaptat a les etapes d\u2019infantil, prim\u00e0ria, secund\u00e0ria obligat\u00f2ria i TVA (Transici\u00f3 a la Vida Adulta). <\/span><\/p>\n<p>&nbsp;<\/p>\n<p>&nbsp;<\/p>\n<\/div>\n","protected":false},"excerpt":{"rendered":"<p>&nbsp;<br \/>\nEl nostre edifici, abans de ser part de la nostra hist\u00f2ria com a centre, va ser utilitzat inicialment com a aulari per l&#8217;escola Teresa Altet i, posteriorment, com a espai d&#8217;acollida de diferents entitats del municipi.<br \/>\nEl setembre del 2003 el centre va obrir per primer&hellip;  <a href=\"https:\/\/agora.xtec.cat\/cee-canoriol\/lescola\/historia\/\" title=\"Read Hist\u00f2ria\">Llegeix m\u00e9s\u00bb<\/a><\/p>\n","protected":false},"author":1,"featured_media":0,"parent":22,"menu_order":1,"comment_status":"closed","ping_status":"closed","template":"page-templates\/side-menu.php","meta":{"_bbp_topic_count":0,"_bbp_reply_count":0,"_bbp_total_topic_count":0,"_bbp_total_reply_count":0,"_bbp_voice_count":0,"_bbp_anonymous_reply_count":0,"_bbp_topic_count_hidden":0,"_bbp_reply_count_hidden":0,"_bbp_forum_subforum_count":0,"footnotes":""},"class_list":["post-26","page","type-page","status-publish","hentry"],"post_mailing_queue_ids":[],"_links":{"self":[{"href":"https:\/\/agora.xtec.cat\/cee-canoriol\/wp-json\/wp\/v2\/pages\/26","targetHints":{"allow":["GET"]}}],"collection":[{"href":"https:\/\/agora.xtec.cat\/cee-canoriol\/wp-json\/wp\/v2\/pages"}],"about":[{"href":"https:\/\/agora.xtec.cat\/cee-canoriol\/wp-json\/wp\/v2\/types\/page"}],"author":[{"embeddable":true,"href":"https:\/\/agora.xtec.cat\/cee-canoriol\/wp-json\/wp\/v2\/users\/1"}],"replies":[{"embeddable":true,"href":"https:\/\/agora.xtec.cat\/cee-canoriol\/wp-json\/wp\/v2\/comments?post=26"}],"version-history":[{"count":4,"href":"https:\/\/agora.xtec.cat\/cee-canoriol\/wp-json\/wp\/v2\/pages\/26\/revisions"}],"predecessor-version":[{"id":1836,"href":"https:\/\/agora.xtec.cat\/cee-canoriol\/wp-json\/wp\/v2\/pages\/26\/revisions\/1836"}],"up":[{"embeddable":true,"href":"https:\/\/agora.xtec.cat\/cee-canoriol\/wp-json\/wp\/v2\/pages\/22"}],"wp:attachment":[{"href":"https:\/\/agora.xtec.cat\/cee-canoriol\/wp-json\/wp\/v2\/media?parent=26"}],"curies":[{"name":"wp","href":"https:\/\/api.w.org\/{rel}","templated":true}]}}

Història

<div class="n module-type-header diyfeLiveArea ">
<h2><img loading="lazy" decoding="async" class="wp-image-560 aligncenter" style="font-family: inherit; font-size: 1em; font-weight: normal;" src="https://agora.xtec.cat/cee-canoriol/wp-content/uploads/usu1200/2019/11/cache_2459049961-300x225.jpg" alt="" width="600" height="450" srcset="https://agora.xtec.cat/cee-canoriol/wp-content/uploads/usu1200/2019/11/cache_2459049961-300x225.jpg 300w, https://agora.xtec.cat/cee-canoriol/wp-content/uploads/usu1200/2019/11/cache_2459049961-768x576.jpg 768w, https://agora.xtec.cat/cee-canoriol/wp-content/uploads/usu1200/2019/11/cache_2459049961.jpg 1024w, https://agora.xtec.cat/cee-canoriol/wp-content/uploads/usu1200/2019/11/cache_2459049961-200x150.jpg 200w" sizes="auto, (max-width: 600px) 100vw, 600px" /></h2>
</div>
<div class="n module-type-text diyfeLiveArea ">
<p>&nbsp;</p>
<p>El nostre edifici, abans de ser part de la nostra història com a centre, va ser utilitzat inicialment com a aulari per l&#8217;escola Teresa Altet i, posteriorment, com a espai d&#8217;acollida de diferents entitats del municipi.</p>
<p><span lang="CA" xml:lang="CA">El setembre del 2003 el centre va obrir per primer cop les seves portes, després d’un acord entre el Departament d’Ensenyament i l’Ajuntament de Rubí i l&#8217;adequació de l&#8217;edifici a les necessitats de la nostra escola.</span></p>
<p><span lang="CA" xml:lang="CA">Inicialment, es va anomenar CEE Rubí i, posteriorment, va adoptar el nom del barri on està ubicat, passant a anomenar-se CEE Ca n&#8217;Oriol.</span></p>
<p>Els seus inicis van ser els d&#8217;una escola petita, ja que el primer dia va acollir 27 alumnes de diferents edats i la plantilla del centre estava formada per 8 professional<span lang="CA" xml:lang="CA">s (6 mestres, 1 educadora d&#8217;educació especial i 1 conserge). </span></p>
<p>A mesura que han anat passant els anys, tant la plantilla com el nombre d&#8217;alumnes ha anat augmentant. Aquest augment ha fet que, actualment, l&#8217;edifici del centre no pugui donar resposta a totes les necessitats educatives de l&#8217;escola. Esperem que algun dia l&#8217;administració ens pugui donar alguna bona notícia que permeti una millora en el centre.</p>
<p>&nbsp;</p>
<p>&nbsp;</p>
<p>&nbsp;</p>
<p>&nbsp;</p>
<p>&nbsp;</p>
<p>&nbsp;</p>
<p>&nbsp;</p>
<p><span lang="CA" xml:lang="CA"> A l&#8217;escola s’imparteix el currículum adaptat a les etapes d’infantil, primària, secundària obligatòria i TVA (Transició a la Vida Adulta). </span></p>
<p>&nbsp;</p>
<p>&nbsp;</p>
</div>

<p>&nbsp;<br />
El nostre edifici, abans de ser part de la nostra història com a centre, va ser utilitzat inicialment com a aulari per l&#8217;escola Teresa Altet i, posteriorment, com a espai d&#8217;acollida de diferents entitats del municipi.<br />
El setembre del 2003 el centre va obrir per primer&hellip;  <a href="https://agora.xtec.cat/cee-canoriol/lescola/historia/" title="Read Història">Llegeix més»</a></p>
