{"id":22,"date":"2014-09-18T12:19:57","date_gmt":"2014-09-18T11:19:57","guid":{"rendered":"http:\/\/agora.xtec.cat\/cee-canoriol\/?page_id=22"},"modified":"2023-07-20T19:40:20","modified_gmt":"2023-07-20T17:40:20","slug":"lescola","status":"publish","type":"page","link":"https:\/\/agora.xtec.cat\/cee-canoriol\/lescola\/","title":{"rendered":"L&#8217;escola"},"content":{"rendered":"<p>&nbsp;<\/p>\n<p style=\"text-align: justify;\">L&#8217;escola Ca n&#8217;Oriol, inaugurada el curs 2003\/2004, est\u00e0 ubicada a la comarca del Vall\u00e8s Occidental, al municipi de Rub\u00ed, m\u00e9s concretament al barri de Ca n&#8217;Oriol.<\/p>\n<p style=\"text-align: justify;\">Som un centre p\u00fablic, depenent del Departament d\u2019Ensenyament de la Generalitat de Catalunya, d&#8217;\u00e0mbit comarcal.\u00a0 Els municipis adscrits al centre s\u00f3n Rub\u00ed, Sant Cugat del Vall\u00e8s i Castellbisbal.<\/p>\n<p style=\"text-align: justify;\"><span style=\"font-weight: 400;\">L\u2019escola acull alumnes de 3 a 20 anys <\/span><i><span style=\"font-weight: 400;\">\u201camb necessitats educatives especials greus o severes que necessiten una elevada intensitat de suport educatiu i mesures curriculars, metodol\u00f2giques, organitzatives o psicopedag\u00f2giques altament individualitzades<\/span><\/i><span style=\"font-weight: 400;\">\u201d, tal com estableix el <\/span><b>Decret 150\/2017<\/b><span style=\"font-weight: 400;\">, de 17 d&#8217;octubre, de<\/span><i><span style=\"font-weight: 400;\"> \u201cl&#8217;atenci\u00f3 educativa a l&#8217;alumnat en el marc d&#8217;un sistema educatiu inclusiu\u201d.<\/span><\/i><\/p>\n<p>&nbsp;<\/p>\n","protected":false},"excerpt":{"rendered":"<p>&nbsp;<br \/>\nL&#8217;escola Ca n&#8217;Oriol, inaugurada el curs 2003\/2004, est\u00e0 ubicada a la comarca del Vall\u00e8s Occidental, al municipi de Rub\u00ed, m\u00e9s concretament al barri de Ca n&#8217;Oriol.<br \/>\nSom un centre p\u00fablic, depenent del Departament d\u2019Ensenyament de la Generalitat de Catalunya, d&#8217;\u00e0mbit comarcal.\u00a0 Els municipis adscrits al centre&hellip;  <a href=\"https:\/\/agora.xtec.cat\/cee-canoriol\/lescola\/\" title=\"Read L&#8217;escola\">Llegeix m\u00e9s\u00bb<\/a><\/p>\n","protected":false},"author":1,"featured_media":0,"parent":0,"menu_order":1,"comment_status":"closed","ping_status":"closed","template":"page-templates\/side-menu.php","meta":{"_bbp_topic_count":0,"_bbp_reply_count":0,"_bbp_total_topic_count":0,"_bbp_total_reply_count":0,"_bbp_voice_count":0,"_bbp_anonymous_reply_count":0,"_bbp_topic_count_hidden":0,"_bbp_reply_count_hidden":0,"_bbp_forum_subforum_count":0,"footnotes":""},"class_list":["post-22","page","type-page","status-publish","hentry"],"post_mailing_queue_ids":[],"_links":{"self":[{"href":"https:\/\/agora.xtec.cat\/cee-canoriol\/wp-json\/wp\/v2\/pages\/22","targetHints":{"allow":["GET"]}}],"collection":[{"href":"https:\/\/agora.xtec.cat\/cee-canoriol\/wp-json\/wp\/v2\/pages"}],"about":[{"href":"https:\/\/agora.xtec.cat\/cee-canoriol\/wp-json\/wp\/v2\/types\/page"}],"author":[{"embeddable":true,"href":"https:\/\/agora.xtec.cat\/cee-canoriol\/wp-json\/wp\/v2\/users\/1"}],"replies":[{"embeddable":true,"href":"https:\/\/agora.xtec.cat\/cee-canoriol\/wp-json\/wp\/v2\/comments?post=22"}],"version-history":[{"count":4,"href":"https:\/\/agora.xtec.cat\/cee-canoriol\/wp-json\/wp\/v2\/pages\/22\/revisions"}],"predecessor-version":[{"id":1438,"href":"https:\/\/agora.xtec.cat\/cee-canoriol\/wp-json\/wp\/v2\/pages\/22\/revisions\/1438"}],"wp:attachment":[{"href":"https:\/\/agora.xtec.cat\/cee-canoriol\/wp-json\/wp\/v2\/media?parent=22"}],"curies":[{"name":"wp","href":"https:\/\/api.w.org\/{rel}","templated":true}]}}

<p>&nbsp;</p>
<p style="text-align: justify;">L&#8217;escola Ca n&#8217;Oriol, inaugurada el curs 2003/2004, està ubicada a la comarca del Vallès Occidental, al municipi de Rubí, més concretament al barri de Ca n&#8217;Oriol.</p>
<p style="text-align: justify;">Som un centre públic, depenent del Departament d’Ensenyament de la Generalitat de Catalunya, d&#8217;àmbit comarcal.  Els municipis adscrits al centre són Rubí, Sant Cugat del Vallès i Castellbisbal.</p>
<p style="text-align: justify;"><span style="font-weight: 400;">L’escola acull alumnes de 3 a 20 anys </span><i><span style="font-weight: 400;">“amb necessitats educatives especials greus o severes que necessiten una elevada intensitat de suport educatiu i mesures curriculars, metodològiques, organitzatives o psicopedagògiques altament individualitzades</span></i><span style="font-weight: 400;">”, tal com estableix el </span><b>Decret 150/2017</b><span style="font-weight: 400;">, de 17 d&#8217;octubre, de</span><i><span style="font-weight: 400;"> “l&#8217;atenció educativa a l&#8217;alumnat en el marc d&#8217;un sistema educatiu inclusiu”.</span></i></p>
<p>&nbsp;</p>

<p>&nbsp;<br />
L&#8217;escola Ca n&#8217;Oriol, inaugurada el curs 2003/2004, està ubicada a la comarca del Vallès Occidental, al municipi de Rubí, més concretament al barri de Ca n&#8217;Oriol.<br />
Som un centre públic, depenent del Departament d’Ensenyament de la Generalitat de Catalunya, d&#8217;àmbit comarcal.  Els municipis adscrits al centre&hellip;  <a href="https://agora.xtec.cat/cee-canoriol/lescola/" title="Read L&#8217;escola">Llegeix més»</a></p>
