{"id":1532,"date":"2023-11-18T19:13:42","date_gmt":"2023-11-18T18:13:42","guid":{"rendered":"https:\/\/agora.xtec.cat\/cee-canoriol\/?page_id=1532"},"modified":"2024-02-04T21:23:06","modified_gmt":"2024-02-04T20:23:06","slug":"projecte-ceepsir","status":"publish","type":"page","link":"https:\/\/agora.xtec.cat\/cee-canoriol\/projectes-descola\/projecte-ceepsir\/","title":{"rendered":"Projecte CEEPSIR"},"content":{"rendered":"<p>Centre d\u2019Educaci\u00f3 Especial Prove\u00efdor de Serveis i Recursos<\/p>\n<p>El CEEPSIR (Centre d&#8217;Educaci\u00f3 Especial Prove\u00efdor de Serveis i Recursos) \u00e9s un servei que ofereix l\u2019escola des del curs 2023-24.<\/p>\n<p>\u00c9s un servei que ofereix suport als centres ordinaris de la nostra zona educativa (Rub\u00ed, Castellbisbal i Sant Cugat del Vall\u00e8s) per tal que puguin atendre els alumnes amb necessitats espec\u00edfiques de suport educatiu des d&#8217;una mirada inclusiva.<\/p>\n<p>T\u00e9 com a objectiu principal facilitar estrat\u00e8gies organitzatives i metodol\u00f2giques que fomentin l\u2019aprenentatge dels equips docents i del mateix centre per millorar la resposta educativa i inclusi\u00f3 del seu alumnat.<\/p>\n<p>Les intervencions es prioritzen en funci\u00f3 del mapa de necessitats de la zona que tenen els diferents EAPs de la nostra zona educativa d&#8217;influ\u00e8ncia.<\/p>\n<p>Podeu consultar el projecte en el seg\u00fcent enlla\u00e7.<\/p>\n<p>&nbsp;<\/p>\n<p><a href=\"https:\/\/agora.xtec.cat\/cee-canoriol\/wp-content\/uploads\/usu1200\/2024\/02\/PROJECTE-CEEPSIR-CEE-CA-NORIOL.pdf\">PROJECTE CEEPSIR CEE CA N&#8217;ORIOL<\/a><\/p>\n<p>&nbsp;<\/p>\n<p>&nbsp;<\/p>\n<p>&nbsp;<\/p>\n<p>&nbsp;<\/p>\n<p>&nbsp;<\/p>\n","protected":false},"excerpt":{"rendered":"<p>Centre d\u2019Educaci\u00f3 Especial Prove\u00efdor de Serveis i Recursos<br \/>\nEl CEEPSIR (Centre d&#8217;Educaci\u00f3 Especial Prove\u00efdor de Serveis i Recursos) \u00e9s un servei que ofereix l\u2019escola des del curs 2023-24.<br \/>\n\u00c9s un servei que ofereix suport als centres ordinaris de la nostra zona educativa (Rub\u00ed, Castellbisbal i Sant Cugat&hellip;  <a href=\"https:\/\/agora.xtec.cat\/cee-canoriol\/projectes-descola\/projecte-ceepsir\/\" title=\"Read Projecte CEEPSIR\">Llegeix m\u00e9s\u00bb<\/a><\/p>\n","protected":false},"author":1,"featured_media":0,"parent":856,"menu_order":1,"comment_status":"closed","ping_status":"closed","template":"page-templates\/side-menu.php","meta":{"_bbp_topic_count":0,"_bbp_reply_count":0,"_bbp_total_topic_count":0,"_bbp_total_reply_count":0,"_bbp_voice_count":0,"_bbp_anonymous_reply_count":0,"_bbp_topic_count_hidden":0,"_bbp_reply_count_hidden":0,"_bbp_forum_subforum_count":0,"footnotes":""},"class_list":["post-1532","page","type-page","status-publish","hentry"],"post_mailing_queue_ids":[],"_links":{"self":[{"href":"https:\/\/agora.xtec.cat\/cee-canoriol\/wp-json\/wp\/v2\/pages\/1532","targetHints":{"allow":["GET"]}}],"collection":[{"href":"https:\/\/agora.xtec.cat\/cee-canoriol\/wp-json\/wp\/v2\/pages"}],"about":[{"href":"https:\/\/agora.xtec.cat\/cee-canoriol\/wp-json\/wp\/v2\/types\/page"}],"author":[{"embeddable":true,"href":"https:\/\/agora.xtec.cat\/cee-canoriol\/wp-json\/wp\/v2\/users\/1"}],"replies":[{"embeddable":true,"href":"https:\/\/agora.xtec.cat\/cee-canoriol\/wp-json\/wp\/v2\/comments?post=1532"}],"version-history":[{"count":3,"href":"https:\/\/agora.xtec.cat\/cee-canoriol\/wp-json\/wp\/v2\/pages\/1532\/revisions"}],"predecessor-version":[{"id":1593,"href":"https:\/\/agora.xtec.cat\/cee-canoriol\/wp-json\/wp\/v2\/pages\/1532\/revisions\/1593"}],"up":[{"embeddable":true,"href":"https:\/\/agora.xtec.cat\/cee-canoriol\/wp-json\/wp\/v2\/pages\/856"}],"wp:attachment":[{"href":"https:\/\/agora.xtec.cat\/cee-canoriol\/wp-json\/wp\/v2\/media?parent=1532"}],"curies":[{"name":"wp","href":"https:\/\/api.w.org\/{rel}","templated":true}]}}

<p>Centre d’Educació Especial Proveïdor de Serveis i Recursos</p>
<p>El CEEPSIR (Centre d&#8217;Educació Especial Proveïdor de Serveis i Recursos) és un servei que ofereix l’escola des del curs 2023-24.</p>
<p>És un servei que ofereix suport als centres ordinaris de la nostra zona educativa (Rubí, Castellbisbal i Sant Cugat del Vallès) per tal que puguin atendre els alumnes amb necessitats específiques de suport educatiu des d&#8217;una mirada inclusiva.</p>
<p>Té com a objectiu principal facilitar estratègies organitzatives i metodològiques que fomentin l’aprenentatge dels equips docents i del mateix centre per millorar la resposta educativa i inclusió del seu alumnat.</p>
<p>Les intervencions es prioritzen en funció del mapa de necessitats de la zona que tenen els diferents EAPs de la nostra zona educativa d&#8217;influència.</p>
<p>Podeu consultar el projecte en el següent enllaç.</p>
<p>&nbsp;</p>
<p><a href="https://agora.xtec.cat/cee-canoriol/wp-content/uploads/usu1200/2024/02/PROJECTE-CEEPSIR-CEE-CA-NORIOL.pdf">PROJECTE CEEPSIR CEE CA N&#8217;ORIOL</a></p>
<p>&nbsp;</p>
<p>&nbsp;</p>
<p>&nbsp;</p>
<p>&nbsp;</p>
<p>&nbsp;</p>

<p>Centre d’Educació Especial Proveïdor de Serveis i Recursos<br />
El CEEPSIR (Centre d&#8217;Educació Especial Proveïdor de Serveis i Recursos) és un servei que ofereix l’escola des del curs 2023-24.<br />
És un servei que ofereix suport als centres ordinaris de la nostra zona educativa (Rubí, Castellbisbal i Sant Cugat&hellip;  <a href="https://agora.xtec.cat/cee-canoriol/projectes-descola/projecte-ceepsir/" title="Read Projecte CEEPSIR">Llegeix més»</a></p>
