{"id":1422,"date":"2023-07-20T19:18:11","date_gmt":"2023-07-20T17:18:11","guid":{"rendered":"https:\/\/agora.xtec.cat\/cee-canoriol\/?page_id=1422"},"modified":"2025-12-30T18:52:45","modified_gmt":"2025-12-30T17:52:45","slug":"trets-didentitat","status":"publish","type":"page","link":"https:\/\/agora.xtec.cat\/cee-canoriol\/lescola\/trets-didentitat\/","title":{"rendered":"Trets d&#8217;identitat"},"content":{"rendered":"<p>&nbsp;<\/p>\n<p style=\"text-align: justify;\">El centre at\u00e9n <strong>alumnes amb necessitats educatives especials greus i permanents<\/strong> que no poden ser atesos dins del marc de l\u2019escola ordin\u00e0ria.<\/p>\n<p style=\"text-align: justify;\">\u00c9s un centre <strong>no confessional<\/strong>, que es defineix com a <strong>pluralista<\/strong>, respectant la <strong>llibertat ideol\u00f2gica i religiosa<\/strong> de les fam\u00edlies, dels alumnes i dels professionals del centre. Igualment, es mostra respectu\u00f3s amb totes les concepcions pol\u00edtiques, ideol\u00f2giques, religioses i socials.<\/p>\n<p style=\"text-align: justify;\">Defensa la <strong>igualtat dels drets i de les oportunitats<\/strong> de les persones en relaci\u00f3 amb les seves capacitats i la no discriminaci\u00f3 sota cap pretext de ra\u00e7a, sexe, llengua, minusv\u00e0lua, confessionalitat o ideologia.<\/p>\n<p style=\"text-align: justify;\">Defensa els <strong>valors de solidaritat, de toler\u00e0ncia i de col\u00b7laboraci\u00f3<\/strong> entre totes les persones de la comunitat educativa i l&#8217;entorn social i cultural, eliminant tot indici de competitivitat.<\/p>\n<p style=\"text-align: justify;\">La <strong>metodologia del centre<\/strong> fa refer\u00e8ncia a un conjunt de procediments i tecnologies que s\u2019utilitzen per arribar a la consecuci\u00f3 dels objectius proposats en el <strong>Pla de Suport Individualitzat<\/strong> de cadascun dels alumnes del centre.<\/p>\n<p style=\"text-align: justify;\"><strong>Renunciem a utilitzar un \u00fanic m\u00e8tode de treball.<\/strong> Vetllem per millorar els sistemes d\u2019ensenyament i aprenentatge a partir de la formaci\u00f3 continuada dels professionals i l\u2019assessorament a les fam\u00edlies que col\u00b7laboren des de casa, per assegurar-nos que els m\u00e8todes emprats ajudin als alumnes a:<\/p>\n<ul style=\"text-align: justify;\">\n<li>Adquirir les eines necess\u00e0ries per con\u00e8ixer i participar del m\u00f3n en el qual viuen.<\/li>\n<li>Esdevenir <strong>persones aut\u00f2nomes<\/strong> (en la mesura de les seves capacitats) i esdevenir individus socialment integrats.<\/li>\n<li>Comunicar-se amb l\u2019entorn proper de manera funcional i a partir de l\u2019\u00fas dels\u00a0<strong>SAAC<\/strong>\u00a0(Sistemes Alternatius i Augmentatius de Comunicaci\u00f3) per aquells alumnes que ho necessitin.<\/li>\n<li>Augmentar i millorar l\u2019expressi\u00f3, la conviv\u00e8ncia i el benestar de tots els alumnes a partir de la\u00a0<strong>M\u00daSICA i l&#8217;ART<\/strong>\u00a0com a m\u00e8tode d\u2019aprenentatge per a tot l\u2019alumnat del centre, esdevenint un instrument de comunicaci\u00f3 i connexi\u00f3 amb l\u2019entorn proper.<\/li>\n<\/ul>\n<p style=\"text-align: justify;\">Es propicia\u00a0<strong>un model educatiu inclusiu<\/strong>\u00a0pels nostres alumnes.<\/p>\n<p style=\"text-align: justify;\">\n","protected":false},"excerpt":{"rendered":"<p>&nbsp;<br \/>\nEl centre at\u00e9n alumnes amb necessitats educatives especials greus i permanents que no poden ser atesos dins del marc de l\u2019escola ordin\u00e0ria.<br \/>\n\u00c9s un centre no confessional, que es defineix com a pluralista, respectant la llibertat ideol\u00f2gica i religiosa de les fam\u00edlies, dels alumnes i dels&hellip;  <a href=\"https:\/\/agora.xtec.cat\/cee-canoriol\/lescola\/trets-didentitat\/\" title=\"Read Trets d&#8217;identitat\">Llegeix m\u00e9s\u00bb<\/a><\/p>\n","protected":false},"author":1,"featured_media":0,"parent":22,"menu_order":2,"comment_status":"closed","ping_status":"closed","template":"page-templates\/side-menu.php","meta":{"_bbp_topic_count":0,"_bbp_reply_count":0,"_bbp_total_topic_count":0,"_bbp_total_reply_count":0,"_bbp_voice_count":0,"_bbp_anonymous_reply_count":0,"_bbp_topic_count_hidden":0,"_bbp_reply_count_hidden":0,"_bbp_forum_subforum_count":0,"footnotes":""},"class_list":["post-1422","page","type-page","status-publish","hentry"],"post_mailing_queue_ids":[],"_links":{"self":[{"href":"https:\/\/agora.xtec.cat\/cee-canoriol\/wp-json\/wp\/v2\/pages\/1422","targetHints":{"allow":["GET"]}}],"collection":[{"href":"https:\/\/agora.xtec.cat\/cee-canoriol\/wp-json\/wp\/v2\/pages"}],"about":[{"href":"https:\/\/agora.xtec.cat\/cee-canoriol\/wp-json\/wp\/v2\/types\/page"}],"author":[{"embeddable":true,"href":"https:\/\/agora.xtec.cat\/cee-canoriol\/wp-json\/wp\/v2\/users\/1"}],"replies":[{"embeddable":true,"href":"https:\/\/agora.xtec.cat\/cee-canoriol\/wp-json\/wp\/v2\/comments?post=1422"}],"version-history":[{"count":4,"href":"https:\/\/agora.xtec.cat\/cee-canoriol\/wp-json\/wp\/v2\/pages\/1422\/revisions"}],"predecessor-version":[{"id":1425,"href":"https:\/\/agora.xtec.cat\/cee-canoriol\/wp-json\/wp\/v2\/pages\/1422\/revisions\/1425"}],"up":[{"embeddable":true,"href":"https:\/\/agora.xtec.cat\/cee-canoriol\/wp-json\/wp\/v2\/pages\/22"}],"wp:attachment":[{"href":"https:\/\/agora.xtec.cat\/cee-canoriol\/wp-json\/wp\/v2\/media?parent=1422"}],"curies":[{"name":"wp","href":"https:\/\/api.w.org\/{rel}","templated":true}]}}

<p>&nbsp;</p>
<p style="text-align: justify;">El centre atén <strong>alumnes amb necessitats educatives especials greus i permanents</strong> que no poden ser atesos dins del marc de l’escola ordinària.</p>
<p style="text-align: justify;">És un centre <strong>no confessional</strong>, que es defineix com a <strong>pluralista</strong>, respectant la <strong>llibertat ideològica i religiosa</strong> de les famílies, dels alumnes i dels professionals del centre. Igualment, es mostra respectuós amb totes les concepcions polítiques, ideològiques, religioses i socials.</p>
<p style="text-align: justify;">Defensa la <strong>igualtat dels drets i de les oportunitats</strong> de les persones en relació amb les seves capacitats i la no discriminació sota cap pretext de raça, sexe, llengua, minusvàlua, confessionalitat o ideologia.</p>
<p style="text-align: justify;">Defensa els <strong>valors de solidaritat, de tolerància i de col·laboració</strong> entre totes les persones de la comunitat educativa i l&#8217;entorn social i cultural, eliminant tot indici de competitivitat.</p>
<p style="text-align: justify;">La <strong>metodologia del centre</strong> fa referència a un conjunt de procediments i tecnologies que s’utilitzen per arribar a la consecució dels objectius proposats en el <strong>Pla de Suport Individualitzat</strong> de cadascun dels alumnes del centre.</p>
<p style="text-align: justify;"><strong>Renunciem a utilitzar un únic mètode de treball.</strong> Vetllem per millorar els sistemes d’ensenyament i aprenentatge a partir de la formació continuada dels professionals i l’assessorament a les famílies que col·laboren des de casa, per assegurar-nos que els mètodes emprats ajudin als alumnes a:</p>
<ul style="text-align: justify;">
<li>Adquirir les eines necessàries per conèixer i participar del món en el qual viuen.</li>
<li>Esdevenir <strong>persones autònomes</strong> (en la mesura de les seves capacitats) i esdevenir individus socialment integrats.</li>
<li>Comunicar-se amb l’entorn proper de manera funcional i a partir de l’ús dels <strong>SAAC</strong> (Sistemes Alternatius i Augmentatius de Comunicació) per aquells alumnes que ho necessitin.</li>
<li>Augmentar i millorar l’expressió, la convivència i el benestar de tots els alumnes a partir de la <strong>MÚSICA i l&#8217;ART</strong> com a mètode d’aprenentatge per a tot l’alumnat del centre, esdevenint un instrument de comunicació i connexió amb l’entorn proper.</li>
</ul>
<p style="text-align: justify;">Es propicia <strong>un model educatiu inclusiu</strong> pels nostres alumnes.</p>
<p style="text-align: justify;">

<p>&nbsp;<br />
El centre atén alumnes amb necessitats educatives especials greus i permanents que no poden ser atesos dins del marc de l’escola ordinària.<br />
És un centre no confessional, que es defineix com a pluralista, respectant la llibertat ideològica i religiosa de les famílies, dels alumnes i dels&hellip;  <a href="https://agora.xtec.cat/cee-canoriol/lescola/trets-didentitat/" title="Read Trets d&#8217;identitat">Llegeix més»</a></p>
