{"id":1307,"date":"2023-07-19T13:14:32","date_gmt":"2023-07-19T11:14:32","guid":{"rendered":"https:\/\/agora.xtec.cat\/cee-canoriol\/?page_id=1307"},"modified":"2023-07-21T13:09:39","modified_gmt":"2023-07-21T11:09:39","slug":"avaluacio","status":"publish","type":"page","link":"https:\/\/agora.xtec.cat\/cee-canoriol\/documents-de-centre\/edc\/estrategia-digital-de-centre\/avaluacio\/","title":{"rendered":"Avaluaci\u00f3"},"content":{"rendered":"<p>&nbsp;<\/p>\n<p>L\u2019avaluaci\u00f3 de l\u2019EDC ser\u00e0 responsabilitat de l\u2019equip directiu i dels membres de la comissi\u00f3 d\u2019estrat\u00e8gia digital de centre.<\/p>\n<p>L\u2019avaluaci\u00f3 es far\u00e0 de forma anual, al final de cada curs escolar. Els objectius de treball, amb els seus indicadors i graus d\u2019assoliment, hauran de quedar reflectits a la Programaci\u00f3 General Anual del centre del curs iniciat. A final del curs s\u2019avaluaran i es faran les propostes de millora pertinents, que hauran de quedar recollides a la Mem\u00f2ria Anual de centre.<\/p>\n<p>La comissi\u00f3 es reunir\u00e0 de forma peri\u00f2dica al llarg del curs per tal de treballar en l\u2019assoliment dels objectius plantejats per aquell any. Les trobades quedaran registrades a les actes de la comissi\u00f3 d\u2019estrat\u00e8gia digital, per tal de fer un seguiment de les sessions i dels acords presos.<\/p>\n<p>En aquest proc\u00e9s avaluatiu \u00e9s molt important que estigui implicat tot el claustre, per tal que les propostes de millora siguin fruit d\u2019una reflexi\u00f3 conjunta.<\/p>\n<p>&nbsp;<\/p>\n<p>&nbsp;<\/p>\n","protected":false},"excerpt":{"rendered":"<p>&nbsp;<br \/>\nL\u2019avaluaci\u00f3 de l\u2019EDC ser\u00e0 responsabilitat de l\u2019equip directiu i dels membres de la comissi\u00f3 d\u2019estrat\u00e8gia digital de centre.<br \/>\nL\u2019avaluaci\u00f3 es far\u00e0 de forma anual, al final de cada curs escolar. Els objectius de treball, amb els seus indicadors i graus d\u2019assoliment, hauran de quedar reflectits a&hellip;  <a href=\"https:\/\/agora.xtec.cat\/cee-canoriol\/documents-de-centre\/edc\/estrategia-digital-de-centre\/avaluacio\/\" title=\"Read Avaluaci\u00f3\">Llegeix m\u00e9s\u00bb<\/a><\/p>\n","protected":false},"author":1,"featured_media":0,"parent":1080,"menu_order":5,"comment_status":"closed","ping_status":"closed","template":"page-templates\/side-menu.php","meta":{"_bbp_topic_count":0,"_bbp_reply_count":0,"_bbp_total_topic_count":0,"_bbp_total_reply_count":0,"_bbp_voice_count":0,"_bbp_anonymous_reply_count":0,"_bbp_topic_count_hidden":0,"_bbp_reply_count_hidden":0,"_bbp_forum_subforum_count":0,"footnotes":""},"class_list":["post-1307","page","type-page","status-publish","hentry"],"post_mailing_queue_ids":[],"_links":{"self":[{"href":"https:\/\/agora.xtec.cat\/cee-canoriol\/wp-json\/wp\/v2\/pages\/1307","targetHints":{"allow":["GET"]}}],"collection":[{"href":"https:\/\/agora.xtec.cat\/cee-canoriol\/wp-json\/wp\/v2\/pages"}],"about":[{"href":"https:\/\/agora.xtec.cat\/cee-canoriol\/wp-json\/wp\/v2\/types\/page"}],"author":[{"embeddable":true,"href":"https:\/\/agora.xtec.cat\/cee-canoriol\/wp-json\/wp\/v2\/users\/1"}],"replies":[{"embeddable":true,"href":"https:\/\/agora.xtec.cat\/cee-canoriol\/wp-json\/wp\/v2\/comments?post=1307"}],"version-history":[{"count":3,"href":"https:\/\/agora.xtec.cat\/cee-canoriol\/wp-json\/wp\/v2\/pages\/1307\/revisions"}],"predecessor-version":[{"id":1327,"href":"https:\/\/agora.xtec.cat\/cee-canoriol\/wp-json\/wp\/v2\/pages\/1307\/revisions\/1327"}],"up":[{"embeddable":true,"href":"https:\/\/agora.xtec.cat\/cee-canoriol\/wp-json\/wp\/v2\/pages\/1080"}],"wp:attachment":[{"href":"https:\/\/agora.xtec.cat\/cee-canoriol\/wp-json\/wp\/v2\/media?parent=1307"}],"curies":[{"name":"wp","href":"https:\/\/api.w.org\/{rel}","templated":true}]}}

Avaluació

<p>&nbsp;</p>
<p>L’avaluació de l’EDC serà responsabilitat de l’equip directiu i dels membres de la comissió d’estratègia digital de centre.</p>
<p>L’avaluació es farà de forma anual, al final de cada curs escolar. Els objectius de treball, amb els seus indicadors i graus d’assoliment, hauran de quedar reflectits a la Programació General Anual del centre del curs iniciat. A final del curs s’avaluaran i es faran les propostes de millora pertinents, que hauran de quedar recollides a la Memòria Anual de centre.</p>
<p>La comissió es reunirà de forma periòdica al llarg del curs per tal de treballar en l’assoliment dels objectius plantejats per aquell any. Les trobades quedaran registrades a les actes de la comissió d’estratègia digital, per tal de fer un seguiment de les sessions i dels acords presos.</p>
<p>En aquest procés avaluatiu és molt important que estigui implicat tot el claustre, per tal que les propostes de millora siguin fruit d’una reflexió conjunta.</p>
<p>&nbsp;</p>
<p>&nbsp;</p>

<p>&nbsp;<br />
L’avaluació de l’EDC serà responsabilitat de l’equip directiu i dels membres de la comissió d’estratègia digital de centre.<br />
L’avaluació es farà de forma anual, al final de cada curs escolar. Els objectius de treball, amb els seus indicadors i graus d’assoliment, hauran de quedar reflectits a&hellip;  <a href="https://agora.xtec.cat/cee-canoriol/documents-de-centre/edc/estrategia-digital-de-centre/avaluacio/" title="Read Avaluació">Llegeix més»</a></p>
