{"id":1241,"date":"2023-04-10T00:03:59","date_gmt":"2023-04-09T22:03:59","guid":{"rendered":"https:\/\/agora.xtec.cat\/cee-canoriol\/?page_id=1241"},"modified":"2023-11-18T19:16:37","modified_gmt":"2023-11-18T18:16:37","slug":"collaboracio-amb-loadf-de-rubi","status":"publish","type":"page","link":"https:\/\/agora.xtec.cat\/cee-canoriol\/projectes-descola\/collaboracio-amb-loadf-de-rubi\/","title":{"rendered":"Col\u00b7laboraci\u00f3 amb l&#8217;OADF de Rub\u00ed"},"content":{"rendered":"<p>&nbsp;<\/p>\n<p style=\"text-align: justify;\"><span style=\"font-weight: 400;\">Des de finals del curs 2020-2021 es va iniciar una s\u00e8rie de col\u00b7laboracions amb les persones responsables del Servei d\u2019Inf\u00e0ncia i Diversitat Funcional i l\u2019Oficina d\u2019Atenci\u00f3 a la Diversitat Funcional (OADF) de l\u2019Ajuntament de Rub\u00ed.\u00a0<\/span><\/p>\n<p style=\"text-align: justify;\"><span style=\"font-weight: 400;\">L\u2019objectiu d\u2019establir aquestes col\u00b7laboracions \u00e9s establir una xarxa de treball conjunt amb aquests serveis que atenen a persones amb diversitat funcional, mitjan\u00e7ant l\u2019organitzaci\u00f3 i la difusi\u00f3 de xerrades, cursos, tallers, activitats, etc.\u00a0<\/span><\/p>\n<p style=\"text-align: justify;\"><span style=\"font-weight: 400;\">L&#8217;OADF \u00e9s un espai municipal de refer\u00e8ncia especialitzat a l&#8217;\u00e0mbit de la diversitat funcional. La seva funci\u00f3 \u00e9s atendre a les persones amb diversitat funcional i les seves fam\u00edlies amb l&#8217;objectiu d&#8217;informar-les, assessorar-les i ajudar-les en la tramitaci\u00f3 de recursos, prestacions i serveis. Ofereix els seg\u00fcents serveis:<\/span><\/p>\n<ul style=\"text-align: justify;\">\n<li>Informaci\u00f3, orientaci\u00f3 i assessorament a la ciutadania sobre recursos, serveis i prestacions.<\/li>\n<li>Suport en prcodiments i tr\u00e0mits en l&#8217;\u00e0mbit de la diversitat funcional.<\/li>\n<li>Suport i coordinaci\u00f3 a professionals i entitats.<\/li>\n<li>Suport i participaci\u00f3 en accions de desenvolupament en l&#8217;\u00e0mbit de la diversitat funcional al municipi, en col\u00b7laboraci\u00f3 i treball en xarxa amb la resta de serveis municipals.<\/li>\n<\/ul>\n<p>&nbsp;<\/p>\n<p style=\"text-align: justify;\">L&#8217;OADF tamb\u00e9 ofereix una guia de serveis i recursos recollits en un <a href=\"https:\/\/www.rubi.cat\/fitxers\/documents-ok\/area-de-cohesio-social-i-serveis-a-les-persones\/diversitat-funcional\/Catalegdiversitatfuncional.pdf\">cat\u00e0leg de serveis<\/a>, que es pot consultar tant a la mateixa oficina com en l\u00ednia.<\/p>\n<p>&nbsp;<\/p>\n<header><\/header>\n<div id=\"content-core\">\n<div id=\"parent-fieldname-text\" class=\"\">\n<p style=\"text-align: justify;\">\n<\/div>\n<\/div>\n<p>&nbsp;<\/p>\n<p>&nbsp;<\/p>\n<p>&nbsp;<\/p>\n<p>&nbsp;<\/p>\n<p>&nbsp;<\/p>\n","protected":false},"excerpt":{"rendered":"<p>&nbsp;<br \/>\nDes de finals del curs 2020-2021 es va iniciar una s\u00e8rie de col\u00b7laboracions amb les persones responsables del Servei d\u2019Inf\u00e0ncia i Diversitat Funcional i l\u2019Oficina d\u2019Atenci\u00f3 a la Diversitat Funcional (OADF) de l\u2019Ajuntament de Rub\u00ed.\u00a0<br \/>\nL\u2019objectiu d\u2019establir aquestes col\u00b7laboracions \u00e9s establir una xarxa de treball conjunt&hellip;  <a href=\"https:\/\/agora.xtec.cat\/cee-canoriol\/projectes-descola\/collaboracio-amb-loadf-de-rubi\/\" title=\"Read Col\u00b7laboraci\u00f3 amb l&#8217;OADF de Rub\u00ed\">Llegeix m\u00e9s\u00bb<\/a><\/p>\n","protected":false},"author":1,"featured_media":0,"parent":856,"menu_order":5,"comment_status":"closed","ping_status":"closed","template":"page-templates\/side-menu.php","meta":{"_bbp_topic_count":0,"_bbp_reply_count":0,"_bbp_total_topic_count":0,"_bbp_total_reply_count":0,"_bbp_voice_count":0,"_bbp_anonymous_reply_count":0,"_bbp_topic_count_hidden":0,"_bbp_reply_count_hidden":0,"_bbp_forum_subforum_count":0,"footnotes":""},"class_list":["post-1241","page","type-page","status-publish","hentry"],"post_mailing_queue_ids":[],"_links":{"self":[{"href":"https:\/\/agora.xtec.cat\/cee-canoriol\/wp-json\/wp\/v2\/pages\/1241","targetHints":{"allow":["GET"]}}],"collection":[{"href":"https:\/\/agora.xtec.cat\/cee-canoriol\/wp-json\/wp\/v2\/pages"}],"about":[{"href":"https:\/\/agora.xtec.cat\/cee-canoriol\/wp-json\/wp\/v2\/types\/page"}],"author":[{"embeddable":true,"href":"https:\/\/agora.xtec.cat\/cee-canoriol\/wp-json\/wp\/v2\/users\/1"}],"replies":[{"embeddable":true,"href":"https:\/\/agora.xtec.cat\/cee-canoriol\/wp-json\/wp\/v2\/comments?post=1241"}],"version-history":[{"count":3,"href":"https:\/\/agora.xtec.cat\/cee-canoriol\/wp-json\/wp\/v2\/pages\/1241\/revisions"}],"predecessor-version":[{"id":1244,"href":"https:\/\/agora.xtec.cat\/cee-canoriol\/wp-json\/wp\/v2\/pages\/1241\/revisions\/1244"}],"up":[{"embeddable":true,"href":"https:\/\/agora.xtec.cat\/cee-canoriol\/wp-json\/wp\/v2\/pages\/856"}],"wp:attachment":[{"href":"https:\/\/agora.xtec.cat\/cee-canoriol\/wp-json\/wp\/v2\/media?parent=1241"}],"curies":[{"name":"wp","href":"https:\/\/api.w.org\/{rel}","templated":true}]}}

Col·laboració amb l&#8217;OADF de Rubí

<p>&nbsp;</p>
<p style="text-align: justify;"><span style="font-weight: 400;">Des de finals del curs 2020-2021 es va iniciar una sèrie de col·laboracions amb les persones responsables del Servei d’Infància i Diversitat Funcional i l’Oficina d’Atenció a la Diversitat Funcional (OADF) de l’Ajuntament de Rubí. </span></p>
<p style="text-align: justify;"><span style="font-weight: 400;">L’objectiu d’establir aquestes col·laboracions és establir una xarxa de treball conjunt amb aquests serveis que atenen a persones amb diversitat funcional, mitjançant l’organització i la difusió de xerrades, cursos, tallers, activitats, etc. </span></p>
<p style="text-align: justify;"><span style="font-weight: 400;">L&#8217;OADF és un espai municipal de referència especialitzat a l&#8217;àmbit de la diversitat funcional. La seva funció és atendre a les persones amb diversitat funcional i les seves famílies amb l&#8217;objectiu d&#8217;informar-les, assessorar-les i ajudar-les en la tramitació de recursos, prestacions i serveis. Ofereix els següents serveis:</span></p>
<ul style="text-align: justify;">
<li>Informació, orientació i assessorament a la ciutadania sobre recursos, serveis i prestacions.</li>
<li>Suport en prcodiments i tràmits en l&#8217;àmbit de la diversitat funcional.</li>
<li>Suport i coordinació a professionals i entitats.</li>
<li>Suport i participació en accions de desenvolupament en l&#8217;àmbit de la diversitat funcional al municipi, en col·laboració i treball en xarxa amb la resta de serveis municipals.</li>
</ul>
<p>&nbsp;</p>
<p style="text-align: justify;">L&#8217;OADF també ofereix una guia de serveis i recursos recollits en un <a href="https://www.rubi.cat/fitxers/documents-ok/area-de-cohesio-social-i-serveis-a-les-persones/diversitat-funcional/Catalegdiversitatfuncional.pdf">catàleg de serveis</a>, que es pot consultar tant a la mateixa oficina com en línia.</p>
<p>&nbsp;</p>
<header></header>
<div id="content-core">
<div id="parent-fieldname-text" class="">
<p style="text-align: justify;">
</div>
</div>
<p>&nbsp;</p>
<p>&nbsp;</p>
<p>&nbsp;</p>
<p>&nbsp;</p>
<p>&nbsp;</p>

<p>&nbsp;<br />
Des de finals del curs 2020-2021 es va iniciar una sèrie de col·laboracions amb les persones responsables del Servei d’Infància i Diversitat Funcional i l’Oficina d’Atenció a la Diversitat Funcional (OADF) de l’Ajuntament de Rubí. <br />
L’objectiu d’establir aquestes col·laboracions és establir una xarxa de treball conjunt&hellip;  <a href="https://agora.xtec.cat/cee-canoriol/projectes-descola/collaboracio-amb-loadf-de-rubi/" title="Read Col·laboració amb l&#8217;OADF de Rubí">Llegeix més»</a></p>
