{"id":1237,"date":"2023-04-09T23:43:52","date_gmt":"2023-04-09T21:43:52","guid":{"rendered":"https:\/\/agora.xtec.cat\/cee-canoriol\/?page_id=1237"},"modified":"2023-11-18T19:16:48","modified_gmt":"2023-11-18T18:16:48","slug":"conveni-de-practiques-amb-universitats","status":"publish","type":"page","link":"https:\/\/agora.xtec.cat\/cee-canoriol\/projectes-descola\/conveni-de-practiques-amb-universitats\/","title":{"rendered":"Conveni de pr\u00e0ctiques amb universitats"},"content":{"rendered":"<p>&nbsp;<\/p>\n<p>Com a centre p\u00fablic tenim el deure d&#8217;oferir la nostra experi\u00e8ncia i professionalitat com a centre formador de futurs docents, per tal que puguin assolir les compet\u00e8ncies necess\u00e0ries per exercir una doc\u00e8ncia de qualitat.<\/p>\n<p><span style=\"font-weight: 400;\">Actualment tenim conveni de pr\u00e0ctiques amb les seg\u00fcents universitats:<\/span><\/p>\n<ul>\n<li><b>Universitat de Barcelona<\/b><\/li>\n<li><b>Universitat Aut\u00f2noma de Barcelona<\/b><\/li>\n<\/ul>\n<p><span style=\"font-weight: 400;\">Els convenis actuals estan lligats als seg\u00fcents Graus Universitaris:<\/span><\/p>\n<ul>\n<li style=\"font-weight: 400;\" aria-level=\"1\"><span style=\"font-weight: 400;\">Grau en Logop\u00e8dia de la Universitat Aut\u00f2noma de Barcelona<\/span><\/li>\n<li style=\"font-weight: 400;\" aria-level=\"1\"><span style=\"font-weight: 400;\">Grau <\/span><span style=\"font-weight: 400;\">d\u2019Educaci\u00f3 Prim\u00e0ria-Menci\u00f3 NEE de la <\/span><span style=\"font-weight: 400;\">Universitat Aut\u00f2noma de Barcelona<\/span><\/li>\n<li style=\"font-weight: 400;\" aria-level=\"1\"><span style=\"font-weight: 400;\">Grau de Mestre d&#8217;Educaci\u00f3 Prim\u00e0ria-<\/span><span style=\"font-weight: 400;\">Atenci\u00f3 a la Diversitat <\/span><span style=\"font-weight: 400;\">de la Universitat de Barcelona<\/span><\/li>\n<\/ul>\n<p>&nbsp;<\/p>\n<p>&nbsp;<\/p>\n","protected":false},"excerpt":{"rendered":"<p>&nbsp;<br \/>\nCom a centre p\u00fablic tenim el deure d&#8217;oferir la nostra experi\u00e8ncia i professionalitat com a centre formador de futurs docents, per tal que puguin assolir les compet\u00e8ncies necess\u00e0ries per exercir una doc\u00e8ncia de qualitat.<br \/>\nActualment tenim conveni de pr\u00e0ctiques amb les seg\u00fcents universitats:<\/p>\n<ul>\n<li>Universitat de Barcelona<\/li>\n<li>Universitat Aut\u00f2noma&hellip;  <a href=\"https:\/\/agora.xtec.cat\/cee-canoriol\/projectes-descola\/conveni-de-practiques-amb-universitats\/\" title=\"Read Conveni de pr\u00e0ctiques amb universitats\">Llegeix m\u00e9s\u00bb<\/a><br \/>\n","protected":false},"author":1,"featured_media":0,"parent":856,"menu_order":4,"comment_status":"closed","ping_status":"closed","template":"page-templates\/side-menu.php","meta":{"_bbp_topic_count":0,"_bbp_reply_count":0,"_bbp_total_topic_count":0,"_bbp_total_reply_count":0,"_bbp_voice_count":0,"_bbp_anonymous_reply_count":0,"_bbp_topic_count_hidden":0,"_bbp_reply_count_hidden":0,"_bbp_forum_subforum_count":0,"footnotes":""},"class_list":["post-1237","page","type-page","status-publish","hentry"],"post_mailing_queue_ids":[],"_links":{"self":[{"href":"https:\/\/agora.xtec.cat\/cee-canoriol\/wp-json\/wp\/v2\/pages\/1237","targetHints":{"allow":["GET"]}}],"collection":[{"href":"https:\/\/agora.xtec.cat\/cee-canoriol\/wp-json\/wp\/v2\/pages"}],"about":[{"href":"https:\/\/agora.xtec.cat\/cee-canoriol\/wp-json\/wp\/v2\/types\/page"}],"author":[{"embeddable":true,"href":"https:\/\/agora.xtec.cat\/cee-canoriol\/wp-json\/wp\/v2\/users\/1"}],"replies":[{"embeddable":true,"href":"https:\/\/agora.xtec.cat\/cee-canoriol\/wp-json\/wp\/v2\/comments?post=1237"}],"version-history":[{"count":1,"href":"https:\/\/agora.xtec.cat\/cee-canoriol\/wp-json\/wp\/v2\/pages\/1237\/revisions"}],"predecessor-version":[{"id":1238,"href":"https:\/\/agora.xtec.cat\/cee-canoriol\/wp-json\/wp\/v2\/pages\/1237\/revisions\/1238"}],"up":[{"embeddable":true,"href":"https:\/\/agora.xtec.cat\/cee-canoriol\/wp-json\/wp\/v2\/pages\/856"}],"wp:attachment":[{"href":"https:\/\/agora.xtec.cat\/cee-canoriol\/wp-json\/wp\/v2\/media?parent=1237"}],"curies":[{"name":"wp","href":"https:\/\/api.w.org\/{rel}","templated":true}]}}

Conveni de pràctiques amb universitats

<p>&nbsp;</p>
<p>Com a centre públic tenim el deure d&#8217;oferir la nostra experiència i professionalitat com a centre formador de futurs docents, per tal que puguin assolir les competències necessàries per exercir una docència de qualitat.</p>
<p><span style="font-weight: 400;">Actualment tenim conveni de pràctiques amb les següents universitats:</span></p>
<ul>
<li><b>Universitat de Barcelona</b></li>
<li><b>Universitat Autònoma de Barcelona</b></li>
</ul>
<p><span style="font-weight: 400;">Els convenis actuals estan lligats als següents Graus Universitaris:</span></p>
<ul>
<li style="font-weight: 400;" aria-level="1"><span style="font-weight: 400;">Grau en Logopèdia de la Universitat Autònoma de Barcelona</span></li>
<li style="font-weight: 400;" aria-level="1"><span style="font-weight: 400;">Grau </span><span style="font-weight: 400;">d’Educació Primària-Menció NEE de la </span><span style="font-weight: 400;">Universitat Autònoma de Barcelona</span></li>
<li style="font-weight: 400;" aria-level="1"><span style="font-weight: 400;">Grau de Mestre d&#8217;Educació Primària-</span><span style="font-weight: 400;">Atenció a la Diversitat </span><span style="font-weight: 400;">de la Universitat de Barcelona</span></li>
</ul>
<p>&nbsp;</p>
<p>&nbsp;</p>

<p>&nbsp;<br />
Com a centre públic tenim el deure d&#8217;oferir la nostra experiència i professionalitat com a centre formador de futurs docents, per tal que puguin assolir les competències necessàries per exercir una docència de qualitat.<br />
Actualment tenim conveni de pràctiques amb les següents universitats:</p>
<ul>
<li>Universitat de Barcelona</li>
<li>Universitat Autònoma&hellip;  <a href="https://agora.xtec.cat/cee-canoriol/projectes-descola/conveni-de-practiques-amb-universitats/" title="Read Conveni de pràctiques amb universitats">Llegeix més»</a><br />
