{"id":1195,"date":"2023-04-08T21:29:49","date_gmt":"2023-04-08T19:29:49","guid":{"rendered":"https:\/\/agora.xtec.cat\/cee-canoriol\/?page_id=1195"},"modified":"2025-12-30T23:45:48","modified_gmt":"2025-12-30T22:45:48","slug":"programa-de-salut","status":"publish","type":"page","link":"https:\/\/agora.xtec.cat\/cee-canoriol\/serveis\/assessorament-extern\/programa-de-salut\/","title":{"rendered":"Programa de salut"},"content":{"rendered":"<p>&nbsp;<\/p>\n<p><span style=\"font-weight: 400;\">Des del curs 2022-2023, el centre est\u00e0 adherit al Programa d\u2019Atenci\u00f3 a l\u2019alumnat amb Necessitats Especials de Salut als centres educatius.<\/span><\/p>\n<p>Aquest programa va dirigit a l&#8217;alumnat del centre que tingui necessitats especials de salut, sempre que la fam\u00edlia hagi signat pr\u00e8viament la seva autoritzaci\u00f3.<\/p>\n<p>Aquest programa permet que assisteixi setmanalment al centre una infermera, dimarts\u00a0 i dijous, en horari de 10:00\u202fh a 13:00\u202fh.<\/p>\n<p><span style=\"font-weight: 400;\">Les funcions de la infermera s\u00f3n:<\/span><\/p>\n<ul>\n<li style=\"font-weight: 400;\" aria-level=\"1\"><span style=\"font-weight: 400;\">Vetllar pel benestar i salut de l\u2019alumnat adscrit del programa.<\/span><\/li>\n<li style=\"font-weight: 400;\" aria-level=\"1\"><span style=\"font-weight: 400;\">Assessorar els professionals que intervenen amb aquest alumnat sobre aspectes de salut rellevants.<\/span><\/li>\n<li style=\"font-weight: 400;\" aria-level=\"1\"><span style=\"font-weight: 400;\">Realitzar formacions espec\u00edfiques sobre temes concrets de salut al Claustre.<\/span><\/li>\n<li style=\"font-weight: 400;\" aria-level=\"1\"><span style=\"font-weight: 400;\">Revisar els protocols de salut i les autoritzacions referides a administraci\u00f3 de medicacions que tenim a l\u2019escola.<\/span><\/li>\n<li style=\"font-weight: 400;\" aria-level=\"1\"><span style=\"font-weight: 400;\">Participar en l\u2019elaboraci\u00f3 del PI, referent a l\u2019apartat de salut, de l\u2019alumnat adscrit al programa.<\/span><\/li>\n<li style=\"font-weight: 400;\" aria-level=\"1\"><span style=\"font-weight: 400;\">Coordinar-se amb altres serveis de salut externs al centre que atenen a l\u2019alumnat.<\/span><\/li>\n<li style=\"font-weight: 400;\" aria-level=\"1\"><span style=\"font-weight: 400;\">Reunir-se i assessorar a les fam\u00edlies d\u2019aquest alumnat sobre aspectes de salut importants.<\/span><\/li>\n<\/ul>\n<p>&nbsp;<\/p>\n<p><strong>Infermera referent:<\/strong><\/p>\n<p>Carol S\u00e1enz<\/p>\n<p>&nbsp;<\/p>\n<p>&nbsp;<\/p>\n","protected":false},"excerpt":{"rendered":"<p>&nbsp;<br \/>\nDes del curs 2022-2023, el centre est\u00e0 adherit al Programa d\u2019Atenci\u00f3 a l\u2019alumnat amb Necessitats Especials de Salut als centres educatius.<br \/>\nAquest programa va dirigit a l&#8217;alumnat del centre que tingui necessitats especials de salut, sempre que la fam\u00edlia hagi signat pr\u00e8viament la seva autoritzaci\u00f3.<br \/>\nAquest programa&hellip;  <a href=\"https:\/\/agora.xtec.cat\/cee-canoriol\/serveis\/assessorament-extern\/programa-de-salut\/\" title=\"Read Programa de salut\">Llegeix m\u00e9s\u00bb<\/a><\/p>\n","protected":false},"author":1,"featured_media":0,"parent":667,"menu_order":5,"comment_status":"closed","ping_status":"closed","template":"page-templates\/side-menu.php","meta":{"_bbp_topic_count":0,"_bbp_reply_count":0,"_bbp_total_topic_count":0,"_bbp_total_reply_count":0,"_bbp_voice_count":0,"_bbp_anonymous_reply_count":0,"_bbp_topic_count_hidden":0,"_bbp_reply_count_hidden":0,"_bbp_forum_subforum_count":0,"footnotes":""},"class_list":["post-1195","page","type-page","status-publish","hentry"],"post_mailing_queue_ids":[],"_links":{"self":[{"href":"https:\/\/agora.xtec.cat\/cee-canoriol\/wp-json\/wp\/v2\/pages\/1195","targetHints":{"allow":["GET"]}}],"collection":[{"href":"https:\/\/agora.xtec.cat\/cee-canoriol\/wp-json\/wp\/v2\/pages"}],"about":[{"href":"https:\/\/agora.xtec.cat\/cee-canoriol\/wp-json\/wp\/v2\/types\/page"}],"author":[{"embeddable":true,"href":"https:\/\/agora.xtec.cat\/cee-canoriol\/wp-json\/wp\/v2\/users\/1"}],"replies":[{"embeddable":true,"href":"https:\/\/agora.xtec.cat\/cee-canoriol\/wp-json\/wp\/v2\/comments?post=1195"}],"version-history":[{"count":4,"href":"https:\/\/agora.xtec.cat\/cee-canoriol\/wp-json\/wp\/v2\/pages\/1195\/revisions"}],"predecessor-version":[{"id":1852,"href":"https:\/\/agora.xtec.cat\/cee-canoriol\/wp-json\/wp\/v2\/pages\/1195\/revisions\/1852"}],"up":[{"embeddable":true,"href":"https:\/\/agora.xtec.cat\/cee-canoriol\/wp-json\/wp\/v2\/pages\/667"}],"wp:attachment":[{"href":"https:\/\/agora.xtec.cat\/cee-canoriol\/wp-json\/wp\/v2\/media?parent=1195"}],"curies":[{"name":"wp","href":"https:\/\/api.w.org\/{rel}","templated":true}]}}

<p>&nbsp;</p>
<p><span style="font-weight: 400;">Des del curs 2022-2023, el centre està adherit al Programa d’Atenció a l’alumnat amb Necessitats Especials de Salut als centres educatius.</span></p>
<p>Aquest programa va dirigit a l&#8217;alumnat del centre que tingui necessitats especials de salut, sempre que la família hagi signat prèviament la seva autorització.</p>
<p>Aquest programa permet que assisteixi setmanalment al centre una infermera, dimarts  i dijous, en horari de 10:00 h a 13:00 h.</p>
<p><span style="font-weight: 400;">Les funcions de la infermera són:</span></p>
<ul>
<li style="font-weight: 400;" aria-level="1"><span style="font-weight: 400;">Vetllar pel benestar i salut de l’alumnat adscrit del programa.</span></li>
<li style="font-weight: 400;" aria-level="1"><span style="font-weight: 400;">Assessorar els professionals que intervenen amb aquest alumnat sobre aspectes de salut rellevants.</span></li>
<li style="font-weight: 400;" aria-level="1"><span style="font-weight: 400;">Realitzar formacions específiques sobre temes concrets de salut al Claustre.</span></li>
<li style="font-weight: 400;" aria-level="1"><span style="font-weight: 400;">Revisar els protocols de salut i les autoritzacions referides a administració de medicacions que tenim a l’escola.</span></li>
<li style="font-weight: 400;" aria-level="1"><span style="font-weight: 400;">Participar en l’elaboració del PI, referent a l’apartat de salut, de l’alumnat adscrit al programa.</span></li>
<li style="font-weight: 400;" aria-level="1"><span style="font-weight: 400;">Coordinar-se amb altres serveis de salut externs al centre que atenen a l’alumnat.</span></li>
<li style="font-weight: 400;" aria-level="1"><span style="font-weight: 400;">Reunir-se i assessorar a les famílies d’aquest alumnat sobre aspectes de salut importants.</span></li>
</ul>
<p>&nbsp;</p>
<p><strong>Infermera referent:</strong></p>
<p>Carol Sáenz</p>
<p>&nbsp;</p>
<p>&nbsp;</p>

<p>&nbsp;<br />
Des del curs 2022-2023, el centre està adherit al Programa d’Atenció a l’alumnat amb Necessitats Especials de Salut als centres educatius.<br />
Aquest programa va dirigit a l&#8217;alumnat del centre que tingui necessitats especials de salut, sempre que la família hagi signat prèviament la seva autorització.<br />
Aquest programa&hellip;  <a href="https://agora.xtec.cat/cee-canoriol/serveis/assessorament-extern/programa-de-salut/" title="Read Programa de salut">Llegeix més»</a></p>
