{"id":759,"date":"2018-02-02T15:28:47","date_gmt":"2018-02-02T14:28:47","guid":{"rendered":"http:\/\/agora.xtec.cat\/ce-elsegre\/?page_id=759"},"modified":"2022-05-31T16:02:44","modified_gmt":"2022-05-31T14:02:44","slug":"premis-el-cac-a-lescola","status":"publish","type":"page","link":"https:\/\/agora.xtec.cat\/ce-elsegre\/serveis\/premis-el-cac-a-lescola\/","title":{"rendered":"Premis el CAC a l&#8217;escola"},"content":{"rendered":"<p style=\"text-align: justify;\">Entenem que ha de formar part del nostre full de ruta, el ser presents en el context divers i plural que \u00e9s la nostra societat. Pensem que en la mesura que es conegui aquest teixit de realitats, ben sovint diferents, la societat podr\u00e0 arribar a con\u00e8ixer-les millor i aportar quelcom per millorar-les.<\/p>\n<p style=\"text-align: justify;\">\u00c9s amb aquesta filosofia que els mestres del CE El Segre es presenten als Premis el CAC a l\u2019escola (Consell Audiovisual de Catalunya), per fer m\u00e9s present la nostra organitzaci\u00f3 en aquesta nostra societat.<\/p>\n<p style=\"text-align: justify;\"><strong>L&#8217;any 2015-2016<\/strong> presentem als premis el v\u00eddeo, <strong>\u201cEn catal\u00e0, s\u00ed! en catal\u00e0&#8221;<\/strong>, on el resultat va ser\u00a0un reconeixement a la feina feta per ensenyants i menors i joves materialitzat amb un diploma ple de contingut.<\/p>\n<p style=\"text-align: justify;\"><strong>L&#8217;any 2016-2017<\/strong> presentem el v\u00eddeo, <strong>&#8220;Espurnes pedag\u00f2giques&#8221;<\/strong> on el resultat va ser un segon premi, dotat amb 500 euros que es destinaran a recursos tecnol\u00f2gics per poder continuar treballant en aquests formats.<\/p>\n<h6 style=\"text-align: justify;\"><span style=\"color: #000000;\">Anem al CosmoCaixa de Barcelona a recollir el premi!<\/span><\/h6>\n<p style=\"text-align: justify;\">\u00a0<img loading=\"lazy\" decoding=\"async\" class=\"alignnone wp-image-748\" src=\"http:\/\/agora.xtec.cat\/ce-elsegre\/wp-content\/uploads\/usu1573\/2017\/02\/Centre-educatiu-el-Segre002-1024x683.jpg\" alt=\"\" width=\"371\" height=\"248\" srcset=\"https:\/\/agora.xtec.cat\/ce-elsegre\/wp-content\/uploads\/usu1573\/2017\/02\/Centre-educatiu-el-Segre002-1024x683.jpg 1024w, https:\/\/agora.xtec.cat\/ce-elsegre\/wp-content\/uploads\/usu1573\/2017\/02\/Centre-educatiu-el-Segre002-300x200.jpg 300w, https:\/\/agora.xtec.cat\/ce-elsegre\/wp-content\/uploads\/usu1573\/2017\/02\/Centre-educatiu-el-Segre002-768x513.jpg 768w\" sizes=\"auto, (max-width: 371px) 100vw, 371px\" \/><\/p>\n<p style=\"text-align: justify;\">L&#8217;any <strong>2017-2018<\/strong> ens hi vam tornar a presentar amb el v\u00eddeo <strong>&#8220;Nom\u00e9s una oportunitat&#8221;. <\/strong>Aquest cop no vam aconseguir cap premi per\u00f2 nom\u00e9s el fet de participar ja va ser molt important per aquests nois.<\/p>\n<p style=\"text-align: justify;\">Aquest curs <strong>2019-2020<\/strong> ens hem tornat a presentar, malgrat la pand\u00e8mia. I amb el v\u00eddeo <strong>&#8220;Comencem&#8221;<\/strong> hem volgut donar m\u00e9s visibilitat al nostre col\u00b7lectiu. \u00c9s un recull de tot el que implica el projecte de naturalitzaci\u00f3 dels patis, tant per les escoles com pel CE El Segre.<\/p>\n<p style=\"text-align: justify;\">I estem molt contents d&#8217;haver obtingut el Primer Premi en la Categoria Centres Educatius, dotat amb 1000 euros que es destinaran a material escolar.<\/p>\n<p><img loading=\"lazy\" decoding=\"async\" class=\"wp-image-1836 alignleft\" src=\"https:\/\/agora.xtec.cat\/ce-elsegre\/wp-content\/uploads\/usu1573\/2020\/06\/1-1016x1024.jpg\" alt=\"\" width=\"375\" height=\"378\" srcset=\"https:\/\/agora.xtec.cat\/ce-elsegre\/wp-content\/uploads\/usu1573\/2020\/06\/1-1016x1024.jpg 1016w, https:\/\/agora.xtec.cat\/ce-elsegre\/wp-content\/uploads\/usu1573\/2020\/06\/1-150x150.jpg 150w, https:\/\/agora.xtec.cat\/ce-elsegre\/wp-content\/uploads\/usu1573\/2020\/06\/1-298x300.jpg 298w, https:\/\/agora.xtec.cat\/ce-elsegre\/wp-content\/uploads\/usu1573\/2020\/06\/1-768x774.jpg 768w, https:\/\/agora.xtec.cat\/ce-elsegre\/wp-content\/uploads\/usu1573\/2020\/06\/1.jpg 1024w\" sizes=\"auto, (max-width: 375px) 100vw, 375px\" \/><\/p>\n<p>&nbsp;<\/p>\n","protected":false},"excerpt":{"rendered":"<p>Entenem que ha de formar part del nostre full de ruta, el ser presents en el context divers i plural que \u00e9s la nostra societat. Pensem que en la mesura que es conegui aquest teixit de realitats, ben sovint diferents, la societat podr\u00e0 arribar a&hellip;  <a href=\"https:\/\/agora.xtec.cat\/ce-elsegre\/serveis\/premis-el-cac-a-lescola\/\" title=\"Read Premis el CAC a l&#8217;escola\">Llegeix m\u00e9s\u00bb<\/a><\/p>\n","protected":false},"author":1,"featured_media":0,"parent":63,"menu_order":40,"comment_status":"closed","ping_status":"closed","template":"page-templates\/side-menu.php","meta":{"_bbp_topic_count":0,"_bbp_reply_count":0,"_bbp_total_topic_count":0,"_bbp_total_reply_count":0,"_bbp_voice_count":0,"_bbp_anonymous_reply_count":0,"_bbp_topic_count_hidden":0,"_bbp_reply_count_hidden":0,"_bbp_forum_subforum_count":0,"footnotes":""},"class_list":["post-759","page","type-page","status-publish","hentry"],"post_mailing_queue_ids":[],"_links":{"self":[{"href":"https:\/\/agora.xtec.cat\/ce-elsegre\/wp-json\/wp\/v2\/pages\/759","targetHints":{"allow":["GET"]}}],"collection":[{"href":"https:\/\/agora.xtec.cat\/ce-elsegre\/wp-json\/wp\/v2\/pages"}],"about":[{"href":"https:\/\/agora.xtec.cat\/ce-elsegre\/wp-json\/wp\/v2\/types\/page"}],"author":[{"embeddable":true,"href":"https:\/\/agora.xtec.cat\/ce-elsegre\/wp-json\/wp\/v2\/users\/1"}],"replies":[{"embeddable":true,"href":"https:\/\/agora.xtec.cat\/ce-elsegre\/wp-json\/wp\/v2\/comments?post=759"}],"version-history":[{"count":4,"href":"https:\/\/agora.xtec.cat\/ce-elsegre\/wp-json\/wp\/v2\/pages\/759\/revisions"}],"predecessor-version":[{"id":2546,"href":"https:\/\/agora.xtec.cat\/ce-elsegre\/wp-json\/wp\/v2\/pages\/759\/revisions\/2546"}],"up":[{"embeddable":true,"href":"https:\/\/agora.xtec.cat\/ce-elsegre\/wp-json\/wp\/v2\/pages\/63"}],"wp:attachment":[{"href":"https:\/\/agora.xtec.cat\/ce-elsegre\/wp-json\/wp\/v2\/media?parent=759"}],"curies":[{"name":"wp","href":"https:\/\/api.w.org\/{rel}","templated":true}]}}