{"id":2869,"date":"2023-04-26T13:07:21","date_gmt":"2023-04-26T11:07:21","guid":{"rendered":"https:\/\/agora.xtec.cat\/ce-elsegre\/?page_id=2869"},"modified":"2024-04-04T22:45:31","modified_gmt":"2024-04-04T20:45:31","slug":"serveis-digitals","status":"publish","type":"page","link":"https:\/\/agora.xtec.cat\/ce-elsegre\/estrategia-digital-de-centre-edc\/cultura-digital-de-centre\/serveis-digitals\/","title":{"rendered":"Serveis digitals"},"content":{"rendered":"<p><strong>\u00a0<\/strong><strong>EQUIPAMENT INFORM\u00c0TIC <\/strong><\/p>\n<p><strong>\u00a0<\/strong><strong>DOCENTS: <\/strong><\/p>\n<ul>\n<li style=\"text-align: justify;\">Tot el professorat del Claustre disposa d\u2019un ordinador port\u00e0til, cedit pel Departament d\u2019Educaci\u00f3 gr\u00e0cies al PEDC.<\/li>\n<li style=\"text-align: justify;\">Tamb\u00e9 disposem d\u2019ordinadors del Departament de Just\u00edcia amb acc\u00e9s a internet i a la xarxa local.<\/li>\n<li style=\"text-align: justify;\">Equip multifunci\u00f3 A4 Color Konica Bizhub C3350i, amb funcions d\u2019impressi\u00f3 i esc\u00e0ner solament des dels ordinadors docents de les aules.<\/li>\n<li style=\"text-align: justify;\">A m\u00e9s tamb\u00e9 disposem d\u2019impressora i esc\u00e0ner del Departament de Just\u00edcia. Acc\u00e9s amb targeta.<\/li>\n<li style=\"text-align: justify;\">Els mestres tamb\u00e9 disposem d\u2019un ordinador de sobretaula situat en cadascuna de les 4 aules, amb navegaci\u00f3 per usuari autenticat. Tamb\u00e9 amb opci\u00f3 d\u2019impressi\u00f3.<\/li>\n<\/ul>\n<p style=\"text-align: justify;\"><strong>ALUMNES: <\/strong><\/p>\n<ul style=\"text-align: justify;\">\n<li>L\u2019alumnat disposa d\u2019ordinadors de sobretaula, amb teclat i ratol\u00ed. Concretament disposem de 28 ordinadors repartits entre les 4 unitats docents. Els alumnes poden navegar per llista blanca, aix\u00f2 significa que solament ho poden fer amb aquelles p\u00e0gines pr\u00e8viament acceptades i revisades. Aquests ordinadors no disposen d\u2019opci\u00f3 d\u2019impressi\u00f3.<\/li>\n<li>En 2 aules hi ha panells interactius i en les altres 2 hi ha pissarres digitals amb projector, que estan pendents de renovaci\u00f3.<\/li>\n<\/ul>\n<p style=\"text-align: justify;\"><strong>ALTRES INFORMACIONS: <\/strong><\/p>\n<ul>\n<li style=\"text-align: justify;\">El centre NO disposa de xarxa wifi i per tant a les aules disposem d\u2019internet gr\u00e0cies als usuaris autenticats (nom\u00e9s per docents).<\/li>\n<li style=\"text-align: justify;\">Les aules disposen d\u2019un espai web (Nodes) amb la informaci\u00f3 p\u00fablica: <a href=\"https:\/\/agora.xtec.cat\/ce-elsegre\/\">https:\/\/agora.xtec.cat\/ce-elsegre\/<\/a> S\u2019hi poden trobar informacions est\u00e0tiques, que es revisen peri\u00f2dicament, i articles sobre les activitats que es van duent a terme en el nostre dia a dia.<\/li>\n<li style=\"text-align: justify;\">Per organitzar els documents dels docents i permetre una col\u00b7laboraci\u00f3 entre tot el personal s\u2019utilitza l\u2019eina Google Drive.<\/li>\n<\/ul>\n<p><img loading=\"lazy\" decoding=\"async\" class=\"alignnone size-full wp-image-3264 aligncenter\" src=\"https:\/\/agora.xtec.cat\/ce-elsegre\/wp-content\/uploads\/usu1573\/2024\/04\/media.jpg\" alt=\"\" width=\"518\" height=\"463\" srcset=\"https:\/\/agora.xtec.cat\/ce-elsegre\/wp-content\/uploads\/usu1573\/2024\/04\/media.jpg 518w, https:\/\/agora.xtec.cat\/ce-elsegre\/wp-content\/uploads\/usu1573\/2024\/04\/media-300x268.jpg 300w\" sizes=\"auto, (max-width: 518px) 100vw, 518px\" \/><\/p>\n","protected":false},"excerpt":{"rendered":"<p>\u00a0EQUIPAMENT INFORM\u00c0TIC<br \/>\n\u00a0DOCENTS: <\/p>\n<ul>\n<li style=\"text-align: justify;\">Tot el professorat del Claustre disposa d\u2019un ordinador port\u00e0til, cedit pel Departament d\u2019Educaci\u00f3 gr\u00e0cies al PEDC.<\/li>\n<li style=\"text-align: justify;\">Tamb\u00e9 disposem d\u2019ordinadors del Departament de Just\u00edcia amb acc\u00e9s a internet i a la xarxa local.<\/li>\n<li style=\"text-align: justify;\">Equip multifunci\u00f3 A4 Color Konica Bizhub&hellip;  <a href=\"https:\/\/agora.xtec.cat\/ce-elsegre\/estrategia-digital-de-centre-edc\/cultura-digital-de-centre\/serveis-digitals\/\" title=\"Read Serveis digitals\">Llegeix m\u00e9s\u00bb<\/a><br \/>\n","protected":false},"author":1,"featured_media":0,"parent":2864,"menu_order":0,"comment_status":"closed","ping_status":"closed","template":"page-templates\/side-menu.php","meta":{"_bbp_topic_count":0,"_bbp_reply_count":0,"_bbp_total_topic_count":0,"_bbp_total_reply_count":0,"_bbp_voice_count":0,"_bbp_anonymous_reply_count":0,"_bbp_topic_count_hidden":0,"_bbp_reply_count_hidden":0,"_bbp_forum_subforum_count":0,"footnotes":""},"class_list":["post-2869","page","type-page","status-publish","hentry"],"post_mailing_queue_ids":[],"_links":{"self":[{"href":"https:\/\/agora.xtec.cat\/ce-elsegre\/wp-json\/wp\/v2\/pages\/2869","targetHints":{"allow":["GET"]}}],"collection":[{"href":"https:\/\/agora.xtec.cat\/ce-elsegre\/wp-json\/wp\/v2\/pages"}],"about":[{"href":"https:\/\/agora.xtec.cat\/ce-elsegre\/wp-json\/wp\/v2\/types\/page"}],"author":[{"embeddable":true,"href":"https:\/\/agora.xtec.cat\/ce-elsegre\/wp-json\/wp\/v2\/users\/1"}],"replies":[{"embeddable":true,"href":"https:\/\/agora.xtec.cat\/ce-elsegre\/wp-json\/wp\/v2\/comments?post=2869"}],"version-history":[{"count":3,"href":"https:\/\/agora.xtec.cat\/ce-elsegre\/wp-json\/wp\/v2\/pages\/2869\/revisions"}],"predecessor-version":[{"id":3265,"href":"https:\/\/agora.xtec.cat\/ce-elsegre\/wp-json\/wp\/v2\/pages\/2869\/revisions\/3265"}],"up":[{"embeddable":true,"href":"https:\/\/agora.xtec.cat\/ce-elsegre\/wp-json\/wp\/v2\/pages\/2864"}],"wp:attachment":[{"href":"https:\/\/agora.xtec.cat\/ce-elsegre\/wp-json\/wp\/v2\/media?parent=2869"}],"curies":[{"name":"wp","href":"https:\/\/api.w.org\/{rel}","templated":true}]}}

<p><strong> </strong><strong>EQUIPAMENT INFORMÀTIC </strong></p>
<p><strong> </strong><strong>DOCENTS: </strong></p>
<ul>
<li style="text-align: justify;">Tot el professorat del Claustre disposa d’un ordinador portàtil, cedit pel Departament d’Educació gràcies al PEDC.</li>
<li style="text-align: justify;">També disposem d’ordinadors del Departament de Justícia amb accés a internet i a la xarxa local.</li>
<li style="text-align: justify;">Equip multifunció A4 Color Konica Bizhub C3350i, amb funcions d’impressió i escàner solament des dels ordinadors docents de les aules.</li>
<li style="text-align: justify;">A més també disposem d’impressora i escàner del Departament de Justícia. Accés amb targeta.</li>
<li style="text-align: justify;">Els mestres també disposem d’un ordinador de sobretaula situat en cadascuna de les 4 aules, amb navegació per usuari autenticat. També amb opció d’impressió.</li>
</ul>
<p style="text-align: justify;"><strong>ALUMNES: </strong></p>
<ul style="text-align: justify;">
<li>L’alumnat disposa d’ordinadors de sobretaula, amb teclat i ratolí. Concretament disposem de 28 ordinadors repartits entre les 4 unitats docents. Els alumnes poden navegar per llista blanca, això significa que solament ho poden fer amb aquelles pàgines prèviament acceptades i revisades. Aquests ordinadors no disposen d’opció d’impressió.</li>
<li>En 2 aules hi ha panells interactius i en les altres 2 hi ha pissarres digitals amb projector, que estan pendents de renovació.</li>
</ul>
<p style="text-align: justify;"><strong>ALTRES INFORMACIONS: </strong></p>
<ul>
<li style="text-align: justify;">El centre NO disposa de xarxa wifi i per tant a les aules disposem d’internet gràcies als usuaris autenticats (només per docents).</li>
<li style="text-align: justify;">Les aules disposen d’un espai web (Nodes) amb la informació pública: <a href="https://agora.xtec.cat/ce-elsegre/">https://agora.xtec.cat/ce-elsegre/</a> S’hi poden trobar informacions estàtiques, que es revisen periòdicament, i articles sobre les activitats que es van duent a terme en el nostre dia a dia.</li>
<li style="text-align: justify;">Per organitzar els documents dels docents i permetre una col·laboració entre tot el personal s’utilitza l’eina Google Drive.</li>
</ul>
<p><img loading="lazy" decoding="async" class="alignnone size-full wp-image-3264 aligncenter" src="https://agora.xtec.cat/ce-elsegre/wp-content/uploads/usu1573/2024/04/media.jpg" alt="" width="518" height="463" srcset="https://agora.xtec.cat/ce-elsegre/wp-content/uploads/usu1573/2024/04/media.jpg 518w, https://agora.xtec.cat/ce-elsegre/wp-content/uploads/usu1573/2024/04/media-300x268.jpg 300w" sizes="auto, (max-width: 518px) 100vw, 518px" /></p>

<p> EQUIPAMENT INFORMÀTIC<br />
 DOCENTS: </p>
<ul>
<li style="text-align: justify;">Tot el professorat del Claustre disposa d’un ordinador portàtil, cedit pel Departament d’Educació gràcies al PEDC.</li>
<li style="text-align: justify;">També disposem d’ordinadors del Departament de Justícia amb accés a internet i a la xarxa local.</li>
<li style="text-align: justify;">Equip multifunció A4 Color Konica Bizhub&hellip;  <a href="https://agora.xtec.cat/ce-elsegre/estrategia-digital-de-centre-edc/cultura-digital-de-centre/serveis-digitals/" title="Read Serveis digitals">Llegeix més»</a><br />
