{"id":2854,"date":"2023-04-26T12:53:52","date_gmt":"2023-04-26T10:53:52","guid":{"rendered":"https:\/\/agora.xtec.cat\/ce-elsegre\/?page_id=2854"},"modified":"2023-06-26T17:43:38","modified_gmt":"2023-06-26T15:43:38","slug":"objectius","status":"publish","type":"page","link":"https:\/\/agora.xtec.cat\/ce-elsegre\/estrategia-digital-de-centre-edc\/documents-curriculars\/objectius\/","title":{"rendered":"Objectius"},"content":{"rendered":"<p style=\"text-align: justify;\">Tot seguit us deixem amb els objectius que ens hem plantejat abordar:<\/p>\n<table style=\"border-collapse: collapse; width: 74.5946%; height: 222px;\">\n<tbody>\n<tr>\n<td style=\"width: 100%; text-align: justify;\"><strong>O1:<\/strong> Utilitzar un entorn virtual d&#8217;aprenentatge per tal que l&#8217;alumnat es pugui formar digitalment al llarg de la seva vida laboral (Curs 2023-24).<\/td>\n<\/tr>\n<tr>\n<td style=\"width: 100%; text-align: justify;\"><strong>O2:<\/strong> Millorar l&#8217;actuaci\u00f3 segura a internet del nostre alumnat per prevenir riscos associats a l&#8217;\u00fas de la xarxa (Curs 2023-24).<\/td>\n<\/tr>\n<tr>\n<td style=\"width: 100%; text-align: justify;\"><strong>O3:<\/strong> Promoure l&#8217;\u00fas d&#8217;eines digitals durant les activitats d&#8217;aula per a donar resposta al seu propi inter\u00e8s (Curs 2023-24).<\/td>\n<\/tr>\n<tr>\n<td style=\"width: 100%; text-align: justify;\"><strong>O4:<\/strong> Impulsar la formaci\u00f3 del claustre per millorar la seva compet\u00e8ncia digital (Curs 2023-24).<\/td>\n<\/tr>\n<tr>\n<td style=\"width: 100%; text-align: justify;\"><strong>O5:<\/strong> Definir el desplegament complet de la compet\u00e8ncia digital de l&#8217;alumnat per establir la l\u00ednia de centre en l&#8217;\u00e0mbit digital (Cursos 2023-24 i 2024-25).<\/td>\n<\/tr>\n<\/tbody>\n<\/table>\n<p>&nbsp;<\/p>\n","protected":false},"excerpt":{"rendered":"<p>Tot seguit us deixem amb els objectius que ens hem plantejat abordar:<\/p>\n<p>O1: Utilitzar un entorn virtual d&#8217;aprenentatge per tal que l&#8217;alumnat es pugui formar digitalment al llarg de la seva vida laboral (Curs 2023-24).<\/p>\n<p>O2: Millorar l&#8217;actuaci\u00f3 segura a internet del nostre alumnat per prevenir riscos&hellip;  <a href=\"https:\/\/agora.xtec.cat\/ce-elsegre\/estrategia-digital-de-centre-edc\/documents-curriculars\/objectius\/\" title=\"Read Objectius\">Llegeix m\u00e9s\u00bb<\/a><\/p>\n","protected":false},"author":1,"featured_media":0,"parent":1920,"menu_order":4,"comment_status":"closed","ping_status":"closed","template":"page-templates\/side-menu.php","meta":{"_bbp_topic_count":0,"_bbp_reply_count":0,"_bbp_total_topic_count":0,"_bbp_total_reply_count":0,"_bbp_voice_count":0,"_bbp_anonymous_reply_count":0,"_bbp_topic_count_hidden":0,"_bbp_reply_count_hidden":0,"_bbp_forum_subforum_count":0,"footnotes":""},"class_list":["post-2854","page","type-page","status-publish","hentry"],"post_mailing_queue_ids":[],"_links":{"self":[{"href":"https:\/\/agora.xtec.cat\/ce-elsegre\/wp-json\/wp\/v2\/pages\/2854","targetHints":{"allow":["GET"]}}],"collection":[{"href":"https:\/\/agora.xtec.cat\/ce-elsegre\/wp-json\/wp\/v2\/pages"}],"about":[{"href":"https:\/\/agora.xtec.cat\/ce-elsegre\/wp-json\/wp\/v2\/types\/page"}],"author":[{"embeddable":true,"href":"https:\/\/agora.xtec.cat\/ce-elsegre\/wp-json\/wp\/v2\/users\/1"}],"replies":[{"embeddable":true,"href":"https:\/\/agora.xtec.cat\/ce-elsegre\/wp-json\/wp\/v2\/comments?post=2854"}],"version-history":[{"count":4,"href":"https:\/\/agora.xtec.cat\/ce-elsegre\/wp-json\/wp\/v2\/pages\/2854\/revisions"}],"predecessor-version":[{"id":2956,"href":"https:\/\/agora.xtec.cat\/ce-elsegre\/wp-json\/wp\/v2\/pages\/2854\/revisions\/2956"}],"up":[{"embeddable":true,"href":"https:\/\/agora.xtec.cat\/ce-elsegre\/wp-json\/wp\/v2\/pages\/1920"}],"wp:attachment":[{"href":"https:\/\/agora.xtec.cat\/ce-elsegre\/wp-json\/wp\/v2\/media?parent=2854"}],"curies":[{"name":"wp","href":"https:\/\/api.w.org\/{rel}","templated":true}]}}