{"id":1920,"date":"2020-11-04T11:28:46","date_gmt":"2020-11-04T10:28:46","guid":{"rendered":"http:\/\/agora.xtec.cat\/ce-elsegre\/?page_id=1920"},"modified":"2023-06-26T14:20:32","modified_gmt":"2023-06-26T12:20:32","slug":"documents-curriculars","status":"publish","type":"page","link":"https:\/\/agora.xtec.cat\/ce-elsegre\/estrategia-digital-de-centre-edc\/documents-curriculars\/","title":{"rendered":"Part estrat\u00e8gica"},"content":{"rendered":"<p><img loading=\"lazy\" decoding=\"async\" class=\"wp-image-2919 alignleft\" src=\"https:\/\/agora.xtec.cat\/ce-elsegre\/wp-content\/uploads\/usu1573\/2023\/05\/Blue-Computer-Icon-Background-Technology-Presentation-1.jpg\" alt=\"\" width=\"485\" height=\"256\" srcset=\"https:\/\/agora.xtec.cat\/ce-elsegre\/wp-content\/uploads\/usu1573\/2023\/05\/Blue-Computer-Icon-Background-Technology-Presentation-1.jpg 1023w, https:\/\/agora.xtec.cat\/ce-elsegre\/wp-content\/uploads\/usu1573\/2023\/05\/Blue-Computer-Icon-Background-Technology-Presentation-1-300x158.jpg 300w, https:\/\/agora.xtec.cat\/ce-elsegre\/wp-content\/uploads\/usu1573\/2023\/05\/Blue-Computer-Icon-Background-Technology-Presentation-1-768x405.jpg 768w\" sizes=\"auto, (max-width: 485px) 100vw, 485px\" \/><\/p>\n<p>&nbsp;<\/p>\n<p>&nbsp;<\/p>\n<p>&nbsp;<\/p>\n<p>&nbsp;<\/p>\n<p>&nbsp;<\/p>\n<p>&nbsp;<\/p>\n<p style=\"text-align: justify;\">Per poder dissenyar la nostra Estrat\u00e8gia Digital de Centre hem hagut de seguir una s\u00e8rie de passos per a concretar-la:<\/p>\n<ol>\n<li style=\"text-align: justify;\">En primer lloc hem fet una diagnosi del centre, posant \u00e8mfasi sobretot amb els nostres alumnes, que ens ha perm\u00e8s copsar el punt inicial en qu\u00e8 ens trobem. <strong>En quin punt estem?<\/strong><\/li>\n<li style=\"text-align: justify;\">A partir del resultat de la diagnosi, dels objectius que marca el PEC i dels objectius del PEDC (Pla d&#8217;Educaci\u00f3 Digital de Catalunya) i de la visi\u00f3 que t\u00e9 el centre d&#8217;on vol arribar, ens hem elaborat uns objectius, que seran a complir en un termini de 3 o 4 anys. <strong>On volem arribar?\u00a0<\/strong><\/li>\n<li style=\"text-align: justify;\">Tot seguit hem definit la planificaci\u00f3 d&#8217;accions per aconseguir aquests objectius. <strong>Qu\u00e8 farem per arribar-hi?<\/strong><\/li>\n<li style=\"text-align: justify;\">I per acabar, farem el seguiment i l&#8217;avaluaci\u00f3 d&#8217;aquestes accions i ens fixarem en l&#8217;assoliment d&#8217;aquests objectius.<strong> Com ho analitzarem?<\/strong><\/li>\n<\/ol>\n<p><img loading=\"lazy\" decoding=\"async\" class=\"alignnone wp-image-2922\" src=\"https:\/\/agora.xtec.cat\/ce-elsegre\/wp-content\/uploads\/usu1573\/2023\/05\/EStratEgia-digiatl-de-centre-2.jpg\" alt=\"\" width=\"376\" height=\"402\" srcset=\"https:\/\/agora.xtec.cat\/ce-elsegre\/wp-content\/uploads\/usu1573\/2023\/05\/EStratEgia-digiatl-de-centre-2.jpg 791w, https:\/\/agora.xtec.cat\/ce-elsegre\/wp-content\/uploads\/usu1573\/2023\/05\/EStratEgia-digiatl-de-centre-2-281x300.jpg 281w, https:\/\/agora.xtec.cat\/ce-elsegre\/wp-content\/uploads\/usu1573\/2023\/05\/EStratEgia-digiatl-de-centre-2-768x820.jpg 768w\" sizes=\"auto, (max-width: 376px) 100vw, 376px\" \/><\/p>\n","protected":false},"excerpt":{"rendered":"<p>&nbsp;<br \/>\n&nbsp;<br \/>\n&nbsp;<br \/>\n&nbsp;<br \/>\n&nbsp;<br \/>\n&nbsp;<br \/>\nPer poder dissenyar la nostra Estrat\u00e8gia Digital de Centre hem hagut de seguir una s\u00e8rie de passos per a concretar-la:<\/p>\n<ol>\n<li style=\"text-align: justify;\">En primer lloc hem fet una diagnosi del centre, posant \u00e8mfasi sobretot amb els nostres alumnes, que ens ha perm\u00e8s copsar el punt inicial&hellip;  <a href=\"https:\/\/agora.xtec.cat\/ce-elsegre\/estrategia-digital-de-centre-edc\/documents-curriculars\/\" title=\"Read Part estrat\u00e8gica\">Llegeix m\u00e9s\u00bb<\/a><br \/>\n","protected":false},"author":1,"featured_media":0,"parent":2882,"menu_order":0,"comment_status":"closed","ping_status":"closed","template":"page-templates\/side-menu.php","meta":{"_bbp_topic_count":0,"_bbp_reply_count":0,"_bbp_total_topic_count":0,"_bbp_total_reply_count":0,"_bbp_voice_count":0,"_bbp_anonymous_reply_count":0,"_bbp_topic_count_hidden":0,"_bbp_reply_count_hidden":0,"_bbp_forum_subforum_count":0,"footnotes":""},"class_list":["post-1920","page","type-page","status-publish","hentry"],"post_mailing_queue_ids":[],"_links":{"self":[{"href":"https:\/\/agora.xtec.cat\/ce-elsegre\/wp-json\/wp\/v2\/pages\/1920","targetHints":{"allow":["GET"]}}],"collection":[{"href":"https:\/\/agora.xtec.cat\/ce-elsegre\/wp-json\/wp\/v2\/pages"}],"about":[{"href":"https:\/\/agora.xtec.cat\/ce-elsegre\/wp-json\/wp\/v2\/types\/page"}],"author":[{"embeddable":true,"href":"https:\/\/agora.xtec.cat\/ce-elsegre\/wp-json\/wp\/v2\/users\/1"}],"replies":[{"embeddable":true,"href":"https:\/\/agora.xtec.cat\/ce-elsegre\/wp-json\/wp\/v2\/comments?post=1920"}],"version-history":[{"count":3,"href":"https:\/\/agora.xtec.cat\/ce-elsegre\/wp-json\/wp\/v2\/pages\/1920\/revisions"}],"predecessor-version":[{"id":2924,"href":"https:\/\/agora.xtec.cat\/ce-elsegre\/wp-json\/wp\/v2\/pages\/1920\/revisions\/2924"}],"up":[{"embeddable":true,"href":"https:\/\/agora.xtec.cat\/ce-elsegre\/wp-json\/wp\/v2\/pages\/2882"}],"wp:attachment":[{"href":"https:\/\/agora.xtec.cat\/ce-elsegre\/wp-json\/wp\/v2\/media?parent=1920"}],"curies":[{"name":"wp","href":"https:\/\/api.w.org\/{rel}","templated":true}]}}