{"id":784,"date":"2020-08-11T13:46:53","date_gmt":"2020-08-11T11:46:53","guid":{"rendered":"https:\/\/agora.xtec.cat\/baldirireixach\/?page_id=784"},"modified":"2020-08-11T13:50:42","modified_gmt":"2020-08-11T11:50:42","slug":"juguem-amb-cordes","status":"publish","type":"page","link":"https:\/\/agora.xtec.cat\/baldirireixach\/projectes_educatius\/juguem-amb-cordes\/","title":{"rendered":"Juguem amb cordes"},"content":{"rendered":"<p><a href=\"https:\/\/photos.google.com\/share\/AF1QipPWKitfh9gmVsCur8oFR9YDvJV1Iy7jbSXAyOBmZwB2oC4aYv6EGtFS9bBQ3vM_jw?key=WlpQZ194YjdpWEhNU2xpR0NhZ0YxQmFJTVlyVWJR\"><img loading=\"lazy\" decoding=\"async\" class=\"size-large alignleft\" src=\"https:\/\/lh3.googleusercontent.com\/-_w2YdA81bl4\/WJNIdl90mAI\/AAAAAAAAAKY\/EXsarkyDMx4GyZUVwQAgVuLPDKok4iyCACMQC\/s400\/IMG_20170202_152416.jpg\" width=\"400\" height=\"300\" \/><\/a>El febrer del 2017 l\u2019escola Mn. Baldiri Reixach va iniciar\u00a0 el projecte <strong>Planters<\/strong>, impulsat per <a href=\"https:\/\/www.conarteinternacional.net\/\" target=\"_blank\" rel=\"noopener noreferrer\">Conarte Internacional<\/a> i amb la col\u00b7laboraci\u00f3 de l\u2019Ajuntament de Sant Feliu de Gu\u00edxols i especialment del <a href=\"https:\/\/twitter.com\/JRLlobet1\" target=\"_blank\" rel=\"noopener noreferrer\">Sr Josep-Ramon Llobet<\/a>, professor de l&#8217;<a href=\"https:\/\/escolademusica.guixols.cat\/\" target=\"_blank\" rel=\"noopener noreferrer\">escola de M\u00fasica de Sant Feliu de Gu\u00edxols<\/a>. En aquest projecte es pret\u00e9n vincular l\u2019educaci\u00f3 i les arts a l\u2019aula, i d\u2019aquesta manera aconseguir una millora del clima escolar, afavorir la integraci\u00f3 social, potenciar el di\u00e0leg intercultural i augmentar les capacitats d\u2019aprenentatge en els beneficiaris del projecte.<br \/>\nEls alumnes de cicle mitj\u00e0 van portar a terme aquest projecte durant dos cursos en els quals van treballar\u00a0 amb instruments de corda, viol\u00ed i violoncel, de manera que acabaren formant una petita orquestra de corda que els va iniciar en el m\u00f3n de la m\u00fasica. Podeu veure un <a href=\"https:\/\/photos.google.com\/share\/AF1QipPWKitfh9gmVsCur8oFR9YDvJV1Iy7jbSXAyOBmZwB2oC4aYv6EGtFS9bBQ3vM_jw?key=WlpQZ194YjdpWEhNU2xpR0NhZ0YxQmFJTVlyVWJR\" target=\"_blank\" rel=\"noopener noreferrer\">\u00e0lbum de fotos<\/a> en aquest <a href=\"https:\/\/photos.google.com\/share\/AF1QipPWKitfh9gmVsCur8oFR9YDvJV1Iy7jbSXAyOBmZwB2oC4aYv6EGtFS9bBQ3vM_jw?key=WlpQZ194YjdpWEhNU2xpR0NhZ0YxQmFJTVlyVWJR\" target=\"_blank\" rel=\"noopener noreferrer\">enlla\u00e7<\/a>,\u00a0 i uns <a href=\"https:\/\/youtu.be\/nKODn34XgB4\" target=\"_blank\" rel=\"noopener noreferrer\">v\u00eddeos<\/a> de les diverses audicions que es van portar a terme, ho trobareu al canal de <a href=\"https:\/\/www.youtube.com\/channel\/UCER8YLwJMH-2LHSQTVElKHg\" target=\"_blank\" rel=\"noopener noreferrer\">Youtube<\/a> de l&#8217;escola.<\/p>\n<p>A partir del curs 2019\/2020 el projecte planter evoluciona, s&#8217;amplia i reanomena a <a href=\"https:\/\/photos.app.goo.gl\/MgoAdPAxj1aUhjYt5\" target=\"_blank\" rel=\"noopener noreferrer\"><strong>Juguem amb cordes<\/strong><\/a>. Amb aquesta evoluci\u00f3 ja s\u00f3n dos els nivells educatius que hi participen, tercer i quart, i amb la voluntat que el curs 2020\/2021 segueixi el seu recorregut i abasti els cursos de tercer fins a cinqu\u00e8.<\/p>\n","protected":false},"excerpt":{"rendered":"<p>El febrer del 2017 l\u2019escola Mn. Baldiri Reixach va iniciar\u00a0 el projecte Planters, impulsat per Conarte Internacional i amb la col\u00b7laboraci\u00f3 de l\u2019Ajuntament de Sant Feliu de Gu\u00edxols i especialment del Sr Josep-Ramon Llobet, professor de l&#8217;escola de M\u00fasica de Sant Feliu de Gu\u00edxols. En aquest projecte es pret\u00e9n vincular l\u2019educaci\u00f3 i les arts a [&hellip;]<\/p>\n","protected":false},"author":1,"featured_media":0,"parent":64,"menu_order":20,"comment_status":"closed","ping_status":"closed","template":"page-templates\/side-menu.php","meta":{"_bbp_topic_count":0,"_bbp_reply_count":0,"_bbp_total_topic_count":0,"_bbp_total_reply_count":0,"_bbp_voice_count":0,"_bbp_anonymous_reply_count":0,"_bbp_topic_count_hidden":0,"_bbp_reply_count_hidden":0,"_bbp_forum_subforum_count":0,"site-sidebar-layout":"default","site-content-layout":"","ast-site-content-layout":"","site-content-style":"default","site-sidebar-style":"default","ast-global-header-display":"","ast-banner-title-visibility":"","ast-main-header-display":"","ast-hfb-above-header-display":"","ast-hfb-below-header-display":"","ast-hfb-mobile-header-display":"","site-post-title":"","ast-breadcrumbs-content":"","ast-featured-img":"","footer-sml-layout":"","theme-transparent-header-meta":"","adv-header-id-meta":"","stick-header-meta":"","header-above-stick-meta":"","header-main-stick-meta":"","header-below-stick-meta":"","astra-migrate-meta-layouts":"default","ast-page-background-enabled":"default","ast-page-background-meta":{"desktop":{"background-color":"var(--ast-global-color-4)","background-image":"","background-repeat":"repeat","background-position":"center center","background-size":"auto","background-attachment":"scroll","background-type":"","background-media":"","overlay-type":"","overlay-color":"","overlay-opacity":"","overlay-gradient":""},"tablet":{"background-color":"","background-image":"","background-repeat":"repeat","background-position":"center center","background-size":"auto","background-attachment":"scroll","background-type":"","background-media":"","overlay-type":"","overlay-color":"","overlay-opacity":"","overlay-gradient":""},"mobile":{"background-color":"","background-image":"","background-repeat":"repeat","background-position":"center center","background-size":"auto","background-attachment":"scroll","background-type":"","background-media":"","overlay-type":"","overlay-color":"","overlay-opacity":"","overlay-gradient":""}},"ast-content-background-meta":{"desktop":{"background-color":"var(--ast-global-color-5)","background-image":"","background-repeat":"repeat","background-position":"center center","background-size":"auto","background-attachment":"scroll","background-type":"","background-media":"","overlay-type":"","overlay-color":"","overlay-opacity":"","overlay-gradient":""},"tablet":{"background-color":"var(--ast-global-color-5)","background-image":"","background-repeat":"repeat","background-position":"center center","background-size":"auto","background-attachment":"scroll","background-type":"","background-media":"","overlay-type":"","overlay-color":"","overlay-opacity":"","overlay-gradient":""},"mobile":{"background-color":"var(--ast-global-color-5)","background-image":"","background-repeat":"repeat","background-position":"center center","background-size":"auto","background-attachment":"scroll","background-type":"","background-media":"","overlay-type":"","overlay-color":"","overlay-opacity":"","overlay-gradient":""}},"footnotes":""},"class_list":["post-784","page","type-page","status-publish","hentry"],"post_mailing_queue_ids":[],"_links":{"self":[{"href":"https:\/\/agora.xtec.cat\/baldirireixach\/wp-json\/wp\/v2\/pages\/784","targetHints":{"allow":["GET"]}}],"collection":[{"href":"https:\/\/agora.xtec.cat\/baldirireixach\/wp-json\/wp\/v2\/pages"}],"about":[{"href":"https:\/\/agora.xtec.cat\/baldirireixach\/wp-json\/wp\/v2\/types\/page"}],"author":[{"embeddable":true,"href":"https:\/\/agora.xtec.cat\/baldirireixach\/wp-json\/wp\/v2\/users\/1"}],"replies":[{"embeddable":true,"href":"https:\/\/agora.xtec.cat\/baldirireixach\/wp-json\/wp\/v2\/comments?post=784"}],"version-history":[{"count":3,"href":"https:\/\/agora.xtec.cat\/baldirireixach\/wp-json\/wp\/v2\/pages\/784\/revisions"}],"predecessor-version":[{"id":789,"href":"https:\/\/agora.xtec.cat\/baldirireixach\/wp-json\/wp\/v2\/pages\/784\/revisions\/789"}],"up":[{"embeddable":true,"href":"https:\/\/agora.xtec.cat\/baldirireixach\/wp-json\/wp\/v2\/pages\/64"}],"wp:attachment":[{"href":"https:\/\/agora.xtec.cat\/baldirireixach\/wp-json\/wp\/v2\/media?parent=784"}],"curies":[{"name":"wp","href":"https:\/\/api.w.org\/{rel}","templated":true}]}}