{"id":30,"date":"2014-09-18T12:30:23","date_gmt":"2014-09-18T11:30:23","guid":{"rendered":"http:\/\/agora.xtec.cat\/baldirireixach\/?page_id=30"},"modified":"2020-08-13T16:15:06","modified_gmt":"2020-08-13T14:15:06","slug":"instal%c2%b7lacions","status":"publish","type":"page","link":"https:\/\/agora.xtec.cat\/baldirireixach\/escola\/instal%c2%b7lacions\/","title":{"rendered":"Instal\u00b7lacions"},"content":{"rendered":"<p>L\u2019<a href=\"https:\/\/agora.xtec.cat\/baldirireixach\/\">escola Mn. Baldiri Reixach<\/a> est\u00e0 formada per dos edificis separats, dos recintes escolars diferents, un per a l\u2019etapa d\u2019educaci\u00f3 infantil i un altre per l\u2019etapa de prim\u00e0ria.<\/p>\n<p>A l\u2019edifici d\u2019infantil hi ha 6 aules destinades a les tutories de P3 a P5 totes dotades amb pissarra digital i una aula polivalent on s\u2019hi fa la pl\u00e0stica, el refor\u00e7, la rob\u00f2tica, biblioteca, etc.<\/p>\n<p>A l\u2019edifici de prim\u00e0ria hi ha 2 pisos. Al pis de baix hi ha 6 aules destinades a les tutories de 1r a 3r, totes dotades de pissarra digital, una aula polivalent per a fer pl\u00e0stica, rob\u00f2tica,\u00a0 i una aula petita per a fer suport en grup redu\u00eft o per fer atencions individualitzades (CREDA).<\/p>\n<p>Al primer pis tamb\u00e9 hi trobem el menjador amb un office on es preparen els plats.<\/p>\n<p>A la segona planta hi ha 6 aules destinades a les tutories de 4t a 6\u00e8, totes dotades de pissarra digital, un laboratori, una biblioteca, una aula d\u2019inform\u00e0tica, una aula de m\u00fasica, una d\u2019angl\u00e8s, una aula destinada a l\u2019educaci\u00f3 especial i una aula per a fer audici\u00f3 i llenguatge. Tamb\u00e9 hi ha dues aules m\u00e9s petites per a fer suports a grups redu\u00efts.<\/p>\n<p>Per accedir a la segona planta tenim una cadira elevadora per si algun alumne t\u00e9 dificultats amb les escales i un ascensor.<\/p>\n<p>En un edifici a part, per\u00f2 dins el mateix recinte escolar de prim\u00e0ria hi ha un gimn\u00e0s, amb una habitaci\u00f3 per guardar el material i dos vestuaris amb dutxes.<\/p>\n<p><em>Imatges instal\u00b7lacions (pendent d&#8217;edici\u00f3)<\/em><\/p>\n","protected":false},"excerpt":{"rendered":"<p>L\u2019escola Mn. Baldiri Reixach est\u00e0 formada per dos edificis separats, dos recintes escolars diferents, un per a l\u2019etapa d\u2019educaci\u00f3 infantil i un altre per l\u2019etapa de prim\u00e0ria. A l\u2019edifici d\u2019infantil hi ha 6 aules destinades a les tutories de P3 a P5 totes dotades amb pissarra digital i una aula polivalent on s\u2019hi fa la [&hellip;]<\/p>\n","protected":false},"author":1,"featured_media":0,"parent":22,"menu_order":40,"comment_status":"closed","ping_status":"closed","template":"page-templates\/side-menu.php","meta":{"_bbp_topic_count":0,"_bbp_reply_count":0,"_bbp_total_topic_count":0,"_bbp_total_reply_count":0,"_bbp_voice_count":0,"_bbp_anonymous_reply_count":0,"_bbp_topic_count_hidden":0,"_bbp_reply_count_hidden":0,"_bbp_forum_subforum_count":0,"site-sidebar-layout":"default","site-content-layout":"","ast-site-content-layout":"","site-content-style":"default","site-sidebar-style":"default","ast-global-header-display":"","ast-banner-title-visibility":"","ast-main-header-display":"","ast-hfb-above-header-display":"","ast-hfb-below-header-display":"","ast-hfb-mobile-header-display":"","site-post-title":"","ast-breadcrumbs-content":"","ast-featured-img":"","footer-sml-layout":"","theme-transparent-header-meta":"","adv-header-id-meta":"","stick-header-meta":"","header-above-stick-meta":"","header-main-stick-meta":"","header-below-stick-meta":"","astra-migrate-meta-layouts":"default","ast-page-background-enabled":"default","ast-page-background-meta":{"desktop":{"background-color":"var(--ast-global-color-4)","background-image":"","background-repeat":"repeat","background-position":"center center","background-size":"auto","background-attachment":"scroll","background-type":"","background-media":"","overlay-type":"","overlay-color":"","overlay-opacity":"","overlay-gradient":""},"tablet":{"background-color":"","background-image":"","background-repeat":"repeat","background-position":"center center","background-size":"auto","background-attachment":"scroll","background-type":"","background-media":"","overlay-type":"","overlay-color":"","overlay-opacity":"","overlay-gradient":""},"mobile":{"background-color":"","background-image":"","background-repeat":"repeat","background-position":"center center","background-size":"auto","background-attachment":"scroll","background-type":"","background-media":"","overlay-type":"","overlay-color":"","overlay-opacity":"","overlay-gradient":""}},"ast-content-background-meta":{"desktop":{"background-color":"var(--ast-global-color-5)","background-image":"","background-repeat":"repeat","background-position":"center center","background-size":"auto","background-attachment":"scroll","background-type":"","background-media":"","overlay-type":"","overlay-color":"","overlay-opacity":"","overlay-gradient":""},"tablet":{"background-color":"var(--ast-global-color-5)","background-image":"","background-repeat":"repeat","background-position":"center center","background-size":"auto","background-attachment":"scroll","background-type":"","background-media":"","overlay-type":"","overlay-color":"","overlay-opacity":"","overlay-gradient":""},"mobile":{"background-color":"var(--ast-global-color-5)","background-image":"","background-repeat":"repeat","background-position":"center center","background-size":"auto","background-attachment":"scroll","background-type":"","background-media":"","overlay-type":"","overlay-color":"","overlay-opacity":"","overlay-gradient":""}},"footnotes":""},"class_list":["post-30","page","type-page","status-publish","hentry"],"post_mailing_queue_ids":[],"_links":{"self":[{"href":"https:\/\/agora.xtec.cat\/baldirireixach\/wp-json\/wp\/v2\/pages\/30","targetHints":{"allow":["GET"]}}],"collection":[{"href":"https:\/\/agora.xtec.cat\/baldirireixach\/wp-json\/wp\/v2\/pages"}],"about":[{"href":"https:\/\/agora.xtec.cat\/baldirireixach\/wp-json\/wp\/v2\/types\/page"}],"author":[{"embeddable":true,"href":"https:\/\/agora.xtec.cat\/baldirireixach\/wp-json\/wp\/v2\/users\/1"}],"replies":[{"embeddable":true,"href":"https:\/\/agora.xtec.cat\/baldirireixach\/wp-json\/wp\/v2\/comments?post=30"}],"version-history":[{"count":3,"href":"https:\/\/agora.xtec.cat\/baldirireixach\/wp-json\/wp\/v2\/pages\/30\/revisions"}],"predecessor-version":[{"id":843,"href":"https:\/\/agora.xtec.cat\/baldirireixach\/wp-json\/wp\/v2\/pages\/30\/revisions\/843"}],"up":[{"embeddable":true,"href":"https:\/\/agora.xtec.cat\/baldirireixach\/wp-json\/wp\/v2\/pages\/22"}],"wp:attachment":[{"href":"https:\/\/agora.xtec.cat\/baldirireixach\/wp-json\/wp\/v2\/media?parent=30"}],"curies":[{"name":"wp","href":"https:\/\/api.w.org\/{rel}","templated":true}]}}