{"id":1636,"date":"2021-08-29T10:54:13","date_gmt":"2021-08-29T08:54:13","guid":{"rendered":"https:\/\/agora.xtec.cat\/baldirireixach\/?page_id=1636"},"modified":"2021-09-01T20:03:56","modified_gmt":"2021-09-01T18:03:56","slug":"curs-escolar-21-22","status":"publish","type":"page","link":"https:\/\/agora.xtec.cat\/baldirireixach\/inici\/curs-escolar-21-22\/","title":{"rendered":"Curs escolar 21\/22"},"content":{"rendered":"<p><img loading=\"lazy\" decoding=\"async\" class=\" wp-image-1637 alignleft\" src=\"https:\/\/agora.xtec.cat\/baldirireixach\/wp-content\/uploads\/usu2124\/2021\/08\/foto_inici_curs.png\" alt=\"\" width=\"373\" height=\"234\" srcset=\"https:\/\/agora.xtec.cat\/baldirireixach\/wp-content\/uploads\/usu2124\/2021\/08\/foto_inici_curs.png 700w, https:\/\/agora.xtec.cat\/baldirireixach\/wp-content\/uploads\/usu2124\/2021\/08\/foto_inici_curs-300x188.png 300w\" sizes=\"auto, (max-width: 373px) 100vw, 373px\" \/>Despr\u00e9s de les merescudes vacances d&#8217;estiu, emprenem amb tota la il\u00b7lusi\u00f3 un nou curs escolar, ple de reptes i emocions, ple de projectes i programes pensants i dissenyats perqu\u00e8 els nostres alumnes aprenguin per\u00f2 sobretot que es formin com a persones \u00edntegres, responsables i compromeses amb la societat.<\/p>\n<p>Aquest curs posem en marxa nous projectes, com ara el &#8220;Teixint M\u00fasiques&#8221; amb la col\u00b7laboraci\u00f3 del <a href=\"https:\/\/www.paucasalseduca.org\/\" target=\"_blank\" rel=\"noopener\">Museu Pau Casals<\/a> dirigit als alumnes de cicle superior.\u00a0 O el projecte AraART, que durant el curs les mestres seguiran un programa de preparaci\u00f3 i formaci\u00f3 per aplicar-ho a les aules&#8230; Per\u00f2 tamb\u00e9 seguirem amb els projectes que tenim en marxa: <a href=\"https:\/\/agora.xtec.cat\/baldirireixach\/projectes_educatius\/juguem-amb-cordes\/\">Juguem amb cordes<\/a>; <a href=\"https:\/\/agora.xtec.cat\/baldirireixach\/projectes_educatius\/dijous-compartits\/\">dijous compartits<\/a>;<a href=\"https:\/\/agora.xtec.cat\/baldirireixach\/projectes_educatius\/projecte-pati\/\"> projecte pati<\/a>&#8230;i reformularem el projecte de <a href=\"https:\/\/agora.xtec.cat\/baldirireixach\/projectes_educatius\/digitalitzacio_aules\/\">Digitalitzaci\u00f3 de les aules<\/a> per convertir-lo en l&#8217;Estrat\u00e8gia Digital de Centre.<\/p>\n<p>Desitgem que aquest curs la pand\u00e8mia del Covid19 no ens afecti tant com el passat i que puguem gaudir tots plegats de les classes, de les assignatures, de les excurions&#8230;.\u00a0 Moltes idees i molta feina per fer, per\u00f2 sobretot molta il\u00b7lusi\u00f3 i implicaci\u00f3 de tot l&#8217;equip docent que est\u00e0 disposat a treballar perqu\u00e8 sigui un curs el m\u00e9s normal possible.<\/p>\n<p>En aquesta web trobareu el <a href=\"https:\/\/agora.xtec.cat\/baldirireixach\/escola\/calendari-del-curs\/\">calendari escolar<\/a>, on podreu veure els dies lectius i els festius, i tamb\u00e9 podeu trobar el <a href=\"https:\/\/agora.xtec.cat\/baldirireixach\/calendar\/calendari-baldiri-reixach\/\">calendari d&#8217;activitats<\/a> que els alumnes aniran fent al llarg del curs.<\/p>\n<p>Per altra banda informar-vos tamb\u00e9 que podeu <a href=\"https:\/\/agora.xtec.cat\/baldirireixach\/escola\/llibres-de-text\/\">consultar els llibres de text<\/a> que faran servir els vostres fills i\u00a0 filles en <a href=\"https:\/\/agora.xtec.cat\/baldirireixach\/escola\/llibres-de-text\/\">aquesta p\u00e0gina<\/a>.<\/p>\n","protected":false},"excerpt":{"rendered":"<p>Despr\u00e9s de les merescudes vacances d&#8217;estiu, emprenem amb tota la il\u00b7lusi\u00f3 un nou curs escolar, ple de reptes i emocions, ple de projectes i programes pensants i dissenyats perqu\u00e8 els nostres alumnes aprenguin per\u00f2 sobretot que es formin com a persones \u00edntegres, responsables i compromeses amb la societat. Aquest curs posem en marxa nous projectes, [&hellip;]<\/p>\n","protected":false},"author":1,"featured_media":0,"parent":7,"menu_order":0,"comment_status":"closed","ping_status":"closed","template":"","meta":{"_bbp_topic_count":0,"_bbp_reply_count":0,"_bbp_total_topic_count":0,"_bbp_total_reply_count":0,"_bbp_voice_count":0,"_bbp_anonymous_reply_count":0,"_bbp_topic_count_hidden":0,"_bbp_reply_count_hidden":0,"_bbp_forum_subforum_count":0,"site-sidebar-layout":"default","site-content-layout":"","ast-site-content-layout":"","site-content-style":"default","site-sidebar-style":"default","ast-global-header-display":"","ast-banner-title-visibility":"","ast-main-header-display":"","ast-hfb-above-header-display":"","ast-hfb-below-header-display":"","ast-hfb-mobile-header-display":"","site-post-title":"","ast-breadcrumbs-content":"","ast-featured-img":"","footer-sml-layout":"","theme-transparent-header-meta":"","adv-header-id-meta":"","stick-header-meta":"","header-above-stick-meta":"","header-main-stick-meta":"","header-below-stick-meta":"","astra-migrate-meta-layouts":"default","ast-page-background-enabled":"default","ast-page-background-meta":{"desktop":{"background-color":"var(--ast-global-color-4)","background-image":"","background-repeat":"repeat","background-position":"center center","background-size":"auto","background-attachment":"scroll","background-type":"","background-media":"","overlay-type":"","overlay-color":"","overlay-opacity":"","overlay-gradient":""},"tablet":{"background-color":"","background-image":"","background-repeat":"repeat","background-position":"center center","background-size":"auto","background-attachment":"scroll","background-type":"","background-media":"","overlay-type":"","overlay-color":"","overlay-opacity":"","overlay-gradient":""},"mobile":{"background-color":"","background-image":"","background-repeat":"repeat","background-position":"center center","background-size":"auto","background-attachment":"scroll","background-type":"","background-media":"","overlay-type":"","overlay-color":"","overlay-opacity":"","overlay-gradient":""}},"ast-content-background-meta":{"desktop":{"background-color":"var(--ast-global-color-5)","background-image":"","background-repeat":"repeat","background-position":"center center","background-size":"auto","background-attachment":"scroll","background-type":"","background-media":"","overlay-type":"","overlay-color":"","overlay-opacity":"","overlay-gradient":""},"tablet":{"background-color":"var(--ast-global-color-5)","background-image":"","background-repeat":"repeat","background-position":"center center","background-size":"auto","background-attachment":"scroll","background-type":"","background-media":"","overlay-type":"","overlay-color":"","overlay-opacity":"","overlay-gradient":""},"mobile":{"background-color":"var(--ast-global-color-5)","background-image":"","background-repeat":"repeat","background-position":"center center","background-size":"auto","background-attachment":"scroll","background-type":"","background-media":"","overlay-type":"","overlay-color":"","overlay-opacity":"","overlay-gradient":""}},"footnotes":""},"class_list":["post-1636","page","type-page","status-publish","hentry"],"post_mailing_queue_ids":[],"_links":{"self":[{"href":"https:\/\/agora.xtec.cat\/baldirireixach\/wp-json\/wp\/v2\/pages\/1636","targetHints":{"allow":["GET"]}}],"collection":[{"href":"https:\/\/agora.xtec.cat\/baldirireixach\/wp-json\/wp\/v2\/pages"}],"about":[{"href":"https:\/\/agora.xtec.cat\/baldirireixach\/wp-json\/wp\/v2\/types\/page"}],"author":[{"embeddable":true,"href":"https:\/\/agora.xtec.cat\/baldirireixach\/wp-json\/wp\/v2\/users\/1"}],"replies":[{"embeddable":true,"href":"https:\/\/agora.xtec.cat\/baldirireixach\/wp-json\/wp\/v2\/comments?post=1636"}],"version-history":[{"count":4,"href":"https:\/\/agora.xtec.cat\/baldirireixach\/wp-json\/wp\/v2\/pages\/1636\/revisions"}],"predecessor-version":[{"id":1652,"href":"https:\/\/agora.xtec.cat\/baldirireixach\/wp-json\/wp\/v2\/pages\/1636\/revisions\/1652"}],"up":[{"embeddable":true,"href":"https:\/\/agora.xtec.cat\/baldirireixach\/wp-json\/wp\/v2\/pages\/7"}],"wp:attachment":[{"href":"https:\/\/agora.xtec.cat\/baldirireixach\/wp-json\/wp\/v2\/media?parent=1636"}],"curies":[{"name":"wp","href":"https:\/\/api.w.org\/{rel}","templated":true}]}}