{"id":316,"date":"2015-01-28T11:33:51","date_gmt":"2015-01-28T10:33:51","guid":{"rendered":"http:\/\/agora.xtec.cat\/afaolesa\/?page_id=316"},"modified":"2025-01-08T16:06:22","modified_gmt":"2025-01-08T15:06:22","slug":"competencia-digital-competic","status":"publish","type":"page","link":"https:\/\/agora.xtec.cat\/afaolesa\/ensenyaments\/ensenyaments-transprofessionals\/competencia-digital-competic\/","title":{"rendered":"COMPETIC 1, 2 i 3"},"content":{"rendered":"<p><span style=\"font-weight: 400;\">Vols assolir un nivell d\u2019usuari competent en inform\u00e0tica, amb certificaci\u00f3 inclosa? O, senzillament, tens p\u00e0nic als ordinadors i t&#8217;agradaria iniciar-te en el seu \u00fas? Sigui quina sigui la teva situaci\u00f3, apunta\u2019t a COMPETIC.<\/span><a href=\"https:\/\/agora.xtec.cat\/afaolesa\/wp-content\/uploads\/usu1813\/2021\/09\/competic-a-timida.jpg\"><img loading=\"lazy\" decoding=\"async\" class=\"aligncenter size-full wp-image-1110\" src=\"https:\/\/agora.xtec.cat\/afaolesa\/wp-content\/uploads\/usu1813\/2021\/09\/competic-a-timida.jpg\" alt=\"\" width=\"250\" height=\"150\" \/><\/a><\/p>\n<p>Al nostre CFA oferim anualment els cursos COMPETIC INICIAL, COMPETIC 1, COMPETIC 2 i COMPETIC 3. Tots ells s\u00f3n equivalents a la certificaci\u00f3 ACTIC (que, entre d&#8217;altres, dona punts a les oposicions).<\/p>\n<p>Demana informaci\u00f3 i t\u2019assessorarem.<\/p>\n<hr \/>\n<p>Els ensenyaments d&#8217;inform\u00e0tica volen facilitar l&#8217;adquisici\u00f3 de la compet\u00e8ncia digital. Combinen coneixements te\u00f2rics amb habilitats pr\u00e0ctiques en l&#8217;\u00e0mbit de les tecnologies de la informaci\u00f3 i la comunicaci\u00f3 (TIC) per desenvolupar-se en la societat actual. S&#8217;imparteixen en quatre nivells: COMPETIC Inicial, COMPETIC 1, COMPETIC 2 i COMPETIC 3.<\/p>\n<p>El nivell inicial d&#8217;inform\u00e0tica (COMPETIC inicial) s&#8217;adre\u00e7a a les persones adultes que volen assolir un domini b\u00e0sic de les tecnologies de la informaci\u00f3 i la comunicaci\u00f3 (TIC).<\/p>\n<p>Els diferents nivells usuari d&#8217;inform\u00e0tica (COMPETIC 1, 2 i 3) van adre\u00e7ats a persones que ja tenen uns coneixements b\u00e0sics del funcionament de l&#8217;ordinador i del programari m\u00e9s b\u00e0sic, i que volen aprofundir en els \u00e0mbits seg\u00fcents:<\/p>\n<ul>\n<li>Cultura, participaci\u00f3 i civisme digital.<\/li>\n<li>Tecnologia digital, \u00fas de l&#8217;ordinador i del sistema operatiu.<\/li>\n<li>Navegaci\u00f3 i comunicaci\u00f3 en el m\u00f3n digital.<\/li>\n<li>Tractament de la informaci\u00f3 escrita.<\/li>\n<li>Tractament de la informaci\u00f3 gr\u00e0fica, sonora i de la imatge en moviment.<\/li>\n<li>Tractament de la informaci\u00f3 num\u00e8rica.<\/li>\n<li>Tractament de les dades.<\/li>\n<li>Presentaci\u00f3 de continguts<\/li>\n<\/ul>\n<p>El certificat de superaci\u00f3 dels cursos de COMPETIC 1, COMPETIC 2 i COMPETIC 3 equival al certificat ACTIC b\u00e0sic, mitj\u00e0 i avan\u00e7at, respectivament.<\/p>\n<p>A la p\u00e0gina\u00a0<a href=\"http:\/\/projectes.xtec.cat\/xarxadults\/\" target=\"_blank\" rel=\"noopener noreferrer\">http:\/\/projectes.xtec.cat\/xarxadults\/<\/a>\u00a0trobareu un seguit de materials que resulten de gran utilitat a l\u2019hora d\u2019impartir aquesta mat\u00e8ria:<\/p>\n<ul>\n<li>enlla\u00e7os a normativa<\/li>\n<li>orientacions did\u00e0ctiques i fitxes pedag\u00f2giques per a cada nivell i compet\u00e8ncia<\/li>\n<li>projectes d\u2019avaluaci\u00f3 final dels alumnes<\/li>\n<li>recomanacions i models de proves per a fer l\u2019avaluaci\u00f3 inicial del alumnes.<\/li>\n<\/ul>\n<p>&nbsp;<\/p>\n","protected":false},"excerpt":{"rendered":"<p>Vols assolir un nivell d\u2019usuari competent en inform\u00e0tica, amb certificaci\u00f3 inclosa? O, senzillament, tens p\u00e0nic als ordinadors i t&#8217;agradaria iniciar-te en el seu \u00fas? Sigui quina sigui la teva situaci\u00f3, apunta\u2019t a COMPETIC.<a href=\"https:\/\/agora.xtec.cat\/afaolesa\/wp-content\/uploads\/usu1813\/2021\/09\/competic-a-timida.jpg\"><\/a><br \/>\nAl nostre CFA oferim anualment els cursos COMPETIC INICIAL, COMPETIC 1, COMPETIC&hellip;  <a href=\"https:\/\/agora.xtec.cat\/afaolesa\/ensenyaments\/ensenyaments-transprofessionals\/competencia-digital-competic\/\" title=\"Read COMPETIC 1, 2 i 3\">Llegeix m\u00e9s\u00bb<\/a><\/p>\n","protected":false},"author":1,"featured_media":0,"parent":286,"menu_order":0,"comment_status":"closed","ping_status":"closed","template":"page-templates\/side-menu.php","meta":{"_bbp_topic_count":0,"_bbp_reply_count":0,"_bbp_total_topic_count":0,"_bbp_total_reply_count":0,"_bbp_voice_count":0,"_bbp_anonymous_reply_count":0,"_bbp_topic_count_hidden":0,"_bbp_reply_count_hidden":0,"_bbp_forum_subforum_count":0,"footnotes":""},"class_list":["post-316","page","type-page","status-publish","hentry"],"post_mailing_queue_ids":[],"_links":{"self":[{"href":"https:\/\/agora.xtec.cat\/afaolesa\/wp-json\/wp\/v2\/pages\/316","targetHints":{"allow":["GET"]}}],"collection":[{"href":"https:\/\/agora.xtec.cat\/afaolesa\/wp-json\/wp\/v2\/pages"}],"about":[{"href":"https:\/\/agora.xtec.cat\/afaolesa\/wp-json\/wp\/v2\/types\/page"}],"author":[{"embeddable":true,"href":"https:\/\/agora.xtec.cat\/afaolesa\/wp-json\/wp\/v2\/users\/1"}],"replies":[{"embeddable":true,"href":"https:\/\/agora.xtec.cat\/afaolesa\/wp-json\/wp\/v2\/comments?post=316"}],"version-history":[{"count":4,"href":"https:\/\/agora.xtec.cat\/afaolesa\/wp-json\/wp\/v2\/pages\/316\/revisions"}],"predecessor-version":[{"id":1669,"href":"https:\/\/agora.xtec.cat\/afaolesa\/wp-json\/wp\/v2\/pages\/316\/revisions\/1669"}],"up":[{"embeddable":true,"href":"https:\/\/agora.xtec.cat\/afaolesa\/wp-json\/wp\/v2\/pages\/286"}],"wp:attachment":[{"href":"https:\/\/agora.xtec.cat\/afaolesa\/wp-json\/wp\/v2\/media?parent=316"}],"curies":[{"name":"wp","href":"https:\/\/api.w.org\/{rel}","templated":true}]}}