{"id":303,"date":"2015-01-28T11:23:05","date_gmt":"2015-01-28T10:23:05","guid":{"rendered":"http:\/\/agora.xtec.cat\/afalaseu\/?page_id=303"},"modified":"2024-07-04T10:57:38","modified_gmt":"2024-07-04T08:57:38","slug":"graduat-en-educacio-secundaria-per-adults","status":"publish","type":"page","link":"https:\/\/agora.xtec.cat\/afalaseu\/ensenyaments\/formacio-basica\/graduat-en-educacio-secundaria-per-adults\/","title":{"rendered":"Graduat en Educaci\u00f3 Secund\u00e0ria (GES) presencial"},"content":{"rendered":"<p><iframe loading=\"lazy\" src=\"https:\/\/docs.google.com\/presentation\/d\/e\/2PACX-1vRR3bm0scO5XKmeXAHaLxGw3Z-gJNjY2dpr_a2emEPW4sz7p8BBGIvB2oodaEBde2NAmus0AK-X-C4Q\/embed?start=false&amp;loop=true&amp;delayms=10000\" width=\"853\" height=\"670\" frameborder=\"0\" allowfullscreen=\"allowfullscreen\"><span data-mce-type=\"bookmark\" style=\"display: inline-block; width: 0px; overflow: hidden; line-height: 0;\" class=\"mce_SELRES_start\">\ufeff<\/span><\/iframe><\/p>\n<h3 style=\"text-align: justify;\">Qu\u00e8 \u00e9s?<\/h3>\n<p style=\"text-align: justify;\">\u00c9s el graduat en educaci\u00f3 secund\u00e0ria que correspon als quatre cursos de la ESO. A la Formaci\u00f3 d&#8217;Adults, aquest ensenyament del GES consta de dos nivells GES 1 i GES 2. Les classes s\u00f3n <strong>presencials <\/strong>als matins<strong>.<\/strong><\/p>\n<h3 style=\"text-align: justify;\">Com s&#8217;avalua?<\/h3>\n<p style=\"text-align: justify;\">Cada m\u00f2dul t\u00e9 una durada d&#8217;un trimestre. En acabar aquest per\u00edode, s&#8217;avaluar\u00e0 l&#8217;alumne i si obt\u00e9 la qualificaci\u00f3 d&#8217;apte, el m\u00f2dul quedar\u00e0 superat definitivament. L&#8217;avaluaci\u00f3 de cada m\u00f2dul ser\u00e0 continuada al llarg de tot el trimestre.<\/p>\n<p>&nbsp;<\/p>\n<h3 style=\"text-align: justify;\"><\/h3>\n<h1>GES 2<\/h1>\n<h3 style=\"text-align: justify;\">A qui va adre\u00e7at?<\/h3>\n<p style=\"text-align: justify;\">El Nivell 2 <strong>(GES 2<\/strong>) va adre\u00e7at a alumnes que <strong>vulguin acabar els seus estudis secundaris <\/strong>\u00a0i aconseguir el t\u00edtol de <strong>Graduat en Educaci\u00f3 Secund\u00e0ria<\/strong> i que tinguin disponibilitat hor\u00e0ria per assistir a les classes presencials.<\/p>\n<p>&nbsp;<\/p>\n<h3><span style=\"color: #000000;\"><strong>Fulls informatius dels m\u00f2duls<\/strong><\/span><\/h3>\n<h3>Lleng\u00fces<\/h3>\n<ul style=\"text-align: justify;\">\n<li><a href=\"https:\/\/docs.google.com\/document\/d\/1cMm-oHfqlO4rItmwBtNGKNU8hsFsLs9rKRlqLJP1yVU\/edit\" target=\"_blank\" rel=\"noopener\">Angl\u00e8s\u00a0 (OP)<\/a><\/li>\n<li><a href=\"https:\/\/docs.google.com\/document\/d\/1cMm-oHfqlO4rItmwBtNGKNU8hsFsLs9rKRlqLJP1yVU\/edit\" target=\"_blank\" rel=\"noopener\">Angl\u00e8s 2 (1AN2)<\/a><\/li>\n<li><a href=\"https:\/\/docs.google.com\/document\/d\/1cMm-oHfqlO4rItmwBtNGKNU8hsFsLs9rKRlqLJP1yVU\/edit\" target=\"_blank\" rel=\"noopener\">Angl\u00e8s 3 (1AN3)<\/a><\/li>\n<li><a href=\"https:\/\/docs.google.com\/document\/d\/1wqI3wNmZ3C3-M_u11dBrrHlbntVJAOQoCtoYGGtiWcc\/edit?usp=sharing\">Llengua i literatura castellana<\/a><\/li>\n<li><a href=\"https:\/\/docs.google.com\/document\/d\/1vNXXisXQKK8kMoVY6G6ya_kTvIOZIL9v9NkcvJ_H5MY\/edit?usp=sharing\" target=\"_blank\" rel=\"noopener\">Llengua catalana 3 (CA3)<\/a><\/li>\n<\/ul>\n<h3>Ci\u00e8ncies naturals i tecnologia<\/h3>\n<ul style=\"text-align: justify;\">\n<li><a href=\"https:\/\/docs.google.com\/document\/d\/14VxnEVnLQ49j3MGH9AsAHfsfadaeMYf3Z9gYWsp-m0I\/edit?usp=sharing\">Biologia i Geologia (BG)<\/a><\/li>\n<li><a href=\"https:\/\/docs.google.com\/document\/d\/1qCsen61r4ZXcRT1ypWBPNxZpseZcPJxZcIxFe8R04X8\/edit?usp=sharing\">F\u00edsica i Qu\u00edmica 2 (FQ2)<\/a><\/li>\n<li><a href=\"https:\/\/docs.google.com\/document\/d\/169pCZZBLnQqODMERJSplulABhFMiFaBifRouV_axESw\/edit?usp=sharing\">Tecnologia (TE)<\/a><\/li>\n<li><a href=\"https:\/\/docs.google.com\/document\/d\/1dy9qLgODlBd_8seZ9zqAFK6u-8eN3iRpnME4Opldy0s\/edit?usp=sharing\">Matem\u00e0tiques inicials (OP4)<\/a><\/li>\n<li><a href=\"https:\/\/docs.google.com\/document\/d\/1Ppy81PU4z42OmHtPgnS6vDs0mFRNd0CgGItmJ2jY3YM\/edit?usp=sharing\">Matem\u00e0tiques 3 (MA3)<\/a><\/li>\n<li><a href=\"https:\/\/docs.google.com\/document\/d\/1Hz05Hy7HovZugDDclQbAKu6LAyhfQ5Eu1n0Ors3d4Tw\/edit?usp=sharing\">Matem\u00e0tiques 4 (MA4)<\/a><\/li>\n<\/ul>\n<h3>Ci\u00e8ncies socials<\/h3>\n<ul style=\"text-align: justify;\">\n<li><a href=\"https:\/\/docs.google.com\/document\/d\/1MoLuguxD77FnkuGb-gNz2hGHezRPCxlkgJ-IrDFPc00\/edit\" target=\"_blank\" rel=\"noopener\">Hist\u00f2ria 2 (HS2)<\/a><\/li>\n<li><a href=\"https:\/\/docs.google.com\/document\/d\/10Q6ZteotvcvdtJ3H-ChIZv0wPiQJi0Ihw-GBl0IqCao\/edit\" target=\"_blank\" rel=\"noopener\">Geografia 2 (CG2)<\/a><\/li>\n<li><a href=\"https:\/\/docs.google.com\/document\/d\/1Tx4eaJkrW_JgyIA9_cIeuNJbLLZNYOjAId5JzOLuWR4\/edit\" target=\"_blank\" rel=\"noopener\">Moviments Migratoris (EMM)<\/a><\/li>\n<\/ul>\n<p>&nbsp;<\/p>\n<h1 style=\"text-align: justify;\">GES 1<\/h1>\n<h3 style=\"text-align: justify;\">A qui va adre\u00e7at?<\/h3>\n<p style=\"text-align: justify;\">El Nivell 1 (<strong>GES 1<\/strong>) va adre\u00e7at a alumnes que tinguin estudis primaris i vulguin continuar la seva formaci\u00f3 cursant el primer nivell de graduat en educaci\u00f3 secund\u00e0ria i que tinguin disponibilitat hor\u00e0ria per assistir a les classes presencials.<\/p>\n<p>&nbsp;<\/p>\n<h3 style=\"text-align: justify;\"><strong><span style=\"color: #000000;\">Fulls informatius dels m\u00f2duls<\/span><\/strong><\/h3>\n<h3>Lleng\u00fces<\/h3>\n<ul>\n<li style=\"text-align: justify;\">Angl\u00e8s 1 (1AN1)<\/li>\n<li style=\"text-align: justify;\">Lengua cast 1 (CS1)<\/li>\n<li style=\"text-align: justify;\">Lengua cast 2 (CS2)<\/li>\n<li style=\"text-align: justify;\"><a href=\"https:\/\/docs.google.com\/document\/d\/1TFYGyLL6keoT9hcOsXhYO9Qzfe8kFZHDTBr2Gl21xL4\/edit\" target=\"_blank\" rel=\"noopener\">Itali\u00e0 (OP)<\/a><\/li>\n<li style=\"text-align: justify;\">Llengua catalana 1 (LC1)<\/li>\n<li style=\"text-align: justify;\">Llengua catalana 2 (LC2)<\/li>\n<li style=\"text-align: justify;\">Literatura catalana 1 (AX)<\/li>\n<\/ul>\n<h3>Ci\u00e8ncies naturals i tecnologia<\/h3>\n<ul>\n<li style=\"text-align: justify;\">Matem\u00e0tiques 0 (OP1)<\/li>\n<li style=\"text-align: justify;\">Matem\u00e0tiques 1 (MA1)<\/li>\n<li style=\"text-align: justify;\">Matem\u00e0tiques 2 (MA2)<\/li>\n<li style=\"text-align: justify;\">Ci\u00e8ncies naturals (CN1)<\/li>\n<li style=\"text-align: justify;\">Educaci\u00f3 per a la salut (ES)<\/li>\n<li style=\"text-align: justify;\">F\u00edsica i Qu\u00edmica 1 (FQ1)<\/li>\n<\/ul>\n<h3>Ci\u00e8ncies socials<\/h3>\n<ul>\n<li style=\"text-align: justify;\">Hist\u00f2ria 1 (HS1)<\/li>\n<li style=\"text-align: justify;\">Geografia 1 (CG1)<\/li>\n<li style=\"text-align: justify;\">C. Socials i educaci\u00f3 per a la ciutadania (EC)<\/li>\n<\/ul>\n","protected":false},"excerpt":{"rendered":"<p>\ufeff<br \/>\nQu\u00e8 \u00e9s?<br \/>\n\u00c9s el graduat en educaci\u00f3 secund\u00e0ria que correspon als quatre cursos de la ESO. A la Formaci\u00f3 d&#8217;Adults, aquest ensenyament del GES consta de dos nivells GES 1 i GES 2. Les classes s\u00f3n presencials als matins.<br \/>\nCom s&#8217;avalua?<br \/>\nCada m\u00f2dul t\u00e9 una durada d&#8217;un trimestre.&hellip;  <a href=\"https:\/\/agora.xtec.cat\/afalaseu\/ensenyaments\/formacio-basica\/graduat-en-educacio-secundaria-per-adults\/\" title=\"Read Graduat en Educaci\u00f3 Secund\u00e0ria (GES) presencial\">Llegeix m\u00e9s\u00bb<\/a><\/p>\n","protected":false},"author":1,"featured_media":0,"parent":502,"menu_order":90,"comment_status":"closed","ping_status":"closed","template":"page-templates\/side-menu.php","meta":{"_bbp_topic_count":0,"_bbp_reply_count":0,"_bbp_total_topic_count":0,"_bbp_total_reply_count":0,"_bbp_voice_count":0,"_bbp_anonymous_reply_count":0,"_bbp_topic_count_hidden":0,"_bbp_reply_count_hidden":0,"_bbp_forum_subforum_count":0,"footnotes":""},"class_list":["post-303","page","type-page","status-publish","hentry"],"post_mailing_queue_ids":[],"_links":{"self":[{"href":"https:\/\/agora.xtec.cat\/afalaseu\/wp-json\/wp\/v2\/pages\/303","targetHints":{"allow":["GET"]}}],"collection":[{"href":"https:\/\/agora.xtec.cat\/afalaseu\/wp-json\/wp\/v2\/pages"}],"about":[{"href":"https:\/\/agora.xtec.cat\/afalaseu\/wp-json\/wp\/v2\/types\/page"}],"author":[{"embeddable":true,"href":"https:\/\/agora.xtec.cat\/afalaseu\/wp-json\/wp\/v2\/users\/1"}],"replies":[{"embeddable":true,"href":"https:\/\/agora.xtec.cat\/afalaseu\/wp-json\/wp\/v2\/comments?post=303"}],"version-history":[{"count":7,"href":"https:\/\/agora.xtec.cat\/afalaseu\/wp-json\/wp\/v2\/pages\/303\/revisions"}],"predecessor-version":[{"id":2090,"href":"https:\/\/agora.xtec.cat\/afalaseu\/wp-json\/wp\/v2\/pages\/303\/revisions\/2090"}],"up":[{"embeddable":true,"href":"https:\/\/agora.xtec.cat\/afalaseu\/wp-json\/wp\/v2\/pages\/502"}],"wp:attachment":[{"href":"https:\/\/agora.xtec.cat\/afalaseu\/wp-json\/wp\/v2\/media?parent=303"}],"curies":[{"name":"wp","href":"https:\/\/api.w.org\/{rel}","templated":true}]}}