{"id":8039,"date":"2025-07-30T11:10:27","date_gmt":"2025-07-30T09:10:27","guid":{"rendered":"https:\/\/agora.xtec.cat\/afaeramprunya-adults-gava\/?page_id=8039"},"modified":"2025-07-31T10:35:30","modified_gmt":"2025-07-31T08:35:30","slug":"informacio-sobre-proteccio-de-dades","status":"publish","type":"page","link":"https:\/\/agora.xtec.cat\/afaeramprunya-adults-gava\/informacio-sobre-proteccio-de-dades\/","title":{"rendered":"Informaci\u00f3 sobre Protecci\u00f3 de Dades"},"content":{"rendered":"\n<p>D\u2019acord amb el que estableix el Reglament (UE) 2016\/679, del Parlament Europeu i del Consell, de 27 d\u2019abril de 2016 (RGPD), i la Llei Org\u00e0nica 3\/2018, de 5 de desembre, de Protecci\u00f3 de Dades Personals i garantia dels drets digitals, t\u2019informem del seg\u00fcent:<\/p>\n\n\n\n<h4 class=\"wp-block-heading\">Responsable del tractament<\/h4>\n\n\n\n<p>Departament d&#8217;Educaci\u00f3 i Formaci\u00f3 Professional<br><strong>Adre\u00e7a:<\/strong> Via Augusta, 202, 226, Sarri\u00e0-Sant Gervasi, 08021 Barcelona&nbsp;<br><strong>Correu electr\u00f2nic de contacte:<\/strong>&nbsp;dpd.educacio@gencat.cat&nbsp;<\/p>\n\n\n\n<h4 class=\"wp-block-heading\">Finalitat del tractament<\/h4>\n\n\n\n<p>La finalitat del tractament \u00e9s la\u00a0<strong>gesti\u00f3 de la subscripci\u00f3 al nostre butllet\u00ed electr\u00f2nic<\/strong>, incloent-hi l&#8217;enviament peri\u00f2dic d&#8217;informaci\u00f3, novetats, promocions o contingut relacionat amb el CFA Gav\u00e0.<\/p>\n\n\n\n<h4 class=\"wp-block-heading\">Base jur\u00eddica del tractament<\/h4>\n\n\n\n<p>La base legal per al tractament \u00e9s&nbsp;<strong>el teu consentiment expr\u00e9s<\/strong>, que pots retirar en qualsevol moment.<\/p>\n\n\n\n<h4 class=\"wp-block-heading\">Destinataris de les dades<\/h4>\n\n\n\n<p>Les teves dades&nbsp;<strong>no seran cedides a tercers<\/strong>, excepte per obligaci\u00f3 legal o si \u00e9s necessari per a la prestaci\u00f3 del servei (p. ex., plataformes d&#8217;enviament de butlletins amb contractes de tractament de dades).<\/p>\n\n\n\n<h4 class=\"wp-block-heading\">Conservaci\u00f3 de les dades<\/h4>\n\n\n\n<p>Les dades es conservaran mentre mantinguis la subscripci\u00f3 activa o no en sol\u00b7licitis la supressi\u00f3. Un cop cancel\u00b7lada la subscripci\u00f3, es conservaran fins que l&#8217;administrador del web les elimini, mantenint les dades un m\u00e0xim de 90 dies. Durant aquest per\u00edode restaran bloquejades i no seran utilitzades per a cap finalitat.<\/p>\n\n\n\n<h4 class=\"wp-block-heading\">Drets de les persones interessades<\/h4>\n\n\n\n<p id=\"yui_3_17_2_1_1753862200481_589\">Pots exercir els teus\u00a0<strong>drets d\u2019acc\u00e9s, rectificaci\u00f3, supressi\u00f3, oposici\u00f3, limitaci\u00f3 del tractament i portabilitat<\/strong>\u00a0mitjan\u00e7ant una sol\u00b7licitud escrita a dpd.educacio@gencat.cat. Tamb\u00e9 tens dret a presentar una reclamaci\u00f3 davant l\u2019<strong>Autoritat Catalana de Protecci\u00f3 de Dades<\/strong>\u00a0(<a href=\"http:\/\/www.apdcat.cat\" data-type=\"link\" data-id=\"www.apdcat.cat\" target=\"_blank\" rel=\"noreferrer noopener\">www.apdcat.cat<\/a>) si consideres que s\u2019ha vulnerat el teu dret a la protecci\u00f3 de dades.<\/p>\n\n\n\n<h4 class=\"wp-block-heading\">Consentiment<\/h4>\n\n\n\n<p id=\"yui_3_17_2_1_1753862200481_592\">En marcar la casella de subscripci\u00f3 i enviar el formulari,&nbsp;<strong>consents expressament<\/strong>&nbsp;el tractament de les teves dades amb la finalitat indicada.<\/p>\n","protected":false},"excerpt":{"rendered":"<p>D\u2019acord amb el que estableix el Reglament (UE) 2016\/679, del Parlament Europeu i del Consell, de 27 d\u2019abril de 2016 (RGPD), i la Llei Org\u00e0nica 3\/2018, de 5 de desembre, de Protecci\u00f3 de Dades Personals i garantia dels drets digitals, t\u2019informem del seg\u00fcent: Responsable del tractament Departament d&#8217;Educaci\u00f3 i Formaci\u00f3 ProfessionalAdre\u00e7a: Via Augusta, 202, 226, [&hellip;]<\/p>\n","protected":false},"author":1,"featured_media":0,"parent":0,"menu_order":0,"comment_status":"closed","ping_status":"close","template":"","meta":{"site-sidebar-layout":"default","site-content-layout":"","ast-site-content-layout":"default","site-content-style":"default","site-sidebar-style":"default","ast-global-header-display":"","ast-banner-title-visibility":"","ast-main-header-display":"","ast-hfb-above-header-display":"","ast-hfb-below-header-display":"","ast-hfb-mobile-header-display":"","site-post-title":"","ast-breadcrumbs-content":"","ast-featured-img":"","footer-sml-layout":"","theme-transparent-header-meta":"","adv-header-id-meta":"","stick-header-meta":"","header-above-stick-meta":"","header-main-stick-meta":"","header-below-stick-meta":"","astra-migrate-meta-layouts":"set","ast-page-background-enabled":"default","ast-page-background-meta":{"desktop":{"background-color":"var(--ast-global-color-4)","background-image":"","background-repeat":"repeat","background-position":"center center","background-size":"auto","background-attachment":"scroll","background-type":"","background-media":"","overlay-type":"","overlay-color":"","overlay-opacity":"","overlay-gradient":""},"tablet":{"background-color":"","background-image":"","background-repeat":"repeat","background-position":"center center","background-size":"auto","background-attachment":"scroll","background-type":"","background-media":"","overlay-type":"","overlay-color":"","overlay-opacity":"","overlay-gradient":""},"mobile":{"background-color":"","background-image":"","background-repeat":"repeat","background-position":"center center","background-size":"auto","background-attachment":"scroll","background-type":"","background-media":"","overlay-type":"","overlay-color":"","overlay-opacity":"","overlay-gradient":""}},"ast-content-background-meta":{"desktop":{"background-color":"var(--ast-global-color-5)","background-image":"","background-repeat":"repeat","background-position":"center center","background-size":"auto","background-attachment":"scroll","background-type":"","background-media":"","overlay-type":"","overlay-color":"","overlay-opacity":"","overlay-gradient":""},"tablet":{"background-color":"var(--ast-global-color-5)","background-image":"","background-repeat":"repeat","background-position":"center center","background-size":"auto","background-attachment":"scroll","background-type":"","background-media":"","overlay-type":"","overlay-color":"","overlay-opacity":"","overlay-gradient":""},"mobile":{"background-color":"var(--ast-global-color-5)","background-image":"","background-repeat":"repeat","background-position":"center center","background-size":"auto","background-attachment":"scroll","background-type":"","background-media":"","overlay-type":"","overlay-color":"","overlay-opacity":"","overlay-gradient":""}},"footnotes":""},"class_list":["post-8039","page","type-page","status-publish","hentry"],"post_mailing_queue_ids":[],"_links":{"self":[{"href":"https:\/\/agora.xtec.cat\/afaeramprunya-adults-gava\/wp-json\/wp\/v2\/pages\/8039","targetHints":{"allow":["GET"]}}],"collection":[{"href":"https:\/\/agora.xtec.cat\/afaeramprunya-adults-gava\/wp-json\/wp\/v2\/pages"}],"about":[{"href":"https:\/\/agora.xtec.cat\/afaeramprunya-adults-gava\/wp-json\/wp\/v2\/types\/page"}],"author":[{"embeddable":true,"href":"https:\/\/agora.xtec.cat\/afaeramprunya-adults-gava\/wp-json\/wp\/v2\/users\/1"}],"replies":[{"embeddable":true,"href":"https:\/\/agora.xtec.cat\/afaeramprunya-adults-gava\/wp-json\/wp\/v2\/comments?post=8039"}],"version-history":[{"count":3,"href":"https:\/\/agora.xtec.cat\/afaeramprunya-adults-gava\/wp-json\/wp\/v2\/pages\/8039\/revisions"}],"predecessor-version":[{"id":8069,"href":"https:\/\/agora.xtec.cat\/afaeramprunya-adults-gava\/wp-json\/wp\/v2\/pages\/8039\/revisions\/8069"}],"wp:attachment":[{"href":"https:\/\/agora.xtec.cat\/afaeramprunya-adults-gava\/wp-json\/wp\/v2\/media?parent=8039"}],"curies":[{"name":"wp","href":"https:\/\/api.w.org\/{rel}","templated":true}]}}