{"id":7697,"date":"2025-06-17T11:09:35","date_gmt":"2025-06-17T09:09:35","guid":{"rendered":"https:\/\/agora.xtec.cat\/afaeramprunya-adults-gava\/?page_id=7697"},"modified":"2025-10-12T17:07:39","modified_gmt":"2025-10-12T15:07:39","slug":"raco-del-professorat","status":"publish","type":"page","link":"https:\/\/agora.xtec.cat\/afaeramprunya-adults-gava\/serveis\/raco-del-professorat\/","title":{"rendered":"Rac\u00f3 del professorat"},"content":{"rendered":"\n<div class=\"wp-block-getwid-button-group\"><div class=\"wp-block-getwid-button-group__wrapper has-width-50\">\n<div class=\"wp-block-button is-style-fill\"><a class=\"wp-block-button__link wp-element-button\" href=\"https:\/\/sites.google.com\/xtec.cat\/edc-cfagava\/cultura-digital\/protocols\/protocols-docents\" target=\"_blank\" rel=\"noreferrer noopener\">Protocols digitals<\/a><\/div>\n\n\n\n<div class=\"wp-block-button\"><a class=\"wp-block-button__link wp-element-button\" href=\"https:\/\/forms.gle\/eAtTGNjiYyrYM6qf8\" target=\"_blank\" rel=\"noreferrer noopener\">Incid\u00e8ncies digitals<\/a><\/div>\n\n\n\n<div class=\"wp-block-button is-style-fill\"><a class=\"wp-block-button__link wp-element-button\" href=\"https:\/\/docs.google.com\/spreadsheets\/d\/1yM5FfpySi7eTrix8sGQsPyywj2u41a7b0yobfrUBuUw\/edit?usp=sharing\" target=\"_blank\" rel=\"noreferrer noopener\">Inventari digital<\/a><\/div>\n\n\n\n<div class=\"wp-block-button\"><a class=\"wp-block-button__link wp-element-button\" href=\"https:\/\/docs.google.com\/spreadsheets\/d\/1TejsXFj-J5r3hYs_FMwoBUvtDrtc10oqXWozIAuI6Kg\/edit?usp=sharing\" target=\"_blank\" rel=\"noreferrer noopener\">Inventari de laboratori<\/a><\/div>\n\n\n\n<div class=\"wp-block-button\"><a class=\"wp-block-button__link wp-element-button\" href=\"https:\/\/docs.google.com\/spreadsheets\/d\/1KhKZoMbbpwkOOI61-w3jcXo2RbsTUcYwXS1FgVzS4ew\/edit?usp=sharing\" target=\"_blank\" rel=\"noreferrer noopener\">Usuaris nova incorporaci\u00f3<\/a><\/div>\n\n\n\n<div class=\"wp-block-button\"><a class=\"wp-block-button__link wp-element-button\" href=\"https:\/\/educaciodigital.cat\/afaeramprunya-adults-gava\/moodle\/reportbuilder\" target=\"_blank\" rel=\"noreferrer noopener\">Informes Moodle<\/a><\/div>\n<\/div><\/div>\n\n\n\n<hr class=\"wp-block-separator has-alpha-channel-opacity\"\/>\n\n\n\n<p>Espai digital exclusiu per al <strong>professorat del CFA Gav\u00e0<\/strong>, amb acc\u00e9s restringit amb usuari @xtec. Aqu\u00ed trobar\u00e0s tot el que necessites per a l\u2019organitzaci\u00f3 i gesti\u00f3 de l\u2019aula.<\/p>\n\n\n\n<h3 class=\"wp-block-heading\">Protocols digitals<\/h3>\n\n\n\n<p>Consulta els protocols docents relacionats amb l\u2019\u00fas de les eines digitals del centre.<br>\ud83d\udc49 <a href=\"https:\/\/sites.google.com\/xtec.cat\/edc-cfagava\/cultura-digital\/protocols\/protocols-docents\" target=\"_blank\" rel=\"noreferrer noopener\">Accedeix als protocols digitals<\/a><\/p>\n\n\n\n<h3 class=\"wp-block-heading\">Incid\u00e8ncies digitals<\/h3>\n\n\n\n<p>Full per registrar o consultar incid\u00e8ncies t\u00e8cniques del centre.<br>\ud83d\udc49 <a href=\"https:\/\/forms.gle\/eAtTGNjiYyrYM6qf8\" target=\"_blank\" rel=\"noreferrer noopener\">Gesti\u00f3 d\u2019incid\u00e8ncies digitals<\/a><\/p>\n\n\n\n<h3 class=\"wp-block-heading\">Inventari digital<\/h3>\n\n\n\n<p>Relaci\u00f3 de dispositius digitals del centre (ordinadors, tablets, projectors&#8230;).<br>\ud83d\udc49 <a href=\"https:\/\/docs.google.com\/spreadsheets\/d\/1yM5FfpySi7eTrix8sGQsPyywj2u41a7b0yobfrUBuUw\/edit?usp=sharing\" target=\"_blank\" rel=\"noreferrer noopener\">Consulta l\u2019inventari digital<\/a><\/p>\n\n\n\n<h3 class=\"wp-block-heading\">Inventari de laboratori<\/h3>\n\n\n\n<p>Material de laboratori disponible al centre.<br>\ud83d\udc49 <a href=\"https:\/\/docs.google.com\/spreadsheets\/d\/1TejsXFj-J5r3hYs_FMwoBUvtDrtc10oqXWozIAuI6Kg\/edit?usp=sharing\" target=\"_blank\" rel=\"noreferrer noopener\">Consulta l\u2019inventari del laboratori<\/a><\/p>\n\n\n\n<h3 class=\"wp-block-heading\">Usuaris de nova incorporaci\u00f3<\/h3>\n\n\n\n<p>Demanda d&#8217;usuaris i correus electr\u00f2nics per a alumnat de nova incorporaci\u00f3.<br>\ud83d\udc49 <a href=\"https:\/\/docs.google.com\/spreadsheets\/d\/1KhKZoMbbpwkOOI61-w3jcXo2RbsTUcYwXS1FgVzS4ew\/edit?usp=sharing\" target=\"_blank\" rel=\"noreferrer noopener\">Demanda d&#8217;usuaris per a alumnat de nova incorporaci\u00f3<\/a><\/p>\n\n\n\n<h3 class=\"wp-block-heading\">Informes del Moodle<\/h3>\n\n\n\n<p>Informes d&#8217;assist\u00e8ncia de l&#8217;alumnat (nom\u00e9s amb usuari Moodle autoritzat). Atenci\u00f3, de vegades els informes poden presentar alumnat que ja ha cursat baixa a l&#8217;ensenyament.<br>\ud83d\udc49 <a href=\"https:\/\/educaciodigital.cat\/afaeramprunya-adults-gava\/moodle\/reportbuilder\" target=\"_blank\" rel=\"noreferrer noopener\">Consulta dels informes d&#8217;assist\u00e8ncia<\/a><\/p>\n","protected":false},"excerpt":{"rendered":"<p>Espai digital exclusiu per al professorat del CFA Gav\u00e0, amb acc\u00e9s restringit amb usuari @xtec. Aqu\u00ed trobar\u00e0s tot el que necessites per a l\u2019organitzaci\u00f3 i gesti\u00f3 de l\u2019aula. Protocols digitals Consulta els protocols docents relacionats amb l\u2019\u00fas de les eines digitals del centre.\ud83d\udc49 Accedeix als protocols digitals Incid\u00e8ncies digitals Full per registrar o consultar incid\u00e8ncies [&hellip;]<\/p>\n","protected":false},"author":1,"featured_media":0,"parent":63,"menu_order":5,"comment_status":"closed","ping_status":"closed","template":"page-templates\/side-menu.php","meta":{"site-sidebar-layout":"default","site-content-layout":"","ast-site-content-layout":"default","site-content-style":"default","site-sidebar-style":"default","ast-global-header-display":"","ast-banner-title-visibility":"","ast-main-header-display":"","ast-hfb-above-header-display":"","ast-hfb-below-header-display":"","ast-hfb-mobile-header-display":"","site-post-title":"","ast-breadcrumbs-content":"","ast-featured-img":"","footer-sml-layout":"","theme-transparent-header-meta":"","adv-header-id-meta":"","stick-header-meta":"","header-above-stick-meta":"","header-main-stick-meta":"","header-below-stick-meta":"","astra-migrate-meta-layouts":"set","ast-page-background-enabled":"default","ast-page-background-meta":{"desktop":{"background-color":"var(--ast-global-color-4)","background-image":"","background-repeat":"repeat","background-position":"center center","background-size":"auto","background-attachment":"scroll","background-type":"","background-media":"","overlay-type":"","overlay-color":"","overlay-opacity":"","overlay-gradient":""},"tablet":{"background-color":"","background-image":"","background-repeat":"repeat","background-position":"center center","background-size":"auto","background-attachment":"scroll","background-type":"","background-media":"","overlay-type":"","overlay-color":"","overlay-opacity":"","overlay-gradient":""},"mobile":{"background-color":"","background-image":"","background-repeat":"repeat","background-position":"center center","background-size":"auto","background-attachment":"scroll","background-type":"","background-media":"","overlay-type":"","overlay-color":"","overlay-opacity":"","overlay-gradient":""}},"ast-content-background-meta":{"desktop":{"background-color":"var(--ast-global-color-5)","background-image":"","background-repeat":"repeat","background-position":"center center","background-size":"auto","background-attachment":"scroll","background-type":"","background-media":"","overlay-type":"","overlay-color":"","overlay-opacity":"","overlay-gradient":""},"tablet":{"background-color":"var(--ast-global-color-5)","background-image":"","background-repeat":"repeat","background-position":"center center","background-size":"auto","background-attachment":"scroll","background-type":"","background-media":"","overlay-type":"","overlay-color":"","overlay-opacity":"","overlay-gradient":""},"mobile":{"background-color":"var(--ast-global-color-5)","background-image":"","background-repeat":"repeat","background-position":"center center","background-size":"auto","background-attachment":"scroll","background-type":"","background-media":"","overlay-type":"","overlay-color":"","overlay-opacity":"","overlay-gradient":""}},"footnotes":""},"class_list":["post-7697","page","type-page","status-publish","hentry"],"post_mailing_queue_ids":[],"_links":{"self":[{"href":"https:\/\/agora.xtec.cat\/afaeramprunya-adults-gava\/wp-json\/wp\/v2\/pages\/7697","targetHints":{"allow":["GET"]}}],"collection":[{"href":"https:\/\/agora.xtec.cat\/afaeramprunya-adults-gava\/wp-json\/wp\/v2\/pages"}],"about":[{"href":"https:\/\/agora.xtec.cat\/afaeramprunya-adults-gava\/wp-json\/wp\/v2\/types\/page"}],"author":[{"embeddable":true,"href":"https:\/\/agora.xtec.cat\/afaeramprunya-adults-gava\/wp-json\/wp\/v2\/users\/1"}],"replies":[{"embeddable":true,"href":"https:\/\/agora.xtec.cat\/afaeramprunya-adults-gava\/wp-json\/wp\/v2\/comments?post=7697"}],"version-history":[{"count":6,"href":"https:\/\/agora.xtec.cat\/afaeramprunya-adults-gava\/wp-json\/wp\/v2\/pages\/7697\/revisions"}],"predecessor-version":[{"id":8918,"href":"https:\/\/agora.xtec.cat\/afaeramprunya-adults-gava\/wp-json\/wp\/v2\/pages\/7697\/revisions\/8918"}],"up":[{"embeddable":true,"href":"https:\/\/agora.xtec.cat\/afaeramprunya-adults-gava\/wp-json\/wp\/v2\/pages\/63"}],"wp:attachment":[{"href":"https:\/\/agora.xtec.cat\/afaeramprunya-adults-gava\/wp-json\/wp\/v2\/media?parent=7697"}],"curies":[{"name":"wp","href":"https:\/\/api.w.org\/{rel}","templated":true}]}}