{"id":65,"date":"2014-09-18T10:12:22","date_gmt":"2014-09-18T10:12:22","guid":{"rendered":"http:\/\/agora.xtec.cat\/afaeramprunya-adults-gava\/?page_id=65"},"modified":"2025-08-11T09:55:54","modified_gmt":"2025-08-11T07:55:54","slug":"serveis-digitals","status":"publish","type":"page","link":"https:\/\/agora.xtec.cat\/afaeramprunya-adults-gava\/serveis\/serveis-digitals\/","title":{"rendered":"Serveis digitals"},"content":{"rendered":"\n<div class=\"wp-block-getwid-button-group\"><div class=\"wp-block-getwid-button-group__wrapper has-width-50 has-width-tablet-100 has-width-mobile-100\">\n<div class=\"wp-block-button\"><a class=\"wp-block-button__link wp-element-button\" href=\"https:\/\/educaciodigital.cat\/afaeramprunya-adults-gava\/moodle\/\" target=\"_blank\" rel=\"noreferrer noopener\">Moodle<\/a><\/div>\n\n\n\n<div class=\"wp-block-button\"><a class=\"wp-block-button__link wp-element-button\" href=\"https:\/\/www.instagram.com\/cfa_gava\/\" target=\"_blank\" rel=\"noreferrer noopener\">Instagram<\/a><\/div>\n\n\n\n<div class=\"wp-block-button\"><a class=\"wp-block-button__link wp-element-button\" href=\"https:\/\/agora.xtec.cat\/afaeramprunya-adults-gava\/serveis\/serveis-digitals\/recursos-per-al-competic\/\">Recursos COMPETIC<\/a><\/div>\n\n\n\n<div class=\"wp-block-button\"><a class=\"wp-block-button__link wp-element-button\" href=\"https:\/\/sites.google.com\/xtec.cat\/edc-cfagava\/cultura-digital\/protocols\/protocols-alumnat\" target=\"_blank\" rel=\"noreferrer noopener\">Protocols digitals<\/a><\/div>\n<\/div><\/div>\n\n\n\n<hr class=\"wp-block-separator has-alpha-channel-opacity\"\/>\n\n\n\n<p>Al CFA Gav\u00e0 posem al teu abast eines digitals perqu\u00e8 puguis aprendre, seguir el curs i estar al dia del que passa al centre d\u2019una manera f\u00e0cil i c\u00f2moda. Descobreix els nostres principals canals digitals:<\/p>\n\n\n\n<h3 class=\"wp-block-heading\">Moodle<\/h3>\n\n\n\n<p>La nostra aula virtual. Aqu\u00ed podr\u00e0s accedir als materials del teu curs, fer activitats i comunicar-te amb el professorat. Tot en un sol lloc!<br>\ud83d\udc49 <a href=\"https:\/\/educaciodigital.cat\/afaeramprunya-adults-gava\/moodle\/\" target=\"_blank\" rel=\"noreferrer noopener\">Accedeix al Moodle del CFA Gav\u00e0<\/a><\/p>\n\n\n\n<h3 class=\"wp-block-heading\">Instagram<\/h3>\n\n\n\n<p>Segueix el nostre dia a dia, activitats, avisos i novetats del centre a trav\u00e9s del nostre perfil d\u2019Instagram.<br>\ud83d\udc49 <a href=\"https:\/\/www.instagram.com\/cfa_gava\/\" target=\"_blank\" rel=\"noreferrer noopener\">Segueix-nos a Instagram<\/a><\/p>\n\n\n\n<h3 class=\"wp-block-heading\">Recursos COMPETIC<\/h3>\n\n\n\n<p>Recull de materials, enlla\u00e7os i activitats digitals per aprendre i practicar inform\u00e0tica des de casa. Ideal per a l\u2019alumnat de COMPETIC.<br>\ud83d\udc49 <a class=\"\" href=\"https:\/\/agora.xtec.cat\/afaeramprunya-adults-gava\/serveis\/serveis-digitals\/recursos-per-al-competic\/\">Consulta els recursos COMPETIC<\/a><\/p>\n\n\n\n<h3 class=\"wp-block-heading\">Protocols digitals<\/h3>\n\n\n\n<p>Recull de tutorials sobre l&#8217;equipament digital del centre d&#8217;\u00fas per a l&#8217;alumnat.<br>\ud83d\udc49 <a href=\"https:\/\/sites.google.com\/xtec.cat\/edc-cfagava\/cultura-digital\/protocols\/protocols-alumnat\" data-type=\"link\" data-id=\"https:\/\/sites.google.com\/xtec.cat\/edc-cfagava\/cultura-digital\/protocols\/protocols-alumnat\" target=\"_blank\" rel=\"noreferrer noopener\">Consulta els protocols digitals<\/a><\/p>\n","protected":false},"excerpt":{"rendered":"<p>Al CFA Gav\u00e0 posem al teu abast eines digitals perqu\u00e8 puguis aprendre, seguir el curs i estar al dia del que passa al centre d\u2019una manera f\u00e0cil i c\u00f2moda. Descobreix els nostres principals canals digitals: Moodle La nostra aula virtual. Aqu\u00ed podr\u00e0s accedir als materials del teu curs, fer activitats i comunicar-te amb el professorat. [&hellip;]<\/p>\n","protected":false},"author":1,"featured_media":0,"parent":63,"menu_order":1,"comment_status":"closed","ping_status":"closed","template":"","meta":{"site-sidebar-layout":"default","site-content-layout":"","ast-site-content-layout":"default","site-content-style":"default","site-sidebar-style":"default","ast-global-header-display":"","ast-banner-title-visibility":"","ast-main-header-display":"","ast-hfb-above-header-display":"","ast-hfb-below-header-display":"","ast-hfb-mobile-header-display":"","site-post-title":"","ast-breadcrumbs-content":"","ast-featured-img":"","footer-sml-layout":"","theme-transparent-header-meta":"","adv-header-id-meta":"","stick-header-meta":"","header-above-stick-meta":"","header-main-stick-meta":"","header-below-stick-meta":"","astra-migrate-meta-layouts":"set","ast-page-background-enabled":"default","ast-page-background-meta":{"desktop":{"background-color":"var(--ast-global-color-4)","background-image":"","background-repeat":"repeat","background-position":"center center","background-size":"auto","background-attachment":"scroll","background-type":"","background-media":"","overlay-type":"","overlay-color":"","overlay-opacity":"","overlay-gradient":""},"tablet":{"background-color":"","background-image":"","background-repeat":"repeat","background-position":"center center","background-size":"auto","background-attachment":"scroll","background-type":"","background-media":"","overlay-type":"","overlay-color":"","overlay-opacity":"","overlay-gradient":""},"mobile":{"background-color":"","background-image":"","background-repeat":"repeat","background-position":"center center","background-size":"auto","background-attachment":"scroll","background-type":"","background-media":"","overlay-type":"","overlay-color":"","overlay-opacity":"","overlay-gradient":""}},"ast-content-background-meta":{"desktop":{"background-color":"var(--ast-global-color-5)","background-image":"","background-repeat":"repeat","background-position":"center center","background-size":"auto","background-attachment":"scroll","background-type":"","background-media":"","overlay-type":"","overlay-color":"","overlay-opacity":"","overlay-gradient":""},"tablet":{"background-color":"var(--ast-global-color-5)","background-image":"","background-repeat":"repeat","background-position":"center center","background-size":"auto","background-attachment":"scroll","background-type":"","background-media":"","overlay-type":"","overlay-color":"","overlay-opacity":"","overlay-gradient":""},"mobile":{"background-color":"var(--ast-global-color-5)","background-image":"","background-repeat":"repeat","background-position":"center center","background-size":"auto","background-attachment":"scroll","background-type":"","background-media":"","overlay-type":"","overlay-color":"","overlay-opacity":"","overlay-gradient":""}},"footnotes":""},"class_list":["post-65","page","type-page","status-publish","hentry"],"post_mailing_queue_ids":[],"_links":{"self":[{"href":"https:\/\/agora.xtec.cat\/afaeramprunya-adults-gava\/wp-json\/wp\/v2\/pages\/65","targetHints":{"allow":["GET"]}}],"collection":[{"href":"https:\/\/agora.xtec.cat\/afaeramprunya-adults-gava\/wp-json\/wp\/v2\/pages"}],"about":[{"href":"https:\/\/agora.xtec.cat\/afaeramprunya-adults-gava\/wp-json\/wp\/v2\/types\/page"}],"author":[{"embeddable":true,"href":"https:\/\/agora.xtec.cat\/afaeramprunya-adults-gava\/wp-json\/wp\/v2\/users\/1"}],"replies":[{"embeddable":true,"href":"https:\/\/agora.xtec.cat\/afaeramprunya-adults-gava\/wp-json\/wp\/v2\/comments?post=65"}],"version-history":[{"count":6,"href":"https:\/\/agora.xtec.cat\/afaeramprunya-adults-gava\/wp-json\/wp\/v2\/pages\/65\/revisions"}],"predecessor-version":[{"id":8296,"href":"https:\/\/agora.xtec.cat\/afaeramprunya-adults-gava\/wp-json\/wp\/v2\/pages\/65\/revisions\/8296"}],"up":[{"embeddable":true,"href":"https:\/\/agora.xtec.cat\/afaeramprunya-adults-gava\/wp-json\/wp\/v2\/pages\/63"}],"wp:attachment":[{"href":"https:\/\/agora.xtec.cat\/afaeramprunya-adults-gava\/wp-json\/wp\/v2\/media?parent=65"}],"curies":[{"name":"wp","href":"https:\/\/api.w.org\/{rel}","templated":true}]}}