{"id":57,"date":"2014-09-17T17:01:07","date_gmt":"2014-09-17T15:01:07","guid":{"rendered":"http:\/\/agora.xtec.cat\/afaeramprunya-adults-gava\/?page_id=57"},"modified":"2025-10-07T23:17:19","modified_gmt":"2025-10-07T21:17:19","slug":"projecte-educatiu","status":"publish","type":"page","link":"https:\/\/agora.xtec.cat\/afaeramprunya-adults-gava\/projecte-educatiu\/","title":{"rendered":"Documentaci\u00f3 Estrat\u00e8gica del Centre"},"content":{"rendered":"\n<div class=\"wp-block-getwid-button-group\"><div class=\"wp-block-getwid-button-group__wrapper has-width-50 has-width-mobile-100\">\n<div class=\"wp-block-button\"><a class=\"wp-block-button__link wp-element-button\" href=\"https:\/\/drive.google.com\/file\/d\/1sFxQf_owkMGuzhgJjDYbvm9CLYcyrNN1\/view?usp=sharing\" target=\"_blank\" rel=\"noreferrer noopener\">Projecte Educatiu de Centre<\/a><\/div>\n\n\n\n<div class=\"wp-block-button\"><a class=\"wp-block-button__link wp-element-button\" href=\"https:\/\/drive.google.com\/file\/d\/12gsqO8CGfVq4e30a7JlwpwLmqE1zvfRb\/view?usp=sharing\" target=\"_blank\" rel=\"noreferrer noopener\">Normes d&#8217;Organitzaci\u00f3 i Funcionament<\/a><\/div>\n\n\n\n<div class=\"wp-block-button\"><a class=\"wp-block-button__link wp-element-button\" href=\"https:\/\/drive.google.com\/file\/d\/17dpDGIVMhfEilihK8ijVFFy-2LzuNxOJ\/preview\" target=\"_blank\" rel=\"noreferrer noopener\">Pla Ling\u00fc\u00edstic<\/a><\/div>\n\n\n\n<div class=\"wp-block-button\"><a class=\"wp-block-button__link wp-element-button\" href=\"https:\/\/sites.google.com\/xtec.cat\/edc-cfagava\" target=\"_blank\" rel=\"noreferrer noopener\">Pla d&#8217;Estrat\u00e8gia Digital<\/a><\/div>\n\n\n\n<div class=\"wp-block-button\"><a class=\"wp-block-button__link wp-element-button\" href=\"https:\/\/drive.google.com\/file\/d\/1TPhHOIbAW_jJHIqs21-KbKxytPtcJzSq\/view?usp=sharing\" target=\"_blank\" rel=\"noreferrer noopener\">Pol\u00edtica de Qualitat<\/a><\/div>\n<\/div><\/div>\n\n\n\n<hr class=\"wp-block-separator has-alpha-channel-opacity\"\/>\n\n\n\n<p>Al CFA Gav\u00e0 disposem de diversos documents que marquen el rumb de la nostra activitat educativa. Aquests documents defineixen qui som, com treballem i cap a on volem anar com a centre. Aqu\u00ed tens una breu explicaci\u00f3 de cadascun:<\/p>\n\n\n\n<ul class=\"wp-block-list\">\n<li><strong><a href=\"https:\/\/drive.google.com\/file\/d\/1sFxQf_owkMGuzhgJjDYbvm9CLYcyrNN1\/view?usp=sharing\" data-type=\"link\" data-id=\"https:\/\/drive.google.com\/file\/d\/19rCFpMTMY1H0KMEuFejqHwPUl1WFKuxp\/view?usp=sharing\" target=\"_blank\" rel=\"noreferrer noopener\">Projecte Educatiu de Centre (PEC)<\/a><\/strong><a href=\"https:\/\/drive.google.com\/file\/d\/19rCFpMTMY1H0KMEuFejqHwPUl1WFKuxp\/view?usp=sharing\" data-type=\"link\" data-id=\"https:\/\/drive.google.com\/file\/d\/19rCFpMTMY1H0KMEuFejqHwPUl1WFKuxp\/view?usp=sharing\" target=\"_blank\" rel=\"noreferrer noopener\"><br><\/a>Defineix la identitat del centre, els nostres valors, com ens organitzem i quin \u00e9s el nostre enfocament pedag\u00f2gic i ling\u00fc\u00edstic.<\/li>\n\n\n\n<li><a href=\"https:\/\/drive.google.com\/file\/d\/12gsqO8CGfVq4e30a7JlwpwLmqE1zvfRb\/view?usp=sharing\" data-type=\"link\" data-id=\"https:\/\/drive.google.com\/file\/d\/12gsqO8CGfVq4e30a7JlwpwLmqE1zvfRb\/view?usp=sharing\" target=\"_blank\" rel=\"noreferrer noopener\"><strong>Normes d\u2019Organitzaci\u00f3 i Funcionament (NFOC)<\/strong><br><\/a>Regulen el dia a dia del centre: com ens organitzem, qui fa qu\u00e8 i com ens relacionem.<\/li>\n\n\n\n<li><a href=\"https:\/\/drive.google.com\/file\/d\/17dpDGIVMhfEilihK8ijVFFy-2LzuNxOJ\/preview\" data-type=\"link\" data-id=\"https:\/\/drive.google.com\/file\/d\/17dpDGIVMhfEilihK8ijVFFy-2LzuNxOJ\/preview\" target=\"_blank\" rel=\"noreferrer noopener\"><strong>Projecte Ling\u00fc\u00edstic de Centre (PLC)<\/strong><br><\/a>Dona estrat\u00e8gies per millorar la compet\u00e8ncia comunicativa, fomentar la lectura i millorar l\u2019expressi\u00f3 oral i escrita.<\/li>\n\n\n\n<li><a href=\"https:\/\/sites.google.com\/xtec.cat\/edc-cfagava\" data-type=\"link\" data-id=\"https:\/\/sites.google.com\/xtec.cat\/edc-cfagava\" target=\"_blank\" rel=\"noreferrer noopener\"><strong>Pla d\u2019Estrat\u00e8gia Digital (EDC)<\/strong><br><\/a>Defineix com treballem les compet\u00e8ncies digitals de l\u2019alumnat, el professorat i el centre, seguint el Pla d\u2019Educaci\u00f3 Digital de Catalunya.<\/li>\n\n\n\n<li><a href=\"https:\/\/drive.google.com\/file\/d\/1TPhHOIbAW_jJHIqs21-KbKxytPtcJzSq\/view?usp=sharing\" data-type=\"link\" data-id=\"https:\/\/sites.google.com\/xtec.cat\/edc-cfagava\" target=\"_blank\" rel=\"noreferrer noopener\"><strong>Pol\u00edtica de Qualitat<\/strong><br><\/a>Defineix el nostre comprom\u00eds amb la millora cont\u00ednua, la inclusi\u00f3 i la qualitat educativa. Orienta l\u2019acci\u00f3 del centre per oferir una formaci\u00f3 centrada en l\u2019alumnat i adaptada al seu entorn.<\/li>\n<\/ul>\n\n\n\n<p><\/p>\n","protected":false},"excerpt":{"rendered":"<p>Al CFA Gav\u00e0 disposem de diversos documents que marquen el rumb de la nostra activitat educativa. Aquests documents defineixen qui som, com treballem i cap a on volem anar com a centre. Aqu\u00ed tens una breu explicaci\u00f3 de cadascun:<\/p>\n","protected":false},"author":1,"featured_media":0,"parent":0,"menu_order":0,"comment_status":"closed","ping_status":"closed","template":"page-templates\/side-menu.php","meta":{"site-sidebar-layout":"default","site-content-layout":"","ast-site-content-layout":"default","site-content-style":"default","site-sidebar-style":"default","ast-global-header-display":"","ast-banner-title-visibility":"","ast-main-header-display":"","ast-hfb-above-header-display":"","ast-hfb-below-header-display":"","ast-hfb-mobile-header-display":"","site-post-title":"","ast-breadcrumbs-content":"","ast-featured-img":"","footer-sml-layout":"","theme-transparent-header-meta":"","adv-header-id-meta":"","stick-header-meta":"","header-above-stick-meta":"","header-main-stick-meta":"","header-below-stick-meta":"","astra-migrate-meta-layouts":"set","ast-page-background-enabled":"default","ast-page-background-meta":{"desktop":{"background-color":"var(--ast-global-color-4)","background-image":"","background-repeat":"repeat","background-position":"center center","background-size":"auto","background-attachment":"scroll","background-type":"","background-media":"","overlay-type":"","overlay-color":"","overlay-opacity":"","overlay-gradient":""},"tablet":{"background-color":"","background-image":"","background-repeat":"repeat","background-position":"center center","background-size":"auto","background-attachment":"scroll","background-type":"","background-media":"","overlay-type":"","overlay-color":"","overlay-opacity":"","overlay-gradient":""},"mobile":{"background-color":"","background-image":"","background-repeat":"repeat","background-position":"center center","background-size":"auto","background-attachment":"scroll","background-type":"","background-media":"","overlay-type":"","overlay-color":"","overlay-opacity":"","overlay-gradient":""}},"ast-content-background-meta":{"desktop":{"background-color":"var(--ast-global-color-5)","background-image":"","background-repeat":"repeat","background-position":"center center","background-size":"auto","background-attachment":"scroll","background-type":"","background-media":"","overlay-type":"","overlay-color":"","overlay-opacity":"","overlay-gradient":""},"tablet":{"background-color":"var(--ast-global-color-5)","background-image":"","background-repeat":"repeat","background-position":"center center","background-size":"auto","background-attachment":"scroll","background-type":"","background-media":"","overlay-type":"","overlay-color":"","overlay-opacity":"","overlay-gradient":""},"mobile":{"background-color":"var(--ast-global-color-5)","background-image":"","background-repeat":"repeat","background-position":"center center","background-size":"auto","background-attachment":"scroll","background-type":"","background-media":"","overlay-type":"","overlay-color":"","overlay-opacity":"","overlay-gradient":""}},"footnotes":""},"class_list":["post-57","page","type-page","status-publish","hentry"],"post_mailing_queue_ids":[],"_links":{"self":[{"href":"https:\/\/agora.xtec.cat\/afaeramprunya-adults-gava\/wp-json\/wp\/v2\/pages\/57","targetHints":{"allow":["GET"]}}],"collection":[{"href":"https:\/\/agora.xtec.cat\/afaeramprunya-adults-gava\/wp-json\/wp\/v2\/pages"}],"about":[{"href":"https:\/\/agora.xtec.cat\/afaeramprunya-adults-gava\/wp-json\/wp\/v2\/types\/page"}],"author":[{"embeddable":true,"href":"https:\/\/agora.xtec.cat\/afaeramprunya-adults-gava\/wp-json\/wp\/v2\/users\/1"}],"replies":[{"embeddable":true,"href":"https:\/\/agora.xtec.cat\/afaeramprunya-adults-gava\/wp-json\/wp\/v2\/comments?post=57"}],"version-history":[{"count":6,"href":"https:\/\/agora.xtec.cat\/afaeramprunya-adults-gava\/wp-json\/wp\/v2\/pages\/57\/revisions"}],"predecessor-version":[{"id":8913,"href":"https:\/\/agora.xtec.cat\/afaeramprunya-adults-gava\/wp-json\/wp\/v2\/pages\/57\/revisions\/8913"}],"wp:attachment":[{"href":"https:\/\/agora.xtec.cat\/afaeramprunya-adults-gava\/wp-json\/wp\/v2\/media?parent=57"}],"curies":[{"name":"wp","href":"https:\/\/api.w.org\/{rel}","templated":true}]}}