{"id":339,"date":"2015-01-28T12:22:56","date_gmt":"2015-01-28T11:22:56","guid":{"rendered":"http:\/\/agora.xtec.cat\/afaeramprunya-adults-gava\/?page_id=339"},"modified":"2025-09-20T08:47:47","modified_gmt":"2025-09-20T06:47:47","slug":"contacte","status":"publish","type":"page","link":"https:\/\/agora.xtec.cat\/afaeramprunya-adults-gava\/el-centre\/contacte\/","title":{"rendered":"Contacte"},"content":{"rendered":"\n<h3 class=\"wp-block-heading\">Adre\u00e7a<\/h3>\n\n\n\n<p>C\/ Sarri\u00e0, 5 &#8211; 08850 Gav\u00e0<br>\ud83d\udcde 93 662 07 04<br><a href=\"mailto:a8062471@xtec.cat\">\u2709 a8062471@xtec.cat<\/a><\/p>\n\n\n\n<h3 class=\"wp-block-heading\">Horari d&#8217;atenci\u00f3 al p\u00fablic<\/h3>\n\n\n\n<ul class=\"wp-block-list\">\n<li>Dilluns, dimarts, dimecres i dijous de 15:00 a 20:00 h.<\/li>\n\n\n\n<li>Dimecres i divendres de 09:00 a 13:00 h.<\/li>\n<\/ul>\n\n\n\n<h3 class=\"wp-block-heading\">Com arribar al CFA Gav\u00e0<\/h3>\n\n\n\n<p>El CFA Gav\u00e0 es troba a 5 minuts de l&#8217;estaci\u00f3 de la RENFE de Gav\u00e0.<br>\ud83d\ude86 RENFE: estaci\u00f3 de Gav\u00e0 (l\u00ednies <a href=\"https:\/\/rodalies.gencat.cat\/ca\/linies_estacions_i_trens\/?linia=R2\" target=\"_blank\" rel=\"noreferrer noopener\">R2<\/a> i <a href=\"https:\/\/rodalies.gencat.cat\/ca\/linies_estacions_i_trens\/?linia=R2S\" target=\"_blank\" rel=\"noreferrer noopener\">R2S<\/a>).<br>\ud83d\ude8d Bus: parada <a href=\"https:\/\/www.ambmobilitat.cat\/Principales\/DatosParada.aspx?linea=0&amp;version=0&amp;cerca=1&amp;punto=106377\" target=\"_blank\" rel=\"noreferrer noopener\">Rambla &#8211; Estaci\u00f3<\/a>.<\/p>\n\n\n\n<iframe src=\"https:\/\/www.google.com\/maps\/embed?pb=!1m18!1m12!1m3!1d2997.167757850628!2d2.0065850749015133!3d41.30521400108997!2m3!1f0!2f0!3f0!3m2!1i1024!2i768!4f13.1!3m3!1m2!1s0x12a49ce04391b837%3A0xa4331f0845f15984!2zQ2ZhIEdhdsOg!5e0!3m2!1ses!2ses!4v1754814750283!5m2!1ses!2ses\" width=\"600\" height=\"450\" style=\"border:0;\" allowfullscreen=\"\" loading=\"lazy\" referrerpolicy=\"no-referrer-when-downgrade\"><\/iframe>\n\n\n\n<p><\/p>\n","protected":false},"excerpt":{"rendered":"<p>Adre\u00e7a C\/ Sarri\u00e0, 5 &#8211; 08850 Gav\u00e0\ud83d\udcde 93 662 07 04\u2709 a8062471@xtec.cat Horari d&#8217;atenci\u00f3 al p\u00fablic Com arribar al CFA Gav\u00e0 El CFA Gav\u00e0 es troba a 5 minuts de l&#8217;estaci\u00f3 de la RENFE de Gav\u00e0.\ud83d\ude86 RENFE: estaci\u00f3 de Gav\u00e0 (l\u00ednies R2 i R2S).\ud83d\ude8d Bus: parada Rambla &#8211; Estaci\u00f3.<\/p>\n","protected":false},"author":1,"featured_media":0,"parent":261,"menu_order":5,"comment_status":"closed","ping_status":"closed","template":"","meta":{"site-sidebar-layout":"default","site-content-layout":"","ast-site-content-layout":"default","site-content-style":"default","site-sidebar-style":"default","ast-global-header-display":"","ast-banner-title-visibility":"","ast-main-header-display":"","ast-hfb-above-header-display":"","ast-hfb-below-header-display":"","ast-hfb-mobile-header-display":"","site-post-title":"","ast-breadcrumbs-content":"","ast-featured-img":"","footer-sml-layout":"","theme-transparent-header-meta":"","adv-header-id-meta":"","stick-header-meta":"","header-above-stick-meta":"","header-main-stick-meta":"","header-below-stick-meta":"","astra-migrate-meta-layouts":"set","ast-page-background-enabled":"default","ast-page-background-meta":{"desktop":{"background-color":"var(--ast-global-color-4)","background-image":"","background-repeat":"repeat","background-position":"center center","background-size":"auto","background-attachment":"scroll","background-type":"","background-media":"","overlay-type":"","overlay-color":"","overlay-opacity":"","overlay-gradient":""},"tablet":{"background-color":"","background-image":"","background-repeat":"repeat","background-position":"center center","background-size":"auto","background-attachment":"scroll","background-type":"","background-media":"","overlay-type":"","overlay-color":"","overlay-opacity":"","overlay-gradient":""},"mobile":{"background-color":"","background-image":"","background-repeat":"repeat","background-position":"center center","background-size":"auto","background-attachment":"scroll","background-type":"","background-media":"","overlay-type":"","overlay-color":"","overlay-opacity":"","overlay-gradient":""}},"ast-content-background-meta":{"desktop":{"background-color":"var(--ast-global-color-5)","background-image":"","background-repeat":"repeat","background-position":"center center","background-size":"auto","background-attachment":"scroll","background-type":"","background-media":"","overlay-type":"","overlay-color":"","overlay-opacity":"","overlay-gradient":""},"tablet":{"background-color":"var(--ast-global-color-5)","background-image":"","background-repeat":"repeat","background-position":"center center","background-size":"auto","background-attachment":"scroll","background-type":"","background-media":"","overlay-type":"","overlay-color":"","overlay-opacity":"","overlay-gradient":""},"mobile":{"background-color":"var(--ast-global-color-5)","background-image":"","background-repeat":"repeat","background-position":"center center","background-size":"auto","background-attachment":"scroll","background-type":"","background-media":"","overlay-type":"","overlay-color":"","overlay-opacity":"","overlay-gradient":""}},"footnotes":""},"class_list":["post-339","page","type-page","status-publish","hentry"],"post_mailing_queue_ids":[],"_links":{"self":[{"href":"https:\/\/agora.xtec.cat\/afaeramprunya-adults-gava\/wp-json\/wp\/v2\/pages\/339","targetHints":{"allow":["GET"]}}],"collection":[{"href":"https:\/\/agora.xtec.cat\/afaeramprunya-adults-gava\/wp-json\/wp\/v2\/pages"}],"about":[{"href":"https:\/\/agora.xtec.cat\/afaeramprunya-adults-gava\/wp-json\/wp\/v2\/types\/page"}],"author":[{"embeddable":true,"href":"https:\/\/agora.xtec.cat\/afaeramprunya-adults-gava\/wp-json\/wp\/v2\/users\/1"}],"replies":[{"embeddable":true,"href":"https:\/\/agora.xtec.cat\/afaeramprunya-adults-gava\/wp-json\/wp\/v2\/comments?post=339"}],"version-history":[{"count":6,"href":"https:\/\/agora.xtec.cat\/afaeramprunya-adults-gava\/wp-json\/wp\/v2\/pages\/339\/revisions"}],"predecessor-version":[{"id":8856,"href":"https:\/\/agora.xtec.cat\/afaeramprunya-adults-gava\/wp-json\/wp\/v2\/pages\/339\/revisions\/8856"}],"up":[{"embeddable":true,"href":"https:\/\/agora.xtec.cat\/afaeramprunya-adults-gava\/wp-json\/wp\/v2\/pages\/261"}],"wp:attachment":[{"href":"https:\/\/agora.xtec.cat\/afaeramprunya-adults-gava\/wp-json\/wp\/v2\/media?parent=339"}],"curies":[{"name":"wp","href":"https:\/\/api.w.org\/{rel}","templated":true}]}}