{"id":312,"date":"2015-01-28T11:32:38","date_gmt":"2015-01-28T10:32:38","guid":{"rendered":"http:\/\/agora.xtec.cat\/afaeramprunya-adults-gava\/?page_id=312"},"modified":"2025-08-10T10:48:58","modified_gmt":"2025-08-10T08:48:58","slug":"llengua-anglesa","status":"publish","type":"page","link":"https:\/\/agora.xtec.cat\/afaeramprunya-adults-gava\/ensenyaments\/idiomes\/llengua-anglesa\/","title":{"rendered":"Llengua anglesa"},"content":{"rendered":"\n<p>Vols aprendre angl\u00e8s? Al CFA Gav\u00e0 t\u2019ajudem a comen\u00e7ar o a millorar el teu nivell amb classes adaptades al teu ritme. Oferim cursos per a persones adultes que volen guanyar confian\u00e7a parlant i escrivint en angl\u00e8s.<\/p>\n\n\n\n<div class=\"wp-block-getwid-accordion has-icon-left\" data-active-element=\"none\">\n<div class=\"wp-block-getwid-accordion__header-wrapper\"><span class=\"wp-block-getwid-accordion__header\"><a href=\"#\"><span class=\"wp-block-getwid-accordion__header-title\">Quins nivells d&#8217;angl\u00e8s hi ha al CFA Gav\u00e0?<\/span><span class=\"wp-block-getwid-accordion__icon is-active\"><i class=\"fas fa-plus\"><\/i><\/span><span class=\"wp-block-getwid-accordion__icon is-passive\"><i class=\"fas fa-minus\"><\/i><\/span><\/a><\/span><\/div><div class=\"wp-block-getwid-accordion__content-wrapper\"><div class=\"wp-block-getwid-accordion__content\">\n<p>Al CFA Gav\u00e0 impartim tres nivells d\u2019angl\u00e8s:<\/p>\n\n\n\n<ul class=\"wp-block-list\">\n<li><strong>Angl\u00e8s 1<\/strong>: nivell A1 (inicial)<\/li>\n\n\n\n<li><strong>Angl\u00e8s 2<\/strong>: nivell A2.1<\/li>\n\n\n\n<li><strong>Angl\u00e8s 3<\/strong>: nivell A2.2<\/li>\n<\/ul>\n\n\n\n<p>Aquests nivells corresponen al <strong>Marc europeu com\u00fa de refer\u00e8ncia per a les lleng\u00fces (MECR)<\/strong>.<\/p>\n<\/div><\/div>\n\n\n\n<div class=\"wp-block-getwid-accordion__header-wrapper\"><span class=\"wp-block-getwid-accordion__header\"><a href=\"#\"><span class=\"wp-block-getwid-accordion__header-title\">Qu\u00e8 aprendr\u00e9?<\/span><span class=\"wp-block-getwid-accordion__icon is-active\"><i class=\"fas fa-plus\"><\/i><\/span><span class=\"wp-block-getwid-accordion__icon is-passive\"><i class=\"fas fa-minus\"><\/i><\/span><\/a><\/span><\/div><div class=\"wp-block-getwid-accordion__content-wrapper\"><div class=\"wp-block-getwid-accordion__content\">\n<p>Treballar\u00e0s la <strong>comprensi\u00f3 i expressi\u00f3 oral i escrita<\/strong> amb activitats pr\u00e0ctiques, \u00fatils per a la vida di\u00e0ria i la feina.<\/p>\n\n\n\n<p>Els continguts principals inclouen:<\/p>\n\n\n\n<ul class=\"wp-block-list\">\n<li><strong>Funcions comunicatives i aspectes culturals<\/strong><\/li>\n\n\n\n<li><strong>Organitzaci\u00f3 de textos i \u00e0mbits d\u2019\u00fas<\/strong><\/li>\n\n\n\n<li><strong>Gram\u00e0tica, vocabulari, pronunciaci\u00f3 i ortografia<\/strong><\/li>\n<\/ul>\n\n\n\n<p>Cada curs t\u00e9 blocs tem\u00e0tics que t\u2019ajuden a avan\u00e7ar pas a pas en el teu aprenentatge.<\/p>\n<\/div><\/div>\n\n\n\n<div class=\"wp-block-getwid-accordion__header-wrapper\"><span class=\"wp-block-getwid-accordion__header\"><a href=\"#\"><span class=\"wp-block-getwid-accordion__header-title\">Com em puc apuntar?<\/span><span class=\"wp-block-getwid-accordion__icon is-active\"><i class=\"fas fa-plus\"><\/i><\/span><span class=\"wp-block-getwid-accordion__icon is-passive\"><i class=\"fas fa-minus\"><\/i><\/span><\/a><\/span><\/div><div class=\"wp-block-getwid-accordion__content-wrapper\"><div class=\"wp-block-getwid-accordion__content\">\n<p>Pots accedir als cursos si tens <strong>18 anys o m\u00e9s<\/strong>, o els fas durant l\u2019any natural d\u2019inici del curs.<\/p>\n\n\n\n<p>Si no tens cap <strong>t\u00edtol oficial<\/strong> que acrediti el teu nivell, et farem una <strong>prova de nivell<\/strong> durant el per\u00edode de preinscripci\u00f3 per saber quin curs \u00e9s el m\u00e9s adequat per a tu.<\/p>\n<\/div><\/div>\n\n\n\n<div class=\"wp-block-getwid-accordion__header-wrapper\"><span class=\"wp-block-getwid-accordion__header\"><a href=\"#\"><span class=\"wp-block-getwid-accordion__header-title\">Com puc matricular-m&#8217;hi?<\/span><span class=\"wp-block-getwid-accordion__icon is-active\"><i class=\"fas fa-plus\"><\/i><\/span><span class=\"wp-block-getwid-accordion__icon is-passive\"><i class=\"fas fa-minus\"><\/i><\/span><\/a><\/span><\/div><div class=\"wp-block-getwid-accordion__content-wrapper\"><div class=\"wp-block-getwid-accordion__content\">\n<p>Per inscriure\u2019t, cal fer la <strong>preinscripci\u00f3 i matr\u00edcula<\/strong> seguint el <strong>calendari oficial<\/strong>. Les dates es publiquen amb antelaci\u00f3 a la web del centre. No oblidis portar el teu DNI, NIE o passaport i la teva targeta sanit\u00e0ria.<\/p>\n\n\n\n<p>Els alumnes del nivell 3 hauran de fer una <strong>prova externa de nivell b\u00e0sic (A2)<\/strong> abans d\u2019acabar el curs.<\/p>\n<\/div><\/div>\n\n\n\n<div class=\"wp-block-getwid-accordion__header-wrapper\"><span class=\"wp-block-getwid-accordion__header\"><a href=\"#\"><span class=\"wp-block-getwid-accordion__header-title\">Quant duren els cursos?<\/span><span class=\"wp-block-getwid-accordion__icon is-active\"><i class=\"fas fa-plus\"><\/i><\/span><span class=\"wp-block-getwid-accordion__icon is-passive\"><i class=\"fas fa-minus\"><\/i><\/span><\/a><\/span><\/div><div class=\"wp-block-getwid-accordion__content-wrapper\"><div class=\"wp-block-getwid-accordion__content\">\n<p>Els cursos s\u00f3n <strong>anuals<\/strong>, de <strong>setembre a juny<\/strong>.<\/p>\n\n\n\n<ul class=\"wp-block-list\">\n<li><strong>Angl\u00e8s 1<\/strong>: dues sessions setmanals d\u2019<strong>1,5 hores<\/strong><\/li>\n\n\n\n<li><strong>Angl\u00e8s 2 i 3<\/strong>: dues sessions setmanals de <strong>2 hores<\/strong><\/li>\n<\/ul>\n\n\n\n<p>Hi ha grups de <strong>mat\u00ed i tarda<\/strong>, segons la planificaci\u00f3 del curs.<\/p>\n\n\n\n<p>\ud83d\udc49 Consulta el <a href=\"https:\/\/agora.xtec.cat\/afaeramprunya-adults-gava\/el-centre\/calendari-del-curs\/calendari-escolar\/\" data-type=\"link\" data-id=\"https:\/\/agora.xtec.cat\/afaeramprunya-adults-gava\/el-centre\/calendari-del-curs\/calendari-escolar\/\">calendari <\/a>i <a href=\"https:\/\/agora.xtec.cat\/afaeramprunya-adults-gava\/el-centre\/calendari-del-curs\/horaris-ensenyaments\/#angles\">horaris <\/a>disponibles actualment.<\/p>\n<\/div><\/div>\n\n\n\n<div class=\"wp-block-getwid-accordion__header-wrapper\"><span class=\"wp-block-getwid-accordion__header\"><a href=\"#\"><span class=\"wp-block-getwid-accordion__header-title\">I despr\u00e9s puc seguir estudiant angl\u00e8s al CFA Gav\u00e0?<\/span><span class=\"wp-block-getwid-accordion__icon is-active\"><i class=\"fas fa-plus\"><\/i><\/span><span class=\"wp-block-getwid-accordion__icon is-passive\"><i class=\"fas fa-minus\"><\/i><\/span><\/a><\/span><\/div><div class=\"wp-block-getwid-accordion__content-wrapper\"><div class=\"wp-block-getwid-accordion__content\">\n<p>Si acabes <strong>Angl\u00e8s 3<\/strong>, pots continuar els teus estudis a una <strong>Escola Oficial d\u2019Idiomes (EOI)<\/strong>. Accedir\u00e0s directament al <strong>nivell 3<\/strong> sense haver de fer cap prova de nivell.<\/p>\n<\/div><\/div>\n\n\n\n<div class=\"wp-block-getwid-accordion__header-wrapper\"><span class=\"wp-block-getwid-accordion__header\"><a href=\"#\"><span class=\"wp-block-getwid-accordion__header-title\">On puc trobar m\u00e9s informaci\u00f3?<\/span><span class=\"wp-block-getwid-accordion__icon is-active\"><i class=\"fas fa-plus\"><\/i><\/span><span class=\"wp-block-getwid-accordion__icon is-passive\"><i class=\"fas fa-minus\"><\/i><\/span><\/a><\/span><\/div><div class=\"wp-block-getwid-accordion__content-wrapper\"><div class=\"wp-block-getwid-accordion__content\">\n<p>Pots trobar tot el curr\u00edculum i informaci\u00f3 a la web de la <strong><a href=\"https:\/\/projectes.xtec.cat\/xarxadults\/ensenyaments\/curriculum\/\" data-type=\"link\" data-id=\"https:\/\/projectes.xtec.cat\/xarxadults\/ensenyaments\/curriculum\/\" target=\"_blank\" rel=\"noreferrer noopener\">Xarxa d&#8217;Educaci\u00f3 al Llarg de la Vida<\/a><\/strong>.<\/p>\n<\/div><\/div>\n<\/div>\n","protected":false},"excerpt":{"rendered":"<p>Vols aprendre angl\u00e8s? Al CFA Gav\u00e0 t\u2019ajudem a comen\u00e7ar o a millorar el teu nivell amb classes adaptades al teu ritme. Oferim cursos per a persones adultes que volen guanyar confian\u00e7a parlant i escrivint en angl\u00e8s.<\/p>\n","protected":false},"author":1,"featured_media":0,"parent":7916,"menu_order":0,"comment_status":"closed","ping_status":"closed","template":"page-templates\/side-menu.php","meta":{"site-sidebar-layout":"default","site-content-layout":"","ast-site-content-layout":"default","site-content-style":"default","site-sidebar-style":"default","ast-global-header-display":"","ast-banner-title-visibility":"","ast-main-header-display":"","ast-hfb-above-header-display":"","ast-hfb-below-header-display":"","ast-hfb-mobile-header-display":"","site-post-title":"","ast-breadcrumbs-content":"","ast-featured-img":"","footer-sml-layout":"","theme-transparent-header-meta":"","adv-header-id-meta":"","stick-header-meta":"","header-above-stick-meta":"","header-main-stick-meta":"","header-below-stick-meta":"","astra-migrate-meta-layouts":"set","ast-page-background-enabled":"default","ast-page-background-meta":{"desktop":{"background-color":"var(--ast-global-color-4)","background-image":"","background-repeat":"repeat","background-position":"center center","background-size":"auto","background-attachment":"scroll","background-type":"","background-media":"","overlay-type":"","overlay-color":"","overlay-opacity":"","overlay-gradient":""},"tablet":{"background-color":"","background-image":"","background-repeat":"repeat","background-position":"center center","background-size":"auto","background-attachment":"scroll","background-type":"","background-media":"","overlay-type":"","overlay-color":"","overlay-opacity":"","overlay-gradient":""},"mobile":{"background-color":"","background-image":"","background-repeat":"repeat","background-position":"center center","background-size":"auto","background-attachment":"scroll","background-type":"","background-media":"","overlay-type":"","overlay-color":"","overlay-opacity":"","overlay-gradient":""}},"ast-content-background-meta":{"desktop":{"background-color":"var(--ast-global-color-5)","background-image":"","background-repeat":"repeat","background-position":"center center","background-size":"auto","background-attachment":"scroll","background-type":"","background-media":"","overlay-type":"","overlay-color":"","overlay-opacity":"","overlay-gradient":""},"tablet":{"background-color":"var(--ast-global-color-5)","background-image":"","background-repeat":"repeat","background-position":"center center","background-size":"auto","background-attachment":"scroll","background-type":"","background-media":"","overlay-type":"","overlay-color":"","overlay-opacity":"","overlay-gradient":""},"mobile":{"background-color":"var(--ast-global-color-5)","background-image":"","background-repeat":"repeat","background-position":"center center","background-size":"auto","background-attachment":"scroll","background-type":"","background-media":"","overlay-type":"","overlay-color":"","overlay-opacity":"","overlay-gradient":""}},"footnotes":""},"class_list":["post-312","page","type-page","status-publish","hentry"],"post_mailing_queue_ids":[],"_links":{"self":[{"href":"https:\/\/agora.xtec.cat\/afaeramprunya-adults-gava\/wp-json\/wp\/v2\/pages\/312","targetHints":{"allow":["GET"]}}],"collection":[{"href":"https:\/\/agora.xtec.cat\/afaeramprunya-adults-gava\/wp-json\/wp\/v2\/pages"}],"about":[{"href":"https:\/\/agora.xtec.cat\/afaeramprunya-adults-gava\/wp-json\/wp\/v2\/types\/page"}],"author":[{"embeddable":true,"href":"https:\/\/agora.xtec.cat\/afaeramprunya-adults-gava\/wp-json\/wp\/v2\/users\/1"}],"replies":[{"embeddable":true,"href":"https:\/\/agora.xtec.cat\/afaeramprunya-adults-gava\/wp-json\/wp\/v2\/comments?post=312"}],"version-history":[{"count":6,"href":"https:\/\/agora.xtec.cat\/afaeramprunya-adults-gava\/wp-json\/wp\/v2\/pages\/312\/revisions"}],"predecessor-version":[{"id":8275,"href":"https:\/\/agora.xtec.cat\/afaeramprunya-adults-gava\/wp-json\/wp\/v2\/pages\/312\/revisions\/8275"}],"up":[{"embeddable":true,"href":"https:\/\/agora.xtec.cat\/afaeramprunya-adults-gava\/wp-json\/wp\/v2\/pages\/7916"}],"wp:attachment":[{"href":"https:\/\/agora.xtec.cat\/afaeramprunya-adults-gava\/wp-json\/wp\/v2\/media?parent=312"}],"curies":[{"name":"wp","href":"https:\/\/api.w.org\/{rel}","templated":true}]}}