{"id":265,"date":"2015-01-27T17:28:56","date_gmt":"2015-01-27T16:28:56","guid":{"rendered":"http:\/\/agora.xtec.cat\/afaeramprunya-adults-gava\/?page_id=265"},"modified":"2026-03-12T23:57:09","modified_gmt":"2026-03-12T22:57:09","slug":"organitzacio-interna","status":"publish","type":"page","link":"https:\/\/agora.xtec.cat\/afaeramprunya-adults-gava\/el-centre\/organitzacio-interna\/","title":{"rendered":"Organitzaci\u00f3 interna"},"content":{"rendered":"<p>Aquesta \u00e9s l&#8217;organitzaci\u00f3 interna del CFA Gav\u00e0 per al <strong>curs 2025-26<\/strong><\/p>\n<p><strong>EQUIP DIRECTIU<\/strong><\/p>\n<ul>\n<li>Marina Muro (Directora)<\/li>\n<li>S\u00edlvia Vidal (Cap d&#8217;Estudis)<\/li>\n<li>Toni Corber\u00e1n (Secretari)<\/li>\n<\/ul>\n<p><strong>PROFESSORAT<\/strong><\/p>\n<ul>\n<li>Marina Muro<\/li>\n<li>S\u00edlvia Vidal<\/li>\n<li>Antonio Corber\u00e1n<\/li>\n<li>Dani Castillo<\/li>\n<li>\u00d3scar Arranz<\/li>\n<li>Helena Bassolas<\/li>\n<li>Roser Nieto<\/li>\n<\/ul>\n<p><strong>ADMINISTRACI\u00d3 I SERVEIS<\/strong><\/p>\n<ul>\n<li>Jordi Alonso (Consergeria)<\/li>\n<li>Francesca S\u00e1nchez (Administrativa)<\/li>\n<\/ul>\n<p><strong>CONSELL ESCOLAR<\/strong><\/p>\n<ul>\n<li><em>Equip directiu<\/em>\n<ul>\n<li>Marina Muro (Directora)<\/li>\n<li>Antonio Corber\u00e1n (Secretari)<\/li>\n<\/ul>\n<\/li>\n<li><em>Representants del professorat<\/em>\n<ul>\n<li>Dani Castillo<\/li>\n<li>Roser Nieto<\/li>\n<li>Helena Bassolas<\/li>\n<\/ul>\n<\/li>\n<li><em>Representants de l&#8217;alumnat<\/em>\n<ul>\n<li>Conchi Navas<\/li>\n<li>Mar\u00eda Jes\u00fas \u00c1lvarez<\/li>\n<li>Joan Matamala<\/li>\n<li>David Mar\u00edn<\/li>\n<\/ul>\n<\/li>\n<li><em>Representant del PAS.<\/em>\n<ul>\n<li>Jordi Alonso<\/li>\n<\/ul>\n<\/li>\n<li><em>Representant de l&#8217;Ajuntament<\/em>\n<ul>\n<li>Alba Riba<\/li>\n<\/ul>\n<\/li>\n<\/ul>\n<p><!--a=1--><\/p>\n<p><!--a=1--><\/p>\n","protected":false},"excerpt":{"rendered":"<p>Aquesta \u00e9s l&#8217;organitzaci\u00f3 interna del CFA Gav\u00e0 per al curs 2025-26 EQUIP DIRECTIU Marina Muro (Directora) S\u00edlvia Vidal (Cap d&#8217;Estudis) Toni Corber\u00e1n (Secretari) PROFESSORAT Marina Muro S\u00edlvia Vidal Antonio Corber\u00e1n Dani Castillo \u00d3scar Arranz Helena Bassolas Roser Nieto ADMINISTRACI\u00d3 I SERVEIS Jordi Alonso (Consergeria) Francesca S\u00e1nchez (Administrativa) CONSELL ESCOLAR Equip directiu Marina Muro (Directora) Antonio [&hellip;]<\/p>\n","protected":false},"author":1,"featured_media":0,"parent":261,"menu_order":4,"comment_status":"closed","ping_status":"closed","template":"","meta":{"site-sidebar-layout":"default","site-content-layout":"","ast-site-content-layout":"default","site-content-style":"default","site-sidebar-style":"default","ast-global-header-display":"","ast-banner-title-visibility":"","ast-main-header-display":"","ast-hfb-above-header-display":"","ast-hfb-below-header-display":"","ast-hfb-mobile-header-display":"","site-post-title":"","ast-breadcrumbs-content":"","ast-featured-img":"","footer-sml-layout":"","theme-transparent-header-meta":"","adv-header-id-meta":"","stick-header-meta":"","header-above-stick-meta":"","header-main-stick-meta":"","header-below-stick-meta":"","astra-migrate-meta-layouts":"set","ast-page-background-enabled":"default","ast-page-background-meta":{"desktop":{"background-color":"var(--ast-global-color-4)","background-image":"","background-repeat":"repeat","background-position":"center center","background-size":"auto","background-attachment":"scroll","background-type":"","background-media":"","overlay-type":"","overlay-color":"","overlay-opacity":"","overlay-gradient":""},"tablet":{"background-color":"","background-image":"","background-repeat":"repeat","background-position":"center center","background-size":"auto","background-attachment":"scroll","background-type":"","background-media":"","overlay-type":"","overlay-color":"","overlay-opacity":"","overlay-gradient":""},"mobile":{"background-color":"","background-image":"","background-repeat":"repeat","background-position":"center center","background-size":"auto","background-attachment":"scroll","background-type":"","background-media":"","overlay-type":"","overlay-color":"","overlay-opacity":"","overlay-gradient":""}},"ast-content-background-meta":{"desktop":{"background-color":"var(--ast-global-color-5)","background-image":"","background-repeat":"repeat","background-position":"center center","background-size":"auto","background-attachment":"scroll","background-type":"","background-media":"","overlay-type":"","overlay-color":"","overlay-opacity":"","overlay-gradient":""},"tablet":{"background-color":"var(--ast-global-color-5)","background-image":"","background-repeat":"repeat","background-position":"center center","background-size":"auto","background-attachment":"scroll","background-type":"","background-media":"","overlay-type":"","overlay-color":"","overlay-opacity":"","overlay-gradient":""},"mobile":{"background-color":"var(--ast-global-color-5)","background-image":"","background-repeat":"repeat","background-position":"center center","background-size":"auto","background-attachment":"scroll","background-type":"","background-media":"","overlay-type":"","overlay-color":"","overlay-opacity":"","overlay-gradient":""}},"footnotes":""},"class_list":["post-265","page","type-page","status-publish","hentry"],"post_mailing_queue_ids":[],"_links":{"self":[{"href":"https:\/\/agora.xtec.cat\/afaeramprunya-adults-gava\/wp-json\/wp\/v2\/pages\/265","targetHints":{"allow":["GET"]}}],"collection":[{"href":"https:\/\/agora.xtec.cat\/afaeramprunya-adults-gava\/wp-json\/wp\/v2\/pages"}],"about":[{"href":"https:\/\/agora.xtec.cat\/afaeramprunya-adults-gava\/wp-json\/wp\/v2\/types\/page"}],"author":[{"embeddable":true,"href":"https:\/\/agora.xtec.cat\/afaeramprunya-adults-gava\/wp-json\/wp\/v2\/users\/1"}],"replies":[{"embeddable":true,"href":"https:\/\/agora.xtec.cat\/afaeramprunya-adults-gava\/wp-json\/wp\/v2\/comments?post=265"}],"version-history":[{"count":6,"href":"https:\/\/agora.xtec.cat\/afaeramprunya-adults-gava\/wp-json\/wp\/v2\/pages\/265\/revisions"}],"predecessor-version":[{"id":9548,"href":"https:\/\/agora.xtec.cat\/afaeramprunya-adults-gava\/wp-json\/wp\/v2\/pages\/265\/revisions\/9548"}],"up":[{"embeddable":true,"href":"https:\/\/agora.xtec.cat\/afaeramprunya-adults-gava\/wp-json\/wp\/v2\/pages\/261"}],"wp:attachment":[{"href":"https:\/\/agora.xtec.cat\/afaeramprunya-adults-gava\/wp-json\/wp\/v2\/media?parent=265"}],"curies":[{"name":"wp","href":"https:\/\/api.w.org\/{rel}","templated":true}]}}