{"id":430,"date":"2015-11-19T12:02:08","date_gmt":"2015-11-19T11:02:08","guid":{"rendered":"http:\/\/agora.xtec.cat\/afaelvendrell\/?page_id=430"},"modified":"2020-06-10T12:17:41","modified_gmt":"2020-06-10T10:17:41","slug":"competic-ii-actic-mitja","status":"publish","type":"page","link":"https:\/\/agora.xtec.cat\/afaelvendrell\/oferta-educativa-presencial\/informatica-per-a-adults\/competic-ii-actic-mitja\/","title":{"rendered":"Competic II (ACTIC Mitj\u00e0)"},"content":{"rendered":"<div dir=\"ltr\">\n<div>\n<div><\/div>\n<p style=\"text-align: justify;\">El curs COMPETIC 2 podran cursar-lo les persones que han superat o acreditat les compet\u00e8ncies el curs COMPETIC 1.<\/p>\n<\/div>\n<p style=\"text-align: justify;\"><span style=\"font-size: medium;\">En el curs COMPETIC 2 es treballaran les compet\u00e8ncies:<\/span><\/p>\n<blockquote><p><span style=\"font-size: medium;\">\u2022 <a href=\"https:\/\/docs.google.com\/document\/d\/1AHWI3qBpepdV4ZvcJ0VJGRbUVgoaO2MXvp0343SidfM\/edit\" target=\"_blank\" rel=\"nofollow noopener noreferrer\">C1<\/a>: Cultura, participaci\u00f3 i civisme digital.<\/span><\/p>\n<p><span style=\"font-size: medium;\">\u2022 <a href=\"https:\/\/docs.google.com\/document\/d\/1Ae4zo8mlROf0sLdmMOTMLjGQLIKorj-ehoB_-EfgAD0\/edit\" target=\"_blank\" rel=\"nofollow noopener noreferrer\">C2<\/a>: Tecnologia digital, \u00fas de l&#8217;ordinador i del sistema operatiu.<\/span><\/p>\n<p><span style=\"font-size: medium;\">\u2022 <a href=\"https:\/\/docs.google.com\/document\/d\/1YKp8WbkgLyA_OdeQZzYyTBdjBRGctG3UaGKiu3ljNjE\/edit\" target=\"_blank\" rel=\"nofollow noopener noreferrer\">C3<\/a>: Navegaci\u00f3 i comunicaci\u00f3 en el m\u00f3n digital.<\/span><\/p>\n<p><span style=\"font-size: medium;\">\u2022 <a href=\"https:\/\/docs.google.com\/document\/d\/1hHeW6fblqBY7eekmgrkopF-aznArdzvTxP_Dmj98Y6A\/edit\" target=\"_blank\" rel=\"nofollow noopener noreferrer\">C4<\/a>: Tractament de la informaci\u00f3 escrita.<\/span><\/p>\n<p><span style=\"font-size: medium;\">\u2022 <a href=\"https:\/\/docs.google.com\/document\/d\/1u488Uckqt5riL7E5USkvJ6eNQEdhcflLsUsYDmthgCQ\/edit\" target=\"_blank\" rel=\"nofollow noopener noreferrer\">C5<\/a>: Tractament de la informaci\u00f3 gr\u00e0fica, sonora i de la imatge en moviment.<\/span><\/p>\n<p><span style=\"font-size: medium;\">\u2022 <a href=\"https:\/\/docs.google.com\/document\/d\/11tU_9nD179OsJe08rZ4pYvFeCM-He1Hd_J2hzeOZzKI\/edit#heading=h.prbpxxovhz0e\" target=\"_blank\" rel=\"nofollow noopener noreferrer\">C6<\/a>: Tractament de la informaci\u00f3 num\u00e8rica.<\/span><\/p>\n<p><span style=\"font-size: medium;\">\u2022 <a href=\"https:\/\/docs.google.com\/document\/d\/1snFu_u0LLQlGS01evd94YS2P34v9doxyGg7s88bWUi4\/edit#heading=h.u46lx6h7twfs\" target=\"_blank\" rel=\"nofollow noopener noreferrer\">C7<\/a>: Tractament de les dades.<\/span><\/p>\n<p><span style=\"font-size: medium;\">\u2022 <a href=\"https:\/\/docs.google.com\/document\/d\/17Mp1RFZ6cTr6bmKcKPsSlftox5VO41Tamvxcrox9wmA\/edit\" target=\"_blank\" rel=\"nofollow noopener noreferrer\">C8<\/a>: Presentaci\u00f3 de continguts.<\/span><\/p><\/blockquote>\n<p>M\u00e9s informaci\u00f3\u00a0<a href=\"https:\/\/projectes.xtec.cat\/xarxadults\/nivells\/propostes-pedagogiques-i-orientacions\/competic-2\/\" target=\"_blank\" rel=\"nofollow noopener noreferrer\">aqu\u00ed.<\/a><\/p>\n<div><\/div>\n<\/div>\n","protected":false},"excerpt":{"rendered":"<p>El curs COMPETIC 2 podran cursar-lo les persones que han superat o acreditat les compet\u00e8ncies el curs COMPETIC 1.<\/p>\n<p>En el curs COMPETIC 2 es treballaran les compet\u00e8ncies:<br \/>\n\u2022 <a href=\"https:\/\/docs.google.com\/document\/d\/1AHWI3qBpepdV4ZvcJ0VJGRbUVgoaO2MXvp0343SidfM\/edit\" target=\"_blank\" rel=\"nofollow noopener noreferrer\">C1<\/a>: Cultura, participaci\u00f3 i civisme digital.<br \/>\n\u2022 <a href=\"https:\/\/docs.google.com\/document\/d\/1Ae4zo8mlROf0sLdmMOTMLjGQLIKorj-ehoB_-EfgAD0\/edit\" target=\"_blank\" rel=\"nofollow noopener noreferrer\">C2<\/a>: Tecnologia&hellip;  <a href=\"https:\/\/agora.xtec.cat\/afaelvendrell\/oferta-educativa-presencial\/informatica-per-a-adults\/competic-ii-actic-mitja\/\" title=\"Read Competic II (ACTIC Mitj\u00e0)\">Llegeix m\u00e9s\u00bb<\/a><\/p>\n","protected":false},"author":3,"featured_media":0,"parent":424,"menu_order":3,"comment_status":"closed","ping_status":"closed","template":"page-templates\/side-menu.php","meta":{"_bbp_topic_count":0,"_bbp_reply_count":0,"_bbp_total_topic_count":0,"_bbp_total_reply_count":0,"_bbp_voice_count":0,"_bbp_anonymous_reply_count":0,"_bbp_topic_count_hidden":0,"_bbp_reply_count_hidden":0,"_bbp_forum_subforum_count":0,"footnotes":""},"class_list":["post-430","page","type-page","status-publish","hentry"],"post_mailing_queue_ids":[],"_links":{"self":[{"href":"https:\/\/agora.xtec.cat\/afaelvendrell\/wp-json\/wp\/v2\/pages\/430","targetHints":{"allow":["GET"]}}],"collection":[{"href":"https:\/\/agora.xtec.cat\/afaelvendrell\/wp-json\/wp\/v2\/pages"}],"about":[{"href":"https:\/\/agora.xtec.cat\/afaelvendrell\/wp-json\/wp\/v2\/types\/page"}],"author":[{"embeddable":true,"href":"https:\/\/agora.xtec.cat\/afaelvendrell\/wp-json\/wp\/v2\/users\/3"}],"replies":[{"embeddable":true,"href":"https:\/\/agora.xtec.cat\/afaelvendrell\/wp-json\/wp\/v2\/comments?post=430"}],"version-history":[{"count":3,"href":"https:\/\/agora.xtec.cat\/afaelvendrell\/wp-json\/wp\/v2\/pages\/430\/revisions"}],"predecessor-version":[{"id":1183,"href":"https:\/\/agora.xtec.cat\/afaelvendrell\/wp-json\/wp\/v2\/pages\/430\/revisions\/1183"}],"up":[{"embeddable":true,"href":"https:\/\/agora.xtec.cat\/afaelvendrell\/wp-json\/wp\/v2\/pages\/424"}],"wp:attachment":[{"href":"https:\/\/agora.xtec.cat\/afaelvendrell\/wp-json\/wp\/v2\/media?parent=430"}],"curies":[{"name":"wp","href":"https:\/\/api.w.org\/{rel}","templated":true}]}}