{"id":428,"date":"2015-11-19T11:40:58","date_gmt":"2015-11-19T10:40:58","guid":{"rendered":"http:\/\/agora.xtec.cat\/afaelvendrell\/?page_id=428"},"modified":"2020-06-10T12:17:27","modified_gmt":"2020-06-10T10:17:27","slug":"competic-i-actic-basic","status":"publish","type":"page","link":"https:\/\/agora.xtec.cat\/afaelvendrell\/oferta-educativa-presencial\/informatica-per-a-adults\/competic-i-actic-basic\/","title":{"rendered":"Competic I (ACTIC B\u00e0sic)"},"content":{"rendered":"<p>&nbsp;<\/p>\n<p style=\"text-align: justify;\">El curs COMPETIC 1 podran cursar-lo les persones que hagin superat el curs COMPETIC <span style=\"font-size: medium;\">inicial o que n&#8217;acreditin els coneixements competencials b\u00e0sics de les seg\u00fcents <\/span><span style=\"font-size: medium;\">compet\u00e8ncies treballades en el curs COMPETIC inicial: tecnologia digital, \u00fas de <\/span><span style=\"font-size: medium;\">l&#8217;ordinador i del sistema operatiu, tractament de la informaci\u00f3 escrita i navegaci\u00f3, cerca i\u00a0<\/span>comunicaci\u00f3 en el m\u00f3n digital.<\/p>\n<p style=\"text-align: justify;\"><span style=\"font-size: medium;\">En el curs COMPETIC 1 es treballaran les compet\u00e8ncies:<\/span><\/p>\n<p style=\"text-align: justify;\"><span style=\"font-size: medium;\">\u2022 Tractament de la informaci\u00f3 num\u00e8rica (<a href=\"https:\/\/docs.google.com\/document\/d\/1wnaRSmvHjP_kZHJG-byUcofIhYPmR3BALaQjikRu7CQ\/edit\" target=\"_blank\" rel=\"nofollow noopener noreferrer\">Compet\u00e8ncia C6<\/a>).<\/span><\/p>\n<p style=\"text-align: justify;\"><span style=\"font-size: medium;\">\u2022 Tractament de la informaci\u00f3 gr\u00e0fica, sonora i de la imatge en moviment\u00a0<\/span><span style=\"font-size: medium;\">(<a href=\"https:\/\/docs.google.com\/document\/d\/1iRXCpG_eayDiK8xH1sgc2ETrqlXJM9R0nqxTkRO17Rk\/edit\" target=\"_blank\" rel=\"nofollow noopener noreferrer\">Compet\u00e8ncia C5<\/a>).<\/span><\/p>\n<p style=\"text-align: justify;\"><span style=\"font-size: medium;\">\u2022 Cultura, participaci\u00f3 i civisme digital (<a href=\"https:\/\/docs.google.com\/document\/d\/1AKr8XVywq4nnp9VbltFjGUXKu59dpeb1ME-28ojXMac\/edit\" target=\"_blank\" rel=\"nofollow noopener noreferrer\">Compet\u00e8ncia C1<\/a>).<\/span><\/p>\n<p style=\"text-align: justify;\"><span style=\"font-size: medium;\">\u00a0<\/span>M\u00e9s informaci\u00f3\u00a0<a href=\"https:\/\/projectes.xtec.cat\/xarxadults\/nivells\/propostes-pedagogiques-i-orientacions\/competic-1\/\" target=\"_blank\" rel=\"nofollow noopener noreferrer\">aqu\u00ed.<\/a><\/p>\n","protected":false},"excerpt":{"rendered":"<p>&nbsp;<br \/>\nEl curs COMPETIC 1 podran cursar-lo les persones que hagin superat el curs COMPETIC inicial o que n&#8217;acreditin els coneixements competencials b\u00e0sics de les seg\u00fcents compet\u00e8ncies treballades en el curs COMPETIC inicial: tecnologia digital, \u00fas de l&#8217;ordinador i del sistema operatiu, tractament de la informaci\u00f3&hellip;  <a href=\"https:\/\/agora.xtec.cat\/afaelvendrell\/oferta-educativa-presencial\/informatica-per-a-adults\/competic-i-actic-basic\/\" title=\"Read Competic I (ACTIC B\u00e0sic)\">Llegeix m\u00e9s\u00bb<\/a><\/p>\n","protected":false},"author":3,"featured_media":0,"parent":424,"menu_order":2,"comment_status":"closed","ping_status":"closed","template":"page-templates\/side-menu.php","meta":{"_bbp_topic_count":0,"_bbp_reply_count":0,"_bbp_total_topic_count":0,"_bbp_total_reply_count":0,"_bbp_voice_count":0,"_bbp_anonymous_reply_count":0,"_bbp_topic_count_hidden":0,"_bbp_reply_count_hidden":0,"_bbp_forum_subforum_count":0,"footnotes":""},"class_list":["post-428","page","type-page","status-publish","hentry"],"post_mailing_queue_ids":[],"_links":{"self":[{"href":"https:\/\/agora.xtec.cat\/afaelvendrell\/wp-json\/wp\/v2\/pages\/428","targetHints":{"allow":["GET"]}}],"collection":[{"href":"https:\/\/agora.xtec.cat\/afaelvendrell\/wp-json\/wp\/v2\/pages"}],"about":[{"href":"https:\/\/agora.xtec.cat\/afaelvendrell\/wp-json\/wp\/v2\/types\/page"}],"author":[{"embeddable":true,"href":"https:\/\/agora.xtec.cat\/afaelvendrell\/wp-json\/wp\/v2\/users\/3"}],"replies":[{"embeddable":true,"href":"https:\/\/agora.xtec.cat\/afaelvendrell\/wp-json\/wp\/v2\/comments?post=428"}],"version-history":[{"count":3,"href":"https:\/\/agora.xtec.cat\/afaelvendrell\/wp-json\/wp\/v2\/pages\/428\/revisions"}],"predecessor-version":[{"id":1182,"href":"https:\/\/agora.xtec.cat\/afaelvendrell\/wp-json\/wp\/v2\/pages\/428\/revisions\/1182"}],"up":[{"embeddable":true,"href":"https:\/\/agora.xtec.cat\/afaelvendrell\/wp-json\/wp\/v2\/pages\/424"}],"wp:attachment":[{"href":"https:\/\/agora.xtec.cat\/afaelvendrell\/wp-json\/wp\/v2\/media?parent=428"}],"curies":[{"name":"wp","href":"https:\/\/api.w.org\/{rel}","templated":true}]}}