{"id":303,"date":"2015-01-28T11:23:05","date_gmt":"2015-01-28T10:23:05","guid":{"rendered":"http:\/\/agora.xtec.cat\/afacmeridiana\/?page_id=303"},"modified":"2025-10-14T18:32:26","modified_gmt":"2025-10-14T16:32:26","slug":"graduat-en-educacio-secundaria-per-adults","status":"publish","type":"page","link":"https:\/\/agora.xtec.cat\/afacmeridiana\/ensenyaments\/ensenyaments-inicials-i-formacio-basica\/graduat-en-educacio-secundaria-per-adults\/","title":{"rendered":"Graduat en educaci\u00f3 secundaria per adults (GESO)"},"content":{"rendered":"<p>Per accedir als ensenyaments d&#8217;educaci\u00f3 secund\u00e0ria per a persones adultes s&#8217;han de tenir divuit anys o b\u00e9 complir-los dins de l&#8217;any natural de matriculaci\u00f3.<\/p>\n<p>Tamb\u00e9 hi poden accedir les persones majors de 16 anys o que els compleixen durant l&#8217;any natural que inicien la formaci\u00f3 en els casos seg\u00fcents<br \/>\nsi tenen un contracte laboral que els impedeix assistir als centres educatius en r\u00e8gim ordinari;<br \/>\nsi es troben en proc\u00e9s d&#8217;obtenci\u00f3 d&#8217;un perm\u00eds de treball;<br \/>\nsi s\u00f3n esportistes d&#8217;alt rendiment;<br \/>\nsi s\u00f3n alumnes que han cursat o cursen els programes de formaci\u00f3 i inserci\u00f3 i volen cursar els ensenyaments d&#8217;educaci\u00f3 secund\u00e0ria obligat\u00f2ria per a adults;<br \/>\nsi volen cursar la formaci\u00f3 per a les proves d&#8217;acc\u00e9s als cicles formatius de grau mitj\u00e0;<br \/>\nsi participen en el programa d&#8217;experi\u00e8ncia professional per a l&#8217;ocupaci\u00f3 juvenil a Catalunya Joves per l&#8217;Ocupaci\u00f3.<\/p>\n<p>Excepcionalment, el director o directora dels serveis territorials, o el gerent del Consorci d&#8217;Educaci\u00f3, a la ciutat de Barcelona, pot autoritzar la incorporaci\u00f3 d&#8217;alumnes que no compleixen els requisits anteriors, amb l&#8217;informe previ de la Inspecci\u00f3 d&#8217;Educaci\u00f3. Promoci\u00f3 de curs i\/o obtenci\u00f3 de certificaci\u00f3.<br \/>\nAquests ensenyaments estan organitzats 34 m\u00f2duls que estan distribuits en dos Cursos: GES 1 i GES 2.<\/p>\n<p>Per obtenir el t\u00edtol de Graduat en Educaci\u00f3 Secund\u00e0ria Obligat\u00f2ria han de cursar i superar els m\u00f2duls comuns i opcionals fins a un total de 34 o b\u00e9 portar algun certificat o document que acrediti que alguns m\u00f2duls els t\u00e9 aprovats i per tant poder convalidar-los.<\/p>\n<p><strong>Horari: De dilluns a dious de 16 a 20:30 h.<br \/>\n<\/strong><\/p>\n<p>A continuaci\u00f3 hi ha la relaci\u00f3 de m\u00f2duls que es fan en GES 1 i GES 2:<\/p>\n<table style=\"border-collapse: collapse; width: 100%;\" border=\"1\">\n<tbody>\n<tr>\n<td style=\"width: 33.3333%;\"><\/td>\n<td style=\"width: 33.3333%;\">\n<h4><strong>GES 1<\/strong><\/h4>\n<\/td>\n<td style=\"width: 33.3333%;\">\n<h4><strong>GES 2<br \/>\n<\/strong><\/h4>\n<\/td>\n<\/tr>\n<tr>\n<td style=\"width: 33.3333%;\">\n<h5><strong>\u00c0mbit de la comunicaci\u00f3:<\/strong><\/h5>\n<\/td>\n<td style=\"width: 33.3333%;\">LiteraturaLlengua Castellana I<\/p>\n<p>Llengua\u00a0Castellana II<\/p>\n<p>Llengua\u00a0Catalana I<\/p>\n<p>Llengua\u00a0Catalana II<\/p>\n<p>Llengua Estrangera Angl\u00e8s I<\/td>\n<td style=\"width: 33.3333%;\">Llengua catalana IIILlengua castellana III<\/p>\n<p>Literatura catalana<\/p>\n<p>Literatura castellana<\/p>\n<p>Llengua estrangera angl\u00e8s II<\/p>\n<p>Llengua estrangera angl\u00e8s III<\/td>\n<\/tr>\n<tr>\n<td style=\"width: 33.3333%;\">\n<h5><strong>\u00c0mbit cientificotecnol\u00f2gic<\/strong>:<\/h5>\n<\/td>\n<td style=\"width: 33.3333%;\">Ci\u00e8ncies Naturals IEducaci\u00f3 per a la salut<\/p>\n<p>F\u00edsica I Qu\u00edmica I<\/p>\n<p>Matem\u00e0tiques I<\/p>\n<p>Matem\u00e0tiques II<\/td>\n<td style=\"width: 33.3333%;\">Matem\u00e0tiques IIIMatem\u00e0tiques IV<\/p>\n<p>F\u00edsica i qu\u00edmica II<\/p>\n<p>Biologia i geologia<\/p>\n<p>Tecnologia<\/td>\n<\/tr>\n<tr>\n<td style=\"width: 33.3333%;\">\n<h5><strong>\u00c0mbit social<\/strong>:<\/h5>\n<\/td>\n<td style=\"width: 33.3333%;\">C. Social i Educaci\u00f3 per a la ciutadaniaGeografia I<\/p>\n<p>Historia I<\/td>\n<td style=\"width: 33.3333%;\">Hist\u00f2ria 2Geografia 2<\/td>\n<\/tr>\n<tr>\n<td style=\"width: 33.3333%;\">\n<h5><strong>M\u00f2duls Optatius<\/strong><\/h5>\n<h5><strong>\u00a0<\/strong><\/h5>\n<\/td>\n<td style=\"width: 33.3333%;\">Catalunya dins l\u2019Espanya s.XXDiet\u00e8tica i Nutrici\u00f3<\/p>\n<p>Taller d\u2019Escriptura Creativa<\/td>\n<td style=\"width: 33.3333%;\">Arts i ArtistesHablemos de literatura<\/p>\n<p>Matem\u00e0tiques Inicials<\/td>\n<\/tr>\n<\/tbody>\n<\/table>\n<h4><strong>\u00a0<\/strong><\/h4>\n<h5><\/h5>\n<p style=\"text-align: right;\">\n","protected":false},"excerpt":{"rendered":"<p>Per accedir als ensenyaments d&#8217;educaci\u00f3 secund\u00e0ria per a persones adultes s&#8217;han de tenir divuit anys o b\u00e9 complir-los dins de l&#8217;any natural de matriculaci\u00f3. Tamb\u00e9 hi poden accedir les persones majors de 16 anys o que els compleixen durant l&#8217;any natural que inicien la formaci\u00f3 en els casos seg\u00fcents si tenen un contracte laboral que [&hellip;]<\/p>\n","protected":false},"author":1,"featured_media":0,"parent":283,"menu_order":0,"comment_status":"closed","ping_status":"closed","template":"","meta":{"_bbp_topic_count":0,"_bbp_reply_count":0,"_bbp_total_topic_count":0,"_bbp_total_reply_count":0,"_bbp_voice_count":0,"_bbp_anonymous_reply_count":0,"_bbp_topic_count_hidden":0,"_bbp_reply_count_hidden":0,"_bbp_forum_subforum_count":0,"site-sidebar-layout":"default","site-content-layout":"","ast-site-content-layout":"default","site-content-style":"default","site-sidebar-style":"default","ast-global-header-display":"","ast-banner-title-visibility":"","ast-main-header-display":"","ast-hfb-above-header-display":"","ast-hfb-below-header-display":"","ast-hfb-mobile-header-display":"","site-post-title":"","ast-breadcrumbs-content":"","ast-featured-img":"","footer-sml-layout":"","theme-transparent-header-meta":"","adv-header-id-meta":"","stick-header-meta":"","header-above-stick-meta":"","header-main-stick-meta":"","header-below-stick-meta":"","astra-migrate-meta-layouts":"set","ast-page-background-enabled":"default","ast-page-background-meta":{"desktop":{"background-color":"var(--ast-global-color-4)","background-image":"","background-repeat":"repeat","background-position":"center center","background-size":"auto","background-attachment":"scroll","background-type":"","background-media":"","overlay-type":"","overlay-color":"","overlay-opacity":"","overlay-gradient":""},"tablet":{"background-color":"","background-image":"","background-repeat":"repeat","background-position":"center center","background-size":"auto","background-attachment":"scroll","background-type":"","background-media":"","overlay-type":"","overlay-color":"","overlay-opacity":"","overlay-gradient":""},"mobile":{"background-color":"","background-image":"","background-repeat":"repeat","background-position":"center center","background-size":"auto","background-attachment":"scroll","background-type":"","background-media":"","overlay-type":"","overlay-color":"","overlay-opacity":"","overlay-gradient":""}},"ast-content-background-meta":{"desktop":{"background-color":"var(--ast-global-color-5)","background-image":"","background-repeat":"repeat","background-position":"center center","background-size":"auto","background-attachment":"scroll","background-type":"","background-media":"","overlay-type":"","overlay-color":"","overlay-opacity":"","overlay-gradient":""},"tablet":{"background-color":"var(--ast-global-color-5)","background-image":"","background-repeat":"repeat","background-position":"center center","background-size":"auto","background-attachment":"scroll","background-type":"","background-media":"","overlay-type":"","overlay-color":"","overlay-opacity":"","overlay-gradient":""},"mobile":{"background-color":"var(--ast-global-color-5)","background-image":"","background-repeat":"repeat","background-position":"center center","background-size":"auto","background-attachment":"scroll","background-type":"","background-media":"","overlay-type":"","overlay-color":"","overlay-opacity":"","overlay-gradient":""}},"footnotes":""},"class_list":["post-303","page","type-page","status-publish","hentry"],"post_mailing_queue_ids":[],"_links":{"self":[{"href":"https:\/\/agora.xtec.cat\/afacmeridiana\/wp-json\/wp\/v2\/pages\/303","targetHints":{"allow":["GET"]}}],"collection":[{"href":"https:\/\/agora.xtec.cat\/afacmeridiana\/wp-json\/wp\/v2\/pages"}],"about":[{"href":"https:\/\/agora.xtec.cat\/afacmeridiana\/wp-json\/wp\/v2\/types\/page"}],"author":[{"embeddable":true,"href":"https:\/\/agora.xtec.cat\/afacmeridiana\/wp-json\/wp\/v2\/users\/1"}],"replies":[{"embeddable":true,"href":"https:\/\/agora.xtec.cat\/afacmeridiana\/wp-json\/wp\/v2\/comments?post=303"}],"version-history":[{"count":5,"href":"https:\/\/agora.xtec.cat\/afacmeridiana\/wp-json\/wp\/v2\/pages\/303\/revisions"}],"predecessor-version":[{"id":1593,"href":"https:\/\/agora.xtec.cat\/afacmeridiana\/wp-json\/wp\/v2\/pages\/303\/revisions\/1593"}],"up":[{"embeddable":true,"href":"https:\/\/agora.xtec.cat\/afacmeridiana\/wp-json\/wp\/v2\/pages\/283"}],"wp:attachment":[{"href":"https:\/\/agora.xtec.cat\/afacmeridiana\/wp-json\/wp\/v2\/media?parent=303"}],"curies":[{"name":"wp","href":"https:\/\/api.w.org\/{rel}","templated":true}]}}

Graduat en educació secundaria per adults (GESO)

<p>Per accedir als ensenyaments d&#8217;educació secundària per a persones adultes s&#8217;han de tenir divuit anys o bé complir-los dins de l&#8217;any natural de matriculació.</p>
<p>També hi poden accedir les persones majors de 16 anys o que els compleixen durant l&#8217;any natural que inicien la formació en els casos següents<br />
si tenen un contracte laboral que els impedeix assistir als centres educatius en règim ordinari;<br />
si es troben en procés d&#8217;obtenció d&#8217;un permís de treball;<br />
si són esportistes d&#8217;alt rendiment;<br />
si són alumnes que han cursat o cursen els programes de formació i inserció i volen cursar els ensenyaments d&#8217;educació secundària obligatòria per a adults;<br />
si volen cursar la formació per a les proves d&#8217;accés als cicles formatius de grau mitjà;<br />
si participen en el programa d&#8217;experiència professional per a l&#8217;ocupació juvenil a Catalunya Joves per l&#8217;Ocupació.</p>
<p>Excepcionalment, el director o directora dels serveis territorials, o el gerent del Consorci d&#8217;Educació, a la ciutat de Barcelona, pot autoritzar la incorporació d&#8217;alumnes que no compleixen els requisits anteriors, amb l&#8217;informe previ de la Inspecció d&#8217;Educació. Promoció de curs i/o obtenció de certificació.<br />
Aquests ensenyaments estan organitzats 34 mòduls que estan distribuits en dos Cursos: GES 1 i GES 2.</p>
<p>Per obtenir el títol de Graduat en Educació Secundària Obligatòria han de cursar i superar els mòduls comuns i opcionals fins a un total de 34 o bé portar algun certificat o document que acrediti que alguns mòduls els té aprovats i per tant poder convalidar-los.</p>
<p><strong>Horari: De dilluns a dious de 16 a 20:30 h.<br />
</strong></p>
<p>A continuació hi ha la relació de mòduls que es fan en GES 1 i GES 2:</p>
<table style="border-collapse: collapse; width: 100%;" border="1">
<tbody>
<tr>
<td style="width: 33.3333%;"></td>
<td style="width: 33.3333%;">
<h4><strong>GES 1</strong></h4>
</td>
<td style="width: 33.3333%;">
<h4><strong>GES 2<br />
</strong></h4>
</td>
</tr>
<tr>
<td style="width: 33.3333%;">
<h5><strong>Àmbit de la comunicació:</strong></h5>
</td>
<td style="width: 33.3333%;">LiteraturaLlengua Castellana I</p>
<p>Llengua Castellana II</p>
<p>Llengua Catalana I</p>
<p>Llengua Catalana II</p>
<p>Llengua Estrangera Anglès I</td>
<td style="width: 33.3333%;">Llengua catalana IIILlengua castellana III</p>
<p>Literatura catalana</p>
<p>Literatura castellana</p>
<p>Llengua estrangera anglès II</p>
<p>Llengua estrangera anglès III</td>
</tr>
<tr>
<td style="width: 33.3333%;">
<h5><strong>Àmbit cientificotecnològic</strong>:</h5>
</td>
<td style="width: 33.3333%;">Ciències Naturals IEducació per a la salut</p>
<p>Física I Química I</p>
<p>Matemàtiques I</p>
<p>Matemàtiques II</td>
<td style="width: 33.3333%;">Matemàtiques IIIMatemàtiques IV</p>
<p>Física i química II</p>
<p>Biologia i geologia</p>
<p>Tecnologia</td>
</tr>
<tr>
<td style="width: 33.3333%;">
<h5><strong>Àmbit social</strong>:</h5>
</td>
<td style="width: 33.3333%;">C. Social i Educació per a la ciutadaniaGeografia I</p>
<p>Historia I</td>
<td style="width: 33.3333%;">Història 2Geografia 2</td>
</tr>
<tr>
<td style="width: 33.3333%;">
<h5><strong>Mòduls Optatius</strong></h5>
<h5><strong> </strong></h5>
</td>
<td style="width: 33.3333%;">Catalunya dins l’Espanya s.XXDietètica i Nutrició</p>
<p>Taller d’Escriptura Creativa</td>
<td style="width: 33.3333%;">Arts i ArtistesHablemos de literatura</p>
<p>Matemàtiques Inicials</td>
</tr>
</tbody>
</table>
<h4><strong> </strong></h4>
<h5></h5>
<p style="text-align: right;">

<p>Per accedir als ensenyaments d&#8217;educació secundària per a persones adultes s&#8217;han de tenir divuit anys o bé complir-los dins de l&#8217;any natural de matriculació. També hi poden accedir les persones majors de 16 anys o que els compleixen durant l&#8217;any natural que inicien la formació en els casos següents si tenen un contracte laboral que [&hellip;]</p>
