{"id":301,"date":"2015-01-28T11:21:46","date_gmt":"2015-01-28T10:21:46","guid":{"rendered":"http:\/\/agora.xtec.cat\/afacmeridiana\/?page_id=301"},"modified":"2025-10-14T18:37:09","modified_gmt":"2025-10-14T16:37:09","slug":"formacio-instrumental","status":"publish","type":"page","link":"https:\/\/agora.xtec.cat\/afacmeridiana\/ensenyaments\/ensenyaments-inicials-i-formacio-basica\/formacio-instrumental\/","title":{"rendered":"Formaci\u00f3 instrumental"},"content":{"rendered":"<p>La Formaci\u00f3 Instrumental consisteix en un conjunt de processos d&#8217;aprenentatge que van des de l&#8217;aprenentatge de la lectoescriptura i de les operacions b\u00e0siques a la possibilitat d&#8217;aquells alumnes que hagin superat el Nivell 4, de poder incorporar-se amb unes certes garanties d\u2019\u00e8xit al graduat en educaci\u00f3 secundaria.<\/p>\n<p>La superaci\u00f3 del quart nivell permet l&#8217;obtenci\u00f3 del Certificat de Formaci\u00f3 Instrumental. Aquests estudis s&#8217;organitzen en quatre nivells d&#8217;aprenentatge.<\/p>\n<p>A l&#8217;AFA Ciutat Meridiana oferim els tres primers nivells de Formaci\u00f3 Instrumental.<\/p>\n<ul>\n<li>\n<h4><strong>Nivell I<\/strong><\/h4>\n<\/li>\n<\/ul>\n<p>Aquest \u00e9s un grup est\u00e0 adre\u00e7at a totes aquelles persones que no estan alfabetitzades en el seu propi idioma generalment perqu\u00e8 no han estat escolaritzades o b\u00e9 van anat molt poc a l&#8217;escola.<\/p>\n<p>L&#8217;objectiu d&#8217;aquest nivell \u00e9s millorar les compet\u00e8ncies ling\u00fc\u00edstiques i de c\u00e0lcul per a fomentar la seva autonomia personal aix\u00ed com al creixement i desenvolupament personal.<\/p>\n<ul>\n<li>\n<h4><strong>Nivell II<\/strong><\/h4>\n<\/li>\n<\/ul>\n<p>\u00c9s un nivell per a aquelles persones que tenen un petit coneixement de la lectoescriptura, per\u00f2 tenen bastants dificultats en entendre el que llegeixen i per expressar-se per escrit.<\/p>\n<p>L&#8217;objectiu d&#8217;aquest nivell \u00e9s que els alumnes assoleixin uns coneixements b\u00e0sics aix\u00ed com a la comprensi\u00f3 dels textos que llegeixin per tal d&#8217;aconseguir una certa autonomia en lectoescriptura.<\/p>\n<ul>\n<li>\n<h4><strong>Nivell III<\/strong><\/h4>\n<\/li>\n<\/ul>\n<p>En aquest nivell de la formaci\u00f3 instrumental es pret\u00e9n una ampliaci\u00f3 dels coneixements del nivells anteriors per tal d&#8217;assolir els objectius generals per poder accedir amb garanties d&#8217;\u00e8xit al quart nivell. De manera que els alumnes al finalitzar aquest nivell hagin apr\u00e9s a llegir i escriure correctament aix\u00ed com a fer c\u00e0lculs matem\u00e0tics elementals per a la vida quotidiana.<\/p>\n<p>Un cop assolit el tercer nivell poden accedir al quart nivell o fer altres ensenyaments.<\/p>\n<p>Si voleu m\u00e9s informaci\u00f3 feu clic <a href=\"https:\/\/triaeducativa.gencat.cat\/ca\/estudis\/?formacio-instrumental&amp;p_id=294\">aqu\u00ed<\/a>.<\/p>\n","protected":false},"excerpt":{"rendered":"<p>La Formaci\u00f3 Instrumental consisteix en un conjunt de processos d&#8217;aprenentatge que van des de l&#8217;aprenentatge de la lectoescriptura i de les operacions b\u00e0siques a la possibilitat d&#8217;aquells alumnes que hagin superat el Nivell 4, de poder incorporar-se amb unes certes garanties d\u2019\u00e8xit al graduat en educaci\u00f3 secundaria. La superaci\u00f3 del quart nivell permet l&#8217;obtenci\u00f3 del [&hellip;]<\/p>\n","protected":false},"author":1,"featured_media":0,"parent":283,"menu_order":0,"comment_status":"closed","ping_status":"closed","template":"","meta":{"_bbp_topic_count":0,"_bbp_reply_count":0,"_bbp_total_topic_count":0,"_bbp_total_reply_count":0,"_bbp_voice_count":0,"_bbp_anonymous_reply_count":0,"_bbp_topic_count_hidden":0,"_bbp_reply_count_hidden":0,"_bbp_forum_subforum_count":0,"site-sidebar-layout":"default","site-content-layout":"","ast-site-content-layout":"default","site-content-style":"default","site-sidebar-style":"default","ast-global-header-display":"","ast-banner-title-visibility":"","ast-main-header-display":"","ast-hfb-above-header-display":"","ast-hfb-below-header-display":"","ast-hfb-mobile-header-display":"","site-post-title":"","ast-breadcrumbs-content":"","ast-featured-img":"","footer-sml-layout":"","theme-transparent-header-meta":"","adv-header-id-meta":"","stick-header-meta":"","header-above-stick-meta":"","header-main-stick-meta":"","header-below-stick-meta":"","astra-migrate-meta-layouts":"set","ast-page-background-enabled":"default","ast-page-background-meta":{"desktop":{"background-color":"var(--ast-global-color-4)","background-image":"","background-repeat":"repeat","background-position":"center center","background-size":"auto","background-attachment":"scroll","background-type":"","background-media":"","overlay-type":"","overlay-color":"","overlay-opacity":"","overlay-gradient":""},"tablet":{"background-color":"","background-image":"","background-repeat":"repeat","background-position":"center center","background-size":"auto","background-attachment":"scroll","background-type":"","background-media":"","overlay-type":"","overlay-color":"","overlay-opacity":"","overlay-gradient":""},"mobile":{"background-color":"","background-image":"","background-repeat":"repeat","background-position":"center center","background-size":"auto","background-attachment":"scroll","background-type":"","background-media":"","overlay-type":"","overlay-color":"","overlay-opacity":"","overlay-gradient":""}},"ast-content-background-meta":{"desktop":{"background-color":"var(--ast-global-color-5)","background-image":"","background-repeat":"repeat","background-position":"center center","background-size":"auto","background-attachment":"scroll","background-type":"","background-media":"","overlay-type":"","overlay-color":"","overlay-opacity":"","overlay-gradient":""},"tablet":{"background-color":"var(--ast-global-color-5)","background-image":"","background-repeat":"repeat","background-position":"center center","background-size":"auto","background-attachment":"scroll","background-type":"","background-media":"","overlay-type":"","overlay-color":"","overlay-opacity":"","overlay-gradient":""},"mobile":{"background-color":"var(--ast-global-color-5)","background-image":"","background-repeat":"repeat","background-position":"center center","background-size":"auto","background-attachment":"scroll","background-type":"","background-media":"","overlay-type":"","overlay-color":"","overlay-opacity":"","overlay-gradient":""}},"footnotes":""},"class_list":["post-301","page","type-page","status-publish","hentry"],"post_mailing_queue_ids":[],"_links":{"self":[{"href":"https:\/\/agora.xtec.cat\/afacmeridiana\/wp-json\/wp\/v2\/pages\/301","targetHints":{"allow":["GET"]}}],"collection":[{"href":"https:\/\/agora.xtec.cat\/afacmeridiana\/wp-json\/wp\/v2\/pages"}],"about":[{"href":"https:\/\/agora.xtec.cat\/afacmeridiana\/wp-json\/wp\/v2\/types\/page"}],"author":[{"embeddable":true,"href":"https:\/\/agora.xtec.cat\/afacmeridiana\/wp-json\/wp\/v2\/users\/1"}],"replies":[{"embeddable":true,"href":"https:\/\/agora.xtec.cat\/afacmeridiana\/wp-json\/wp\/v2\/comments?post=301"}],"version-history":[{"count":3,"href":"https:\/\/agora.xtec.cat\/afacmeridiana\/wp-json\/wp\/v2\/pages\/301\/revisions"}],"predecessor-version":[{"id":1598,"href":"https:\/\/agora.xtec.cat\/afacmeridiana\/wp-json\/wp\/v2\/pages\/301\/revisions\/1598"}],"up":[{"embeddable":true,"href":"https:\/\/agora.xtec.cat\/afacmeridiana\/wp-json\/wp\/v2\/pages\/283"}],"wp:attachment":[{"href":"https:\/\/agora.xtec.cat\/afacmeridiana\/wp-json\/wp\/v2\/media?parent=301"}],"curies":[{"name":"wp","href":"https:\/\/api.w.org\/{rel}","templated":true}]}}