{"id":299,"date":"2015-01-28T11:21:22","date_gmt":"2015-01-28T10:21:22","guid":{"rendered":"http:\/\/agora.xtec.cat\/afacmeridiana\/?page_id=299"},"modified":"2025-10-14T18:36:14","modified_gmt":"2025-10-14T16:36:14","slug":"llengua-castellana","status":"publish","type":"page","link":"https:\/\/agora.xtec.cat\/afacmeridiana\/ensenyaments\/ensenyaments-inicials-i-formacio-basica\/llengua-castellana\/","title":{"rendered":"Llengua castellana"},"content":{"rendered":"<p>Aquests cursos tenen com a objectiu que els alumnes assoleixin un nivell de compet\u00e8ncia adequat en llengua castellana. A l&#8217;escola s&#8217;imparteixen els tres nivells, es a dir, Castell\u00e0 1, 2 i 3. Aquests tres cursos es corresponen als nivells A1, A2 i B1 del MECR (Marc Europeu Com\u00fa de Refer\u00e8ncia per a les Lleng\u00fces).<\/p>\n<ul>\n<li>\n<h4><strong>Castell\u00e0 1<\/strong><\/h4>\n<\/li>\n<\/ul>\n<p>Aquest curs est\u00e0 adre\u00e7at a aquelles persones amb desconeixement de la llengua castellana, principalment persones nouvingudes. L&#8217;objectiu prioritari d&#8217;aquest curs \u00e9s l&#8217;adquisici\u00f3 de les habilitats de comprensi\u00f3 i expressi\u00f3 orals i la iniciaci\u00f3 en la llengua escrita sobre diferents aspectes de la vida quotidiana. La superaci\u00f3 d&#8217;aquest nivell permet passar al nivell seg\u00fcent aix\u00ed com l&#8217;obtenci\u00f3 del Certificat del nivell A1.<\/p>\n<ul>\n<li>\n<h4><strong>Castell\u00e0 2<\/strong><\/h4>\n<\/li>\n<\/ul>\n<p>Aquest curs est\u00e0 adre\u00e7at a persones nouvingudes que tenen un cert coneixement de la Llengua Castellana o b\u00e9 que han superat el Nivell 1. L&#8217;objectiu d&#8217;aquest nivell \u00e9s refor\u00e7ar i millorar les seves compet\u00e8ncies b\u00e0siques d&#8217;expressi\u00f3 i comprensi\u00f3 oral i aix\u00ed com tamb\u00e9 a nivell escrit. L&#8217;obtenci\u00f3 de la qualificaci\u00f3 d&#8217;Apte permet la promoci\u00f3 al Nivell 3 aix\u00ed com l&#8217;obtenci\u00f3 del Certificat de nivell A2.<\/p>\n<ul>\n<li>\n<h4><strong>Castell\u00e0 3<\/strong><\/h4>\n<\/li>\n<\/ul>\n<p>Aquell nivell est\u00e0 adre\u00e7at a persones nouvingudes que han superat el Nivell 2 i t\u00e9 com a finalitat que l&#8217;alumne sigui competent en l&#8217;\u00fas del castell\u00e0 en diferents situacions de la vida quotidiana i que els permeti ampliar les compet\u00e8ncies b\u00e0siques d&#8217;expressi\u00f3 i comprensi\u00f3 tant a nivell oral com a nivell escrit. La superaci\u00f3 d&#8217;aquest Nivell permet l&#8217;obtenci\u00f3 del Certificat Nivell B1.<\/p>\n<div id=\"app\">\n<div class=\"ms-Fabric _2fDl5CeYnUhCm_G4SxFHsE root-38\">\n<div class=\"_1wkaV8CisI233i184dptAZ\">\n<div class=\"uaLHqKM5qHGZQEJQZlrTz\">\n<div class=\"_1j7WZ-n7dxhS9AQV-FL8U7\">\n<div class=\"_3mlm-6Ln7EB6KQx_JnrYdv\">\n<div class=\"_3mlm-6Ln7EB6KQx_JnrYdv\">\n<div class=\"_323U4J84xdLj7r_5oIqqEd _2JqHUWUuqByX-utZDSW1fe _2-Ya-Ov_B_CNPw4v02rZpq\">\n<div class=\"_3P9zGyuhwaSCmcVmNdphcA\">\n<div class=\"_13hqdVDeb6KY8jbhHKGmT0\">\n<div data-min-width=\"358\">\n<div>\n<div class=\"_19WyHWm87o4U-k9OKPlmvM _3SScZSIMHCG0mQX3LfHKrR\">\n<div class=\"_2ehmtSCEgiUcAGPwfV2DhR _29PfFV91CqDm58qfayflC5\" tabindex=\"-1\" role=\"main\" aria-label=\"Panel de contenido\">\n<div class=\"_1Hg8Xior6-IBKo0F9-25T7 customScrollBar _3SScZSIMHCG0mQX3LfHKrR\">\n<div class=\"wide-content-host\">\n<div class=\"item-reading-pane OzcqDwEUz10RIoukdLyVT\">\n<div>\n<div class=\"_1WprirXmwrr1tPFDyFcLIW _3T_0izEBoQ4deL5A42nKOm allowTextSelection\">\n<div>\n<div class=\"rps_f39a\">\n<div>\n<div dir=\"ltr\">\n<div dir=\"ltr\">\n<div dir=\"ltr\">\n<div><span style=\"color: #000000;\">En Aquest grup de Castell\u00e0 3, tamb\u00e9 es fa la preparaci\u00f3 pe<\/span>ls ex\u00e0mens d&#8217;obtenci\u00f3 de la nacionalitat:<\/div>\n<div><\/div>\n<ul>\n<li><span style=\"color: #000000;\"><strong>DELE A2<\/strong> (llengua).\u00a0<\/span><\/li>\n<li><span style=\"color: #000000;\"><strong>CCSE<\/strong> (coneixements constitucionals i socioculturals d&#8217;Espanya)<br \/>\n<\/span><\/li>\n<\/ul>\n<p>Per a m\u00e9s informaci\u00f3 feu clic <a href=\"http:\/\/queestudiar.gencat.cat\/ca\/estudis\/adults\/estudis\/llengua-castellana\/?p_id=2330&amp;estudi\">aqu\u00ed<\/a><\/p>\n<\/div>\n<\/div>\n<\/div>\n<\/div>\n<\/div>\n<\/div>\n<\/div>\n<\/div>\n<\/div>\n<\/div>\n<\/div>\n<\/div>\n<\/div>\n<\/div>\n<\/div>\n<\/div>\n<\/div>\n<\/div>\n<\/div>\n<\/div>\n<\/div>\n<\/div>\n<\/div>\n<\/div>\n<\/div>\n","protected":false},"excerpt":{"rendered":"<p>Aquests cursos tenen com a objectiu que els alumnes assoleixin un nivell de compet\u00e8ncia adequat en llengua castellana. A l&#8217;escola s&#8217;imparteixen els tres nivells, es a dir, Castell\u00e0 1, 2 i 3. Aquests tres cursos es corresponen als nivells A1, A2 i B1 del MECR (Marc Europeu Com\u00fa de Refer\u00e8ncia per a les Lleng\u00fces). Castell\u00e0 [&hellip;]<\/p>\n","protected":false},"author":1,"featured_media":0,"parent":283,"menu_order":0,"comment_status":"closed","ping_status":"closed","template":"","meta":{"_bbp_topic_count":0,"_bbp_reply_count":0,"_bbp_total_topic_count":0,"_bbp_total_reply_count":0,"_bbp_voice_count":0,"_bbp_anonymous_reply_count":0,"_bbp_topic_count_hidden":0,"_bbp_reply_count_hidden":0,"_bbp_forum_subforum_count":0,"site-sidebar-layout":"default","site-content-layout":"","ast-site-content-layout":"default","site-content-style":"default","site-sidebar-style":"default","ast-global-header-display":"","ast-banner-title-visibility":"","ast-main-header-display":"","ast-hfb-above-header-display":"","ast-hfb-below-header-display":"","ast-hfb-mobile-header-display":"","site-post-title":"","ast-breadcrumbs-content":"","ast-featured-img":"","footer-sml-layout":"","theme-transparent-header-meta":"","adv-header-id-meta":"","stick-header-meta":"","header-above-stick-meta":"","header-main-stick-meta":"","header-below-stick-meta":"","astra-migrate-meta-layouts":"set","ast-page-background-enabled":"default","ast-page-background-meta":{"desktop":{"background-color":"var(--ast-global-color-4)","background-image":"","background-repeat":"repeat","background-position":"center center","background-size":"auto","background-attachment":"scroll","background-type":"","background-media":"","overlay-type":"","overlay-color":"","overlay-opacity":"","overlay-gradient":""},"tablet":{"background-color":"","background-image":"","background-repeat":"repeat","background-position":"center center","background-size":"auto","background-attachment":"scroll","background-type":"","background-media":"","overlay-type":"","overlay-color":"","overlay-opacity":"","overlay-gradient":""},"mobile":{"background-color":"","background-image":"","background-repeat":"repeat","background-position":"center center","background-size":"auto","background-attachment":"scroll","background-type":"","background-media":"","overlay-type":"","overlay-color":"","overlay-opacity":"","overlay-gradient":""}},"ast-content-background-meta":{"desktop":{"background-color":"var(--ast-global-color-5)","background-image":"","background-repeat":"repeat","background-position":"center center","background-size":"auto","background-attachment":"scroll","background-type":"","background-media":"","overlay-type":"","overlay-color":"","overlay-opacity":"","overlay-gradient":""},"tablet":{"background-color":"var(--ast-global-color-5)","background-image":"","background-repeat":"repeat","background-position":"center center","background-size":"auto","background-attachment":"scroll","background-type":"","background-media":"","overlay-type":"","overlay-color":"","overlay-opacity":"","overlay-gradient":""},"mobile":{"background-color":"var(--ast-global-color-5)","background-image":"","background-repeat":"repeat","background-position":"center center","background-size":"auto","background-attachment":"scroll","background-type":"","background-media":"","overlay-type":"","overlay-color":"","overlay-opacity":"","overlay-gradient":""}},"footnotes":""},"class_list":["post-299","page","type-page","status-publish","hentry"],"post_mailing_queue_ids":[],"_links":{"self":[{"href":"https:\/\/agora.xtec.cat\/afacmeridiana\/wp-json\/wp\/v2\/pages\/299","targetHints":{"allow":["GET"]}}],"collection":[{"href":"https:\/\/agora.xtec.cat\/afacmeridiana\/wp-json\/wp\/v2\/pages"}],"about":[{"href":"https:\/\/agora.xtec.cat\/afacmeridiana\/wp-json\/wp\/v2\/types\/page"}],"author":[{"embeddable":true,"href":"https:\/\/agora.xtec.cat\/afacmeridiana\/wp-json\/wp\/v2\/users\/1"}],"replies":[{"embeddable":true,"href":"https:\/\/agora.xtec.cat\/afacmeridiana\/wp-json\/wp\/v2\/comments?post=299"}],"version-history":[{"count":4,"href":"https:\/\/agora.xtec.cat\/afacmeridiana\/wp-json\/wp\/v2\/pages\/299\/revisions"}],"predecessor-version":[{"id":1596,"href":"https:\/\/agora.xtec.cat\/afacmeridiana\/wp-json\/wp\/v2\/pages\/299\/revisions\/1596"}],"up":[{"embeddable":true,"href":"https:\/\/agora.xtec.cat\/afacmeridiana\/wp-json\/wp\/v2\/pages\/283"}],"wp:attachment":[{"href":"https:\/\/agora.xtec.cat\/afacmeridiana\/wp-json\/wp\/v2\/media?parent=299"}],"curies":[{"name":"wp","href":"https:\/\/api.w.org\/{rel}","templated":true}]}}

<p>Aquests cursos tenen com a objectiu que els alumnes assoleixin un nivell de competència adequat en llengua castellana. A l&#8217;escola s&#8217;imparteixen els tres nivells, es a dir, Castellà 1, 2 i 3. Aquests tres cursos es corresponen als nivells A1, A2 i B1 del MECR (Marc Europeu Comú de Referència per a les Llengües).</p>
<ul>
<li>
<h4><strong>Castellà 1</strong></h4>
</li>
</ul>
<p>Aquest curs està adreçat a aquelles persones amb desconeixement de la llengua castellana, principalment persones nouvingudes. L&#8217;objectiu prioritari d&#8217;aquest curs és l&#8217;adquisició de les habilitats de comprensió i expressió orals i la iniciació en la llengua escrita sobre diferents aspectes de la vida quotidiana. La superació d&#8217;aquest nivell permet passar al nivell següent així com l&#8217;obtenció del Certificat del nivell A1.</p>
<ul>
<li>
<h4><strong>Castellà 2</strong></h4>
</li>
</ul>
<p>Aquest curs està adreçat a persones nouvingudes que tenen un cert coneixement de la Llengua Castellana o bé que han superat el Nivell 1. L&#8217;objectiu d&#8217;aquest nivell és reforçar i millorar les seves competències bàsiques d&#8217;expressió i comprensió oral i així com també a nivell escrit. L&#8217;obtenció de la qualificació d&#8217;Apte permet la promoció al Nivell 3 així com l&#8217;obtenció del Certificat de nivell A2.</p>
<ul>
<li>
<h4><strong>Castellà 3</strong></h4>
</li>
</ul>
<p>Aquell nivell està adreçat a persones nouvingudes que han superat el Nivell 2 i té com a finalitat que l&#8217;alumne sigui competent en l&#8217;ús del castellà en diferents situacions de la vida quotidiana i que els permeti ampliar les competències bàsiques d&#8217;expressió i comprensió tant a nivell oral com a nivell escrit. La superació d&#8217;aquest Nivell permet l&#8217;obtenció del Certificat Nivell B1.</p>
<div id="app">
<div class="ms-Fabric _2fDl5CeYnUhCm_G4SxFHsE root-38">
<div class="_1wkaV8CisI233i184dptAZ">
<div class="uaLHqKM5qHGZQEJQZlrTz">
<div class="_1j7WZ-n7dxhS9AQV-FL8U7">
<div class="_3mlm-6Ln7EB6KQx_JnrYdv">
<div class="_3mlm-6Ln7EB6KQx_JnrYdv">
<div class="_323U4J84xdLj7r_5oIqqEd _2JqHUWUuqByX-utZDSW1fe _2-Ya-Ov_B_CNPw4v02rZpq">
<div class="_3P9zGyuhwaSCmcVmNdphcA">
<div class="_13hqdVDeb6KY8jbhHKGmT0">
<div data-min-width="358">
<div>
<div class="_19WyHWm87o4U-k9OKPlmvM _3SScZSIMHCG0mQX3LfHKrR">
<div class="_2ehmtSCEgiUcAGPwfV2DhR _29PfFV91CqDm58qfayflC5" tabindex="-1" role="main" aria-label="Panel de contenido">
<div class="_1Hg8Xior6-IBKo0F9-25T7 customScrollBar _3SScZSIMHCG0mQX3LfHKrR">
<div class="wide-content-host">
<div class="item-reading-pane OzcqDwEUz10RIoukdLyVT">
<div>
<div class="_1WprirXmwrr1tPFDyFcLIW _3T_0izEBoQ4deL5A42nKOm allowTextSelection">
<div>
<div class="rps_f39a">
<div>
<div dir="ltr">
<div dir="ltr">
<div dir="ltr">
<div><span style="color: #000000;">En Aquest grup de Castellà 3, també es fa la preparació pe</span>ls exàmens d&#8217;obtenció de la nacionalitat:</div>
<div></div>
<ul>
<li><span style="color: #000000;"><strong>DELE A2</strong> (llengua). </span></li>
<li><span style="color: #000000;"><strong>CCSE</strong> (coneixements constitucionals i socioculturals d&#8217;Espanya)<br />
</span></li>
</ul>
<p>Per a més informació feu clic <a href="http://queestudiar.gencat.cat/ca/estudis/adults/estudis/llengua-castellana/?p_id=2330&amp;estudi">aquí</a></p>
</div>
</div>
</div>
</div>
</div>
</div>
</div>
</div>
</div>
</div>
</div>
</div>
</div>
</div>
</div>
</div>
</div>
</div>
</div>
</div>
</div>
</div>
</div>
</div>
</div>

<p>Aquests cursos tenen com a objectiu que els alumnes assoleixin un nivell de competència adequat en llengua castellana. A l&#8217;escola s&#8217;imparteixen els tres nivells, es a dir, Castellà 1, 2 i 3. Aquests tres cursos es corresponen als nivells A1, A2 i B1 del MECR (Marc Europeu Comú de Referència per a les Llengües). Castellà [&hellip;]</p>
