{"id":27,"date":"2014-09-17T16:24:03","date_gmt":"2014-09-17T16:24:03","guid":{"rendered":"http:\/\/agora.xtec.cat\/afacmeridiana\/?page_id=27"},"modified":"2018-12-06T19:23:49","modified_gmt":"2018-12-06T18:23:49","slug":"historia","status":"publish","type":"page","link":"https:\/\/agora.xtec.cat\/afacmeridiana\/el-centre\/historia\/","title":{"rendered":"Hist\u00f2ria"},"content":{"rendered":"<p>Eren els primers anys de la transici\u00f3 en qu\u00e8 ho vol\u00edem tot per\u00f2 res se&#8217;ns donava sense m\u00e9s. En aquest context s&#8217;inscriu la creaci\u00f3 de l\u2019AFA CIUTAT MERIDIANA.<br \/>\nAl barri de Ciutat Meridiana, any 1977, s&#8217;iniciava una dura lluita per a aconseguir una escola m\u00e9s per a nens d&#8217;EGB. Aquesta mobilitzaci\u00f3, iniciada per diversos professors d&#8217;una acad\u00e8mia privada, va ser secundada per una gran quantitat de ve\u00efns que, finalment, van aconseguir que es constru\u00efssin, en un temps r\u00e8cord, uns barracons per albergar l&#8217;escola. S\u2019anomenar\u00e0 Ferrer i Gu\u00e0rdia a proposta d&#8217;un ve\u00ed.<br \/>\nEn el primer curs de cam\u00ed molts pares i un parell de mestres es van plantejar la necessitat d&#8217;aconseguir una escola per a adults que acabaria situada en els mateixos barracons amb horari a partir de les 17:00 quan acabaven les classes dels nens. Aix\u00ed va veure la llum el AFA CIUTAT MERIDIANA.<br \/>\nOrganitzar una escola amb una demanda molt variada, des d\u2019alfabetitzaci\u00f3 fins al graduat escolar, amb nom\u00e9s dos professors va ser una tasca \u00e0rdua i dif\u00edcil, per\u00f2 molt il\u00b7lusionant. Quan l&#8217;Escola d&#8217;EGB aconsegueix l&#8217;edifici definitiu, els barracons passen a ser la seu de l&#8217;Escola d&#8217;Adults i aix\u00f2 va permetre ampliar horaris al no haver de compartir les aules. Ser\u00e0 quan es donar\u00e0 l&#8217;oportunitat de cr\u00e9ixer fins arribar a ser 5 professors de plantilla.<br \/>\nL&#8217;\u00faltim impuls per al creixement del centre ser\u00e0 la implantaci\u00f3 de Graduat de Secund\u00e0ria (GES), moment en el qual la plantilla de professors passa de 5 a 7, que \u00e9s la plantilla que hi ha en la actualitat.<\/p>\n<p><a href=\"https:\/\/agora.xtec.cat\/afacmeridiana\/wp-content\/uploads\/usu1949\/2018\/12\/fa\u00e7ana-escola-1.jpg\"><img loading=\"lazy\" decoding=\"async\" class=\"size-large wp-image-510 aligncenter\" src=\"https:\/\/agora.xtec.cat\/afacmeridiana\/wp-content\/uploads\/usu1949\/2018\/12\/fa\u00e7ana-escola-1-1024x576.jpg\" alt=\"\" width=\"1024\" height=\"576\" srcset=\"https:\/\/agora.xtec.cat\/afacmeridiana\/wp-content\/uploads\/usu1949\/2018\/12\/fa\u00e7ana-escola-1-1024x576.jpg 1024w, https:\/\/agora.xtec.cat\/afacmeridiana\/wp-content\/uploads\/usu1949\/2018\/12\/fa\u00e7ana-escola-1-300x169.jpg 300w, https:\/\/agora.xtec.cat\/afacmeridiana\/wp-content\/uploads\/usu1949\/2018\/12\/fa\u00e7ana-escola-1-768x432.jpg 768w, https:\/\/agora.xtec.cat\/afacmeridiana\/wp-content\/uploads\/usu1949\/2018\/12\/fa\u00e7ana-escola-1.jpg 1068w\" sizes=\"auto, (max-width: 1024px) 100vw, 1024px\" \/><\/a><\/p>\n<p>&nbsp;<\/p>\n","protected":false},"excerpt":{"rendered":"<p>Eren els primers anys de la transici\u00f3 en qu\u00e8 ho vol\u00edem tot per\u00f2 res se&#8217;ns donava sense m\u00e9s. En aquest context s&#8217;inscriu la creaci\u00f3 de l\u2019AFA CIUTAT MERIDIANA. Al barri de Ciutat Meridiana, any 1977, s&#8217;iniciava una dura lluita per a aconseguir una escola m\u00e9s per a nens d&#8217;EGB. Aquesta mobilitzaci\u00f3, iniciada per diversos professors [&hellip;]<\/p>\n","protected":false},"author":1,"featured_media":0,"parent":261,"menu_order":20,"comment_status":"closed","ping_status":"closed","template":"page-templates\/side-menu.php","meta":{"_bbp_topic_count":0,"_bbp_reply_count":0,"_bbp_total_topic_count":0,"_bbp_total_reply_count":0,"_bbp_voice_count":0,"_bbp_anonymous_reply_count":0,"_bbp_topic_count_hidden":0,"_bbp_reply_count_hidden":0,"_bbp_forum_subforum_count":0,"site-sidebar-layout":"default","site-content-layout":"","ast-site-content-layout":"","site-content-style":"default","site-sidebar-style":"default","ast-global-header-display":"","ast-banner-title-visibility":"","ast-main-header-display":"","ast-hfb-above-header-display":"","ast-hfb-below-header-display":"","ast-hfb-mobile-header-display":"","site-post-title":"","ast-breadcrumbs-content":"","ast-featured-img":"","footer-sml-layout":"","theme-transparent-header-meta":"","adv-header-id-meta":"","stick-header-meta":"","header-above-stick-meta":"","header-main-stick-meta":"","header-below-stick-meta":"","astra-migrate-meta-layouts":"default","ast-page-background-enabled":"default","ast-page-background-meta":{"desktop":{"background-color":"var(--ast-global-color-4)","background-image":"","background-repeat":"repeat","background-position":"center center","background-size":"auto","background-attachment":"scroll","background-type":"","background-media":"","overlay-type":"","overlay-color":"","overlay-opacity":"","overlay-gradient":""},"tablet":{"background-color":"","background-image":"","background-repeat":"repeat","background-position":"center center","background-size":"auto","background-attachment":"scroll","background-type":"","background-media":"","overlay-type":"","overlay-color":"","overlay-opacity":"","overlay-gradient":""},"mobile":{"background-color":"","background-image":"","background-repeat":"repeat","background-position":"center center","background-size":"auto","background-attachment":"scroll","background-type":"","background-media":"","overlay-type":"","overlay-color":"","overlay-opacity":"","overlay-gradient":""}},"ast-content-background-meta":{"desktop":{"background-color":"var(--ast-global-color-5)","background-image":"","background-repeat":"repeat","background-position":"center center","background-size":"auto","background-attachment":"scroll","background-type":"","background-media":"","overlay-type":"","overlay-color":"","overlay-opacity":"","overlay-gradient":""},"tablet":{"background-color":"var(--ast-global-color-5)","background-image":"","background-repeat":"repeat","background-position":"center center","background-size":"auto","background-attachment":"scroll","background-type":"","background-media":"","overlay-type":"","overlay-color":"","overlay-opacity":"","overlay-gradient":""},"mobile":{"background-color":"var(--ast-global-color-5)","background-image":"","background-repeat":"repeat","background-position":"center center","background-size":"auto","background-attachment":"scroll","background-type":"","background-media":"","overlay-type":"","overlay-color":"","overlay-opacity":"","overlay-gradient":""}},"footnotes":""},"class_list":["post-27","page","type-page","status-publish","hentry"],"post_mailing_queue_ids":[],"_links":{"self":[{"href":"https:\/\/agora.xtec.cat\/afacmeridiana\/wp-json\/wp\/v2\/pages\/27","targetHints":{"allow":["GET"]}}],"collection":[{"href":"https:\/\/agora.xtec.cat\/afacmeridiana\/wp-json\/wp\/v2\/pages"}],"about":[{"href":"https:\/\/agora.xtec.cat\/afacmeridiana\/wp-json\/wp\/v2\/types\/page"}],"author":[{"embeddable":true,"href":"https:\/\/agora.xtec.cat\/afacmeridiana\/wp-json\/wp\/v2\/users\/1"}],"replies":[{"embeddable":true,"href":"https:\/\/agora.xtec.cat\/afacmeridiana\/wp-json\/wp\/v2\/comments?post=27"}],"version-history":[{"count":3,"href":"https:\/\/agora.xtec.cat\/afacmeridiana\/wp-json\/wp\/v2\/pages\/27\/revisions"}],"predecessor-version":[{"id":519,"href":"https:\/\/agora.xtec.cat\/afacmeridiana\/wp-json\/wp\/v2\/pages\/27\/revisions\/519"}],"up":[{"embeddable":true,"href":"https:\/\/agora.xtec.cat\/afacmeridiana\/wp-json\/wp\/v2\/pages\/261"}],"wp:attachment":[{"href":"https:\/\/agora.xtec.cat\/afacmeridiana\/wp-json\/wp\/v2\/media?parent=27"}],"curies":[{"name":"wp","href":"https:\/\/api.w.org\/{rel}","templated":true}]}}

Història

<p>Eren els primers anys de la transició en què ho volíem tot però res se&#8217;ns donava sense més. En aquest context s&#8217;inscriu la creació de l’AFA CIUTAT MERIDIANA.<br />
Al barri de Ciutat Meridiana, any 1977, s&#8217;iniciava una dura lluita per a aconseguir una escola més per a nens d&#8217;EGB. Aquesta mobilització, iniciada per diversos professors d&#8217;una acadèmia privada, va ser secundada per una gran quantitat de veïns que, finalment, van aconseguir que es construïssin, en un temps rècord, uns barracons per albergar l&#8217;escola. S’anomenarà Ferrer i Guàrdia a proposta d&#8217;un veí.<br />
En el primer curs de camí molts pares i un parell de mestres es van plantejar la necessitat d&#8217;aconseguir una escola per a adults que acabaria situada en els mateixos barracons amb horari a partir de les 17:00 quan acabaven les classes dels nens. Així va veure la llum el AFA CIUTAT MERIDIANA.<br />
Organitzar una escola amb una demanda molt variada, des d’alfabetització fins al graduat escolar, amb només dos professors va ser una tasca àrdua i difícil, però molt il·lusionant. Quan l&#8217;Escola d&#8217;EGB aconsegueix l&#8217;edifici definitiu, els barracons passen a ser la seu de l&#8217;Escola d&#8217;Adults i això va permetre ampliar horaris al no haver de compartir les aules. Serà quan es donarà l&#8217;oportunitat de créixer fins arribar a ser 5 professors de plantilla.<br />
L&#8217;últim impuls per al creixement del centre serà la implantació de Graduat de Secundària (GES), moment en el qual la plantilla de professors passa de 5 a 7, que és la plantilla que hi ha en la actualitat.</p>
<p><a href="https://agora.xtec.cat/afacmeridiana/wp-content/uploads/usu1949/2018/12/façana-escola-1.jpg"><img loading="lazy" decoding="async" class="size-large wp-image-510 aligncenter" src="https://agora.xtec.cat/afacmeridiana/wp-content/uploads/usu1949/2018/12/façana-escola-1-1024x576.jpg" alt="" width="1024" height="576" srcset="https://agora.xtec.cat/afacmeridiana/wp-content/uploads/usu1949/2018/12/façana-escola-1-1024x576.jpg 1024w, https://agora.xtec.cat/afacmeridiana/wp-content/uploads/usu1949/2018/12/façana-escola-1-300x169.jpg 300w, https://agora.xtec.cat/afacmeridiana/wp-content/uploads/usu1949/2018/12/façana-escola-1-768x432.jpg 768w, https://agora.xtec.cat/afacmeridiana/wp-content/uploads/usu1949/2018/12/façana-escola-1.jpg 1068w" sizes="auto, (max-width: 1024px) 100vw, 1024px" /></a></p>
<p>&nbsp;</p>

<p>Eren els primers anys de la transició en què ho volíem tot però res se&#8217;ns donava sense més. En aquest context s&#8217;inscriu la creació de l’AFA CIUTAT MERIDIANA. Al barri de Ciutat Meridiana, any 1977, s&#8217;iniciava una dura lluita per a aconseguir una escola més per a nens d&#8217;EGB. Aquesta mobilització, iniciada per diversos professors [&hellip;]</p>
