{"id":1001,"date":"2023-05-09T19:00:03","date_gmt":"2023-05-09T17:00:03","guid":{"rendered":"https:\/\/agora.xtec.cat\/afacmeridiana\/?page_id=1001"},"modified":"2023-05-30T15:11:37","modified_gmt":"2023-05-30T13:11:37","slug":"proces-delaboracio-de-ledc","status":"publish","type":"page","link":"https:\/\/agora.xtec.cat\/afacmeridiana\/estrategia-digital-de-centre\/proces-delaboracio-de-ledc\/","title":{"rendered":"Proc\u00e9s d&#8217;elaboraci\u00f3 de l&#8217;EDC"},"content":{"rendered":"<p><strong>Diagnosi<\/strong><\/p>\n<p>A partir de les enquestes digitals fetes a l&#8217;alumnat i professorat hem reflexionat al voltant de l&#8217;\u00fas de les eines digitals per part del conjunt de la comunitat escolar.<\/p>\n<p><strong>Aspectes destacables<\/strong><br \/>\nEl centre disposa d&#8217;aula d&#8217;inform\u00e0tica i biblioteca informatitzada, aix\u00ed com diferents formacions d&#8217;inform\u00e0tica i \u00fas de les TIC a l&#8217;aula. Aix\u00f2 no obstant, hi ha hagut un comprom\u00eds per a aprofundir tots aquests aspectes i continuar acostant les noves tecnologies al centre.<\/p>\n<p><strong>Objectius<\/strong><br \/>\nEl professorat del centre hem acordat assolir els seg\u00fcents objectius dins l&#8217;Estrat\u00e8gia Digital de Centre:<br \/>\n<em>1. Fomentar activitats d&#8217;aula que facin servir eines digitals<br \/>\n2. Millorar la comunicaci\u00f3 digital en la comunitat educativa<br \/>\n3. Potenciar el treball en grup de l&#8217;alumnat amb eines digitals<br \/>\n4. Augmentar la conscienciaci\u00f3 sobre temes de seguretat i drets d&#8217;autoria<br \/>\n5. Millorar la digitalitzaci\u00f3 de les comunicacions entre el centre i l&#8217;alumnat<\/em><\/p>\n","protected":false},"excerpt":{"rendered":"<p>Diagnosi A partir de les enquestes digitals fetes a l&#8217;alumnat i professorat hem reflexionat al voltant de l&#8217;\u00fas de les eines digitals per part del conjunt de la comunitat escolar. Aspectes destacables El centre disposa d&#8217;aula d&#8217;inform\u00e0tica i biblioteca informatitzada, aix\u00ed com diferents formacions d&#8217;inform\u00e0tica i \u00fas de les TIC a l&#8217;aula. Aix\u00f2 no obstant, [&hellip;]<\/p>\n","protected":false},"author":1,"featured_media":0,"parent":996,"menu_order":10,"comment_status":"closed","ping_status":"closed","template":"page-templates\/side-menu.php","meta":{"_bbp_topic_count":0,"_bbp_reply_count":0,"_bbp_total_topic_count":0,"_bbp_total_reply_count":0,"_bbp_voice_count":0,"_bbp_anonymous_reply_count":0,"_bbp_topic_count_hidden":0,"_bbp_reply_count_hidden":0,"_bbp_forum_subforum_count":0,"site-sidebar-layout":"default","site-content-layout":"","ast-site-content-layout":"","site-content-style":"default","site-sidebar-style":"default","ast-global-header-display":"","ast-banner-title-visibility":"","ast-main-header-display":"","ast-hfb-above-header-display":"","ast-hfb-below-header-display":"","ast-hfb-mobile-header-display":"","site-post-title":"","ast-breadcrumbs-content":"","ast-featured-img":"","footer-sml-layout":"","theme-transparent-header-meta":"","adv-header-id-meta":"","stick-header-meta":"","header-above-stick-meta":"","header-main-stick-meta":"","header-below-stick-meta":"","astra-migrate-meta-layouts":"default","ast-page-background-enabled":"default","ast-page-background-meta":{"desktop":{"background-color":"var(--ast-global-color-4)","background-image":"","background-repeat":"repeat","background-position":"center center","background-size":"auto","background-attachment":"scroll","background-type":"","background-media":"","overlay-type":"","overlay-color":"","overlay-opacity":"","overlay-gradient":""},"tablet":{"background-color":"","background-image":"","background-repeat":"repeat","background-position":"center center","background-size":"auto","background-attachment":"scroll","background-type":"","background-media":"","overlay-type":"","overlay-color":"","overlay-opacity":"","overlay-gradient":""},"mobile":{"background-color":"","background-image":"","background-repeat":"repeat","background-position":"center center","background-size":"auto","background-attachment":"scroll","background-type":"","background-media":"","overlay-type":"","overlay-color":"","overlay-opacity":"","overlay-gradient":""}},"ast-content-background-meta":{"desktop":{"background-color":"var(--ast-global-color-5)","background-image":"","background-repeat":"repeat","background-position":"center center","background-size":"auto","background-attachment":"scroll","background-type":"","background-media":"","overlay-type":"","overlay-color":"","overlay-opacity":"","overlay-gradient":""},"tablet":{"background-color":"var(--ast-global-color-5)","background-image":"","background-repeat":"repeat","background-position":"center center","background-size":"auto","background-attachment":"scroll","background-type":"","background-media":"","overlay-type":"","overlay-color":"","overlay-opacity":"","overlay-gradient":""},"mobile":{"background-color":"var(--ast-global-color-5)","background-image":"","background-repeat":"repeat","background-position":"center center","background-size":"auto","background-attachment":"scroll","background-type":"","background-media":"","overlay-type":"","overlay-color":"","overlay-opacity":"","overlay-gradient":""}},"footnotes":""},"class_list":["post-1001","page","type-page","status-publish","hentry"],"post_mailing_queue_ids":[],"_links":{"self":[{"href":"https:\/\/agora.xtec.cat\/afacmeridiana\/wp-json\/wp\/v2\/pages\/1001","targetHints":{"allow":["GET"]}}],"collection":[{"href":"https:\/\/agora.xtec.cat\/afacmeridiana\/wp-json\/wp\/v2\/pages"}],"about":[{"href":"https:\/\/agora.xtec.cat\/afacmeridiana\/wp-json\/wp\/v2\/types\/page"}],"author":[{"embeddable":true,"href":"https:\/\/agora.xtec.cat\/afacmeridiana\/wp-json\/wp\/v2\/users\/1"}],"replies":[{"embeddable":true,"href":"https:\/\/agora.xtec.cat\/afacmeridiana\/wp-json\/wp\/v2\/comments?post=1001"}],"version-history":[{"count":3,"href":"https:\/\/agora.xtec.cat\/afacmeridiana\/wp-json\/wp\/v2\/pages\/1001\/revisions"}],"predecessor-version":[{"id":1003,"href":"https:\/\/agora.xtec.cat\/afacmeridiana\/wp-json\/wp\/v2\/pages\/1001\/revisions\/1003"}],"up":[{"embeddable":true,"href":"https:\/\/agora.xtec.cat\/afacmeridiana\/wp-json\/wp\/v2\/pages\/996"}],"wp:attachment":[{"href":"https:\/\/agora.xtec.cat\/afacmeridiana\/wp-json\/wp\/v2\/media?parent=1001"}],"curies":[{"name":"wp","href":"https:\/\/api.w.org\/{rel}","templated":true}]}}

Procés d&#8217;elaboració de l&#8217;EDC

<p><strong>Diagnosi</strong></p>
<p>A partir de les enquestes digitals fetes a l&#8217;alumnat i professorat hem reflexionat al voltant de l&#8217;ús de les eines digitals per part del conjunt de la comunitat escolar.</p>
<p><strong>Aspectes destacables</strong><br />
El centre disposa d&#8217;aula d&#8217;informàtica i biblioteca informatitzada, així com diferents formacions d&#8217;informàtica i ús de les TIC a l&#8217;aula. Això no obstant, hi ha hagut un compromís per a aprofundir tots aquests aspectes i continuar acostant les noves tecnologies al centre.</p>
<p><strong>Objectius</strong><br />
El professorat del centre hem acordat assolir els següents objectius dins l&#8217;Estratègia Digital de Centre:<br />
<em>1. Fomentar activitats d&#8217;aula que facin servir eines digitals<br />
2. Millorar la comunicació digital en la comunitat educativa<br />
3. Potenciar el treball en grup de l&#8217;alumnat amb eines digitals<br />
4. Augmentar la conscienciació sobre temes de seguretat i drets d&#8217;autoria<br />
5. Millorar la digitalització de les comunicacions entre el centre i l&#8217;alumnat</em></p>

<p>Diagnosi A partir de les enquestes digitals fetes a l&#8217;alumnat i professorat hem reflexionat al voltant de l&#8217;ús de les eines digitals per part del conjunt de la comunitat escolar. Aspectes destacables El centre disposa d&#8217;aula d&#8217;informàtica i biblioteca informatitzada, així com diferents formacions d&#8217;informàtica i ús de les TIC a l&#8217;aula. Això no obstant, [&hellip;]</p>
