{"id":318,"date":"2015-01-28T11:34:47","date_gmt":"2015-01-28T10:34:47","guid":{"rendered":"http:\/\/agora.xtec.cat\/afaalarona\/?page_id=318"},"modified":"2022-11-19T19:26:24","modified_gmt":"2022-11-19T18:26:24","slug":"a-cicles-formatius-de-grau-mitja","status":"publish","type":"page","link":"https:\/\/agora.xtec.cat\/afaalarona\/ensenyaments\/ensenyaments-per-a-la-preparacio-de-proves-dacces\/a-cicles-formatius-de-grau-mitja\/","title":{"rendered":"A cicles formatius de grau mitj\u00e0"},"content":{"rendered":"<p><span style=\"color: #000000; font-family: verdana, sans-serif; font-size: medium;\">L\u2019objectiu d\u2019aquest curs \u00e9s preparar l\u2019alumnat per superar la prova d\u2019acc\u00e9s que li permetr\u00e0 accedir a qualsevol cicle formatiu de grau mitj\u00e0. La durada m\u00ednima per a la preparaci\u00f3 de les proves d&#8217;acc\u00e9s a grau mitj\u00e0 \u00e9s de 330 hores.<\/span><\/p>\n<p><span style=\"color: #000000; font-family: verdana, sans-serif; font-size: medium;\">\u00a0<\/span><span style=\"color: #000000; font-family: verdana, sans-serif; font-size: medium;\"><b>Les mat\u00e8ries que s\u2019imparteixen s\u00f3n:<\/b><\/span><\/p>\n<p><span style=\"color: #000000; font-family: verdana, sans-serif; font-size: medium;\">&#8211; Llengua catalana<\/span><\/p>\n<p><span style=\"color: #000000; font-family: verdana, sans-serif; font-size: medium;\">&#8211; Llengua castellana<\/span><\/p>\n<p><span style=\"color: #000000; font-family: verdana, sans-serif; font-size: medium;\">&#8211; Llengua estrangera, angl\u00e8s<\/span><\/p>\n<p><span style=\"color: #000000; font-family: verdana, sans-serif; font-size: medium;\">&#8211; Ci\u00e8ncies socials<\/span><\/p>\n<p><span style=\"color: #000000; font-family: verdana, sans-serif; font-size: medium;\">&#8211; Ci\u00e8ncies naturals<\/span><\/p>\n<p><span style=\"color: #000000; font-family: verdana, sans-serif; font-size: medium;\">&#8211; Matem\u00e0tiques<\/span><\/p>\n<p><span style=\"color: #000000; font-family: verdana, sans-serif; font-size: medium;\">&#8211; Tecnologia<\/span><\/p>\n<p><span style=\"color: #000000; font-family: verdana, sans-serif; font-size: medium;\">El centre lliura a l\u2019alumnat que obt\u00e9 una\u00a0<b>qualificaci\u00f3 igual o superior al 5<\/b>,\u00a0 un certificat de superaci\u00f3 de la formaci\u00f3 per a la preparaci\u00f3 de les proves d\u2019acc\u00e9s a grau mitj\u00e0. Per superar el curs \u00e9s imprescindible assistir a classe el 80% del total d&#8217;hores de cada una de les assignatures impartides.<\/span><\/p>\n<p><span style=\"color: #000000;\"><span style=\"font-family: verdana, sans-serif; font-size: medium;\">L\u2019alumnat que obtingui una nota igual o superior a 5 del curs de preparaci\u00f3 per a les proves d\u2019acc\u00e9s als CFGM podr\u00e0 sumar, a la nota obtinguda a la prova d\u2019acc\u00e9s, sempre que aquesta sigui igual o superior a 4, el resultat de multiplicar la nota obtinguda al curs per 0,2.<\/span><\/span><\/p>\n<p>Selecciona per obtenir m\u00e9s informaci\u00f3:<br \/>\n<a href=\"https:\/\/sites.google.com\/xtec.cat\/proves-acces-cfgm\/inici\" target=\"_blank\" rel=\"noopener\"><img loading=\"lazy\" decoding=\"async\" class=\"aligncenter wp-image-1208\" src=\"https:\/\/agora.xtec.cat\/afaalarona\/wp-content\/uploads\/usu1720\/2021\/07\/dit-ratoli-2.png\" alt=\"\" width=\"137\" height=\"72\" srcset=\"https:\/\/agora.xtec.cat\/afaalarona\/wp-content\/uploads\/usu1720\/2021\/07\/dit-ratoli-2.png 1200w, https:\/\/agora.xtec.cat\/afaalarona\/wp-content\/uploads\/usu1720\/2021\/07\/dit-ratoli-2-300x158.png 300w, https:\/\/agora.xtec.cat\/afaalarona\/wp-content\/uploads\/usu1720\/2021\/07\/dit-ratoli-2-768x403.png 768w, https:\/\/agora.xtec.cat\/afaalarona\/wp-content\/uploads\/usu1720\/2021\/07\/dit-ratoli-2-1024x538.png 1024w\" sizes=\"auto, (max-width: 137px) 100vw, 137px\" \/><\/a><\/p>\n","protected":false},"excerpt":{"rendered":"<p>L\u2019objectiu d\u2019aquest curs \u00e9s preparar l\u2019alumnat per superar la prova d\u2019acc\u00e9s que li permetr\u00e0 accedir a qualsevol cicle formatiu de grau mitj\u00e0. La durada m\u00ednima per a la preparaci\u00f3 de les proves d&#8217;acc\u00e9s a grau mitj\u00e0 \u00e9s de 330 hores.<br \/>\n\u00a0Les mat\u00e8ries que s\u2019imparteixen s\u00f3n:<br \/>\n&#8211; Llengua&hellip;  <a href=\"https:\/\/agora.xtec.cat\/afaalarona\/ensenyaments\/ensenyaments-per-a-la-preparacio-de-proves-dacces\/a-cicles-formatius-de-grau-mitja\/\" title=\"Read A cicles formatius de grau mitj\u00e0\">Llegeix m\u00e9s\u00bb<\/a><\/p>\n","protected":false},"author":1,"featured_media":0,"parent":288,"menu_order":0,"comment_status":"closed","ping_status":"closed","template":"page-templates\/side-menu.php","meta":{"_bbp_topic_count":0,"_bbp_reply_count":0,"_bbp_total_topic_count":0,"_bbp_total_reply_count":0,"_bbp_voice_count":0,"_bbp_anonymous_reply_count":0,"_bbp_topic_count_hidden":0,"_bbp_reply_count_hidden":0,"_bbp_forum_subforum_count":0,"footnotes":""},"class_list":["post-318","page","type-page","status-publish","hentry"],"post_mailing_queue_ids":[],"_links":{"self":[{"href":"https:\/\/agora.xtec.cat\/afaalarona\/wp-json\/wp\/v2\/pages\/318","targetHints":{"allow":["GET"]}}],"collection":[{"href":"https:\/\/agora.xtec.cat\/afaalarona\/wp-json\/wp\/v2\/pages"}],"about":[{"href":"https:\/\/agora.xtec.cat\/afaalarona\/wp-json\/wp\/v2\/types\/page"}],"author":[{"embeddable":true,"href":"https:\/\/agora.xtec.cat\/afaalarona\/wp-json\/wp\/v2\/users\/1"}],"replies":[{"embeddable":true,"href":"https:\/\/agora.xtec.cat\/afaalarona\/wp-json\/wp\/v2\/comments?post=318"}],"version-history":[{"count":3,"href":"https:\/\/agora.xtec.cat\/afaalarona\/wp-json\/wp\/v2\/pages\/318\/revisions"}],"predecessor-version":[{"id":1453,"href":"https:\/\/agora.xtec.cat\/afaalarona\/wp-json\/wp\/v2\/pages\/318\/revisions\/1453"}],"up":[{"embeddable":true,"href":"https:\/\/agora.xtec.cat\/afaalarona\/wp-json\/wp\/v2\/pages\/288"}],"wp:attachment":[{"href":"https:\/\/agora.xtec.cat\/afaalarona\/wp-json\/wp\/v2\/media?parent=318"}],"curies":[{"name":"wp","href":"https:\/\/api.w.org\/{rel}","templated":true}]}}