{"id":283,"date":"2015-01-28T11:06:17","date_gmt":"2015-01-28T10:06:17","guid":{"rendered":"http:\/\/agora.xtec.cat\/afaalarona\/?page_id=283"},"modified":"2017-11-28T13:45:36","modified_gmt":"2017-11-28T12:45:36","slug":"ensenyaments-inicials-i-formacio-basica","status":"publish","type":"page","link":"https:\/\/agora.xtec.cat\/afaalarona\/ensenyaments\/ensenyaments-inicials-i-formacio-basica\/","title":{"rendered":"Ensenyaments inicials i formaci\u00f3 b\u00e0sica"},"content":{"rendered":"<p>L\u2019objectiu d\u2019aquests ensenyaments \u00e9s que les persones destinat\u00e0ries puguin adquirir el grau de compet\u00e8ncia m\u00ednima per desenvolupar-se en la societat actual. S\u00f3n ensenyaments de llengua catalana i castellana per a la millora de la cohesi\u00f3 i participaci\u00f3 social de l&#8217;alumnat. Actualment al centre s&#8217;ofereixen:<\/p>\n<ul>\n<li>Formaci\u00f3 instrumental, nivells\u00a01, 2 i 3.<\/li>\n<li>Llengua catalana, nivells 1, 2 i 3.<\/li>\n<li>Llengua castellana, nivells 1, 2 i 3.<\/li>\n<\/ul>\n","protected":false},"excerpt":{"rendered":"<p>L\u2019objectiu d\u2019aquests ensenyaments \u00e9s que les persones destinat\u00e0ries puguin adquirir el grau de compet\u00e8ncia m\u00ednima per desenvolupar-se en la societat actual. S\u00f3n ensenyaments de llengua catalana i castellana per a la millora de la cohesi\u00f3 i participaci\u00f3 social de l&#8217;alumnat. Actualment al centre s&#8217;ofereixen:<\/p>\n<ul>\n<li>Formaci\u00f3 instrumental,&hellip;  <a href=\"https:\/\/agora.xtec.cat\/afaalarona\/ensenyaments\/ensenyaments-inicials-i-formacio-basica\/\" title=\"Read Ensenyaments inicials i formaci\u00f3 b\u00e0sica\">Llegeix m\u00e9s\u00bb<\/a><br \/>\n","protected":false},"author":1,"featured_media":0,"parent":274,"menu_order":0,"comment_status":"closed","ping_status":"closed","template":"page-templates\/side-menu.php","meta":{"_bbp_topic_count":0,"_bbp_reply_count":0,"_bbp_total_topic_count":0,"_bbp_total_reply_count":0,"_bbp_voice_count":0,"_bbp_anonymous_reply_count":0,"_bbp_topic_count_hidden":0,"_bbp_reply_count_hidden":0,"_bbp_forum_subforum_count":0,"footnotes":""},"class_list":["post-283","page","type-page","status-publish","hentry"],"post_mailing_queue_ids":[],"_links":{"self":[{"href":"https:\/\/agora.xtec.cat\/afaalarona\/wp-json\/wp\/v2\/pages\/283","targetHints":{"allow":["GET"]}}],"collection":[{"href":"https:\/\/agora.xtec.cat\/afaalarona\/wp-json\/wp\/v2\/pages"}],"about":[{"href":"https:\/\/agora.xtec.cat\/afaalarona\/wp-json\/wp\/v2\/types\/page"}],"author":[{"embeddable":true,"href":"https:\/\/agora.xtec.cat\/afaalarona\/wp-json\/wp\/v2\/users\/1"}],"replies":[{"embeddable":true,"href":"https:\/\/agora.xtec.cat\/afaalarona\/wp-json\/wp\/v2\/comments?post=283"}],"version-history":[{"count":3,"href":"https:\/\/agora.xtec.cat\/afaalarona\/wp-json\/wp\/v2\/pages\/283\/revisions"}],"predecessor-version":[{"id":676,"href":"https:\/\/agora.xtec.cat\/afaalarona\/wp-json\/wp\/v2\/pages\/283\/revisions\/676"}],"up":[{"embeddable":true,"href":"https:\/\/agora.xtec.cat\/afaalarona\/wp-json\/wp\/v2\/pages\/274"}],"wp:attachment":[{"href":"https:\/\/agora.xtec.cat\/afaalarona\/wp-json\/wp\/v2\/media?parent=283"}],"curies":[{"name":"wp","href":"https:\/\/api.w.org\/{rel}","templated":true}]}}