{"id":1735,"date":"2025-10-20T18:52:04","date_gmt":"2025-10-20T16:52:04","guid":{"rendered":"https:\/\/agora.xtec.cat\/afaalarona\/?page_id=1735"},"modified":"2025-10-21T12:13:04","modified_gmt":"2025-10-21T10:13:04","slug":"intercanvi-amb-el-cfa-salvador-dali","status":"publish","type":"page","link":"https:\/\/agora.xtec.cat\/afaalarona\/intercanvi-amb-el-cfa-salvador-dali\/","title":{"rendered":"Intercanvi amb el CFA Salvador Dal\u00ed"},"content":{"rendered":"<h5>Per qu\u00e8 un intercanvi amb el CFA Salvador Dal\u00ed?<\/h5>\n<h6>Des del curs 2018\/19, portem a terme una activitat conjunta amb el CFA Salvador Dal\u00ed, situat al centre penitenciari de Quatre Camins de la Roca del Vall\u00e8s. L&#8217;objectiu d&#8217;aquest projecte \u00e9s apropar alumnes dels dos centres amb realitats diferents, per\u00f2 que comparteixen la mateixa formaci\u00f3. A partir de diferents treballs i activitats compartides, descobrim la vessant m\u00e9s humana de l&#8217;alumnat que hi participa i fomentem l&#8217;acompanyament i integraci\u00f3 d&#8217;aquelles persones que m\u00e9s ho necessiten.<\/h6>\n<h6>Cada curs escolar es treballa un centre d&#8217;inter\u00e8s diferent, amb activitats que es porten a terme de manera compartida en els dos centres. La feina es complementa amb una visita dels alumnes als dos centres, per tal de con\u00e8ixer millor les persones, els espais i el context on estan ubicades les dues escoles amb realitats tan allunyades; una situada a un centre penitenciari i una altra situada al barri del Pla d&#8217;en Boet de Matar\u00f3.<\/h6>\n<h6>Un projecte molt enriquidor que ens serveix per reflexionar sobre com gestionar les diferents situacions amb les que ens podem trobar al llarg de la vida.<\/h6>\n<h6>Moltes felicitats pel projecte a totes les persones que el feu possible!<\/h6>\n<p style=\"text-align: center;\"><img loading=\"lazy\" decoding=\"async\" class=\"aligncenter size-full wp-image-1749\" src=\"https:\/\/agora.xtec.cat\/afaalarona\/wp-content\/uploads\/usu1720\/2025\/10\/IMG_20250218_131544.jpg\" alt=\"\" width=\"900\" height=\"675\" srcset=\"https:\/\/agora.xtec.cat\/afaalarona\/wp-content\/uploads\/usu1720\/2025\/10\/IMG_20250218_131544.jpg 900w, https:\/\/agora.xtec.cat\/afaalarona\/wp-content\/uploads\/usu1720\/2025\/10\/IMG_20250218_131544-300x225.jpg 300w, https:\/\/agora.xtec.cat\/afaalarona\/wp-content\/uploads\/usu1720\/2025\/10\/IMG_20250218_131544-768x576.jpg 768w, https:\/\/agora.xtec.cat\/afaalarona\/wp-content\/uploads\/usu1720\/2025\/10\/IMG_20250218_131544-200x150.jpg 200w\" sizes=\"auto, (max-width: 900px) 100vw, 900px\" \/><\/p>\n<p>&nbsp;<\/p>\n<p>&nbsp;<\/p>\n<p>&nbsp;<\/p>\n","protected":false},"excerpt":{"rendered":"<p>Per qu\u00e8 un intercanvi amb el CFA Salvador Dal\u00ed?<br \/>\nDes del curs 2018\/19, portem a terme una activitat conjunta amb el CFA Salvador Dal\u00ed, situat al centre penitenciari de Quatre Camins de la Roca del Vall\u00e8s. L&#8217;objectiu d&#8217;aquest projecte \u00e9s apropar alumnes dels dos centres amb&hellip;  <a href=\"https:\/\/agora.xtec.cat\/afaalarona\/intercanvi-amb-el-cfa-salvador-dali\/\" title=\"Read Intercanvi amb el CFA Salvador Dal\u00ed\">Llegeix m\u00e9s\u00bb<\/a><\/p>\n","protected":false},"author":1,"featured_media":0,"parent":0,"menu_order":0,"comment_status":"closed","ping_status":"closed","template":"","meta":{"_bbp_topic_count":0,"_bbp_reply_count":0,"_bbp_total_topic_count":0,"_bbp_total_reply_count":0,"_bbp_voice_count":0,"_bbp_anonymous_reply_count":0,"_bbp_topic_count_hidden":0,"_bbp_reply_count_hidden":0,"_bbp_forum_subforum_count":0,"footnotes":""},"class_list":["post-1735","page","type-page","status-publish","hentry"],"post_mailing_queue_ids":[],"_links":{"self":[{"href":"https:\/\/agora.xtec.cat\/afaalarona\/wp-json\/wp\/v2\/pages\/1735","targetHints":{"allow":["GET"]}}],"collection":[{"href":"https:\/\/agora.xtec.cat\/afaalarona\/wp-json\/wp\/v2\/pages"}],"about":[{"href":"https:\/\/agora.xtec.cat\/afaalarona\/wp-json\/wp\/v2\/types\/page"}],"author":[{"embeddable":true,"href":"https:\/\/agora.xtec.cat\/afaalarona\/wp-json\/wp\/v2\/users\/1"}],"replies":[{"embeddable":true,"href":"https:\/\/agora.xtec.cat\/afaalarona\/wp-json\/wp\/v2\/comments?post=1735"}],"version-history":[{"count":4,"href":"https:\/\/agora.xtec.cat\/afaalarona\/wp-json\/wp\/v2\/pages\/1735\/revisions"}],"predecessor-version":[{"id":1750,"href":"https:\/\/agora.xtec.cat\/afaalarona\/wp-json\/wp\/v2\/pages\/1735\/revisions\/1750"}],"wp:attachment":[{"href":"https:\/\/agora.xtec.cat\/afaalarona\/wp-json\/wp\/v2\/media?parent=1735"}],"curies":[{"name":"wp","href":"https:\/\/api.w.org\/{rel}","templated":true}]}}