{"id":1728,"date":"2025-10-20T18:48:45","date_gmt":"2025-10-20T16:48:45","guid":{"rendered":"https:\/\/agora.xtec.cat\/afaalarona\/?page_id=1728"},"modified":"2025-12-22T19:11:55","modified_gmt":"2025-12-22T18:11:55","slug":"ikigai","status":"publish","type":"page","link":"https:\/\/agora.xtec.cat\/afaalarona\/ikigai\/","title":{"rendered":"IKIGAI"},"content":{"rendered":"<h6 style=\"text-align: justify;\">L&#8217;IKIGAI \u00e9s un projecte compartit entre el CFA Alarona i l&#8217;Escola Municipal de M\u00fasica de Matar\u00f3, que compta amb la col\u00b7laboraci\u00f3 de l&#8217;Ajuntament de Matar\u00f3. El projecte neix el curs 2022\/23, quan des del centre de formaci\u00f3 per persones adultes veiem la necessitat d&#8217;oferir al nostre alumnat la possibilitat de col\u00b7laborar amb altres entitats de la ciutat i apropar-nos una mica m\u00e9s a altres realitats de la ciutat, sovint massa allunyades. El fil conductor ser\u00e0 la m\u00fasica, concretament el treball d&#8217;una can\u00e7\u00f3, per acabar gravant un v\u00eddeo de tot el projecte. Des de l&#8217;escola es treballa la lletra, el ritme, el contingut&#8230; i des de l&#8217;EMMM es prepara la can\u00e7\u00f3 amb un grup de combo format per diversos alumnes.<\/h6>\n<h6 style=\"text-align: justify;\">Tot sumat, permet compartir un mateix objectiu a persones molt diverses de la mateixa ciutat, amb un resultat \u00f2ptim.<\/h6>\n<h6 style=\"text-align: justify;\">Una altra vegada la m\u00fasica ens permet millorar de mica en mica el nostre context m\u00e9s proper.<\/h6>\n<h6 style=\"text-align: justify;\">Esperem que tingui molts anys de vida!<\/h6>\n<ul>\n<li>\n<h5><a href=\"https:\/\/youtu.be\/_BMBV6Y43Ik\" target=\"_blank\" rel=\"noopener\">IKIGAI 1a edici\u00f3. Curs 22\/23<\/a><\/h5>\n<\/li>\n<li>\n<h5><a href=\"https:\/\/youtu.be\/zpmV3XUKGaY\" target=\"_blank\" rel=\"noopener\">IKIGAI 2a edici\u00f3. Curs 23\/24<\/a><\/h5>\n<\/li>\n<li>\n<h5><a href=\"https:\/\/youtu.be\/GGltfgOBkVU\" target=\"_blank\" rel=\"noopener\">IKIGAI 3a edici\u00f3. Curs 24\/25<\/a><\/h5>\n<\/li>\n<li>\n<h5><a href=\"https:\/\/youtu.be\/6dxSPbin5sE?si=mK3J3MSIAm1nz6v0\" target=\"_blank\" rel=\"noopener\">IKIGAI 4a edici\u00f3. Curs 25\/26<\/a><\/h5>\n<\/li>\n<\/ul>\n<p style=\"text-align: center;\"><img loading=\"lazy\" decoding=\"async\" class=\"aligncenter size-full wp-image-1756\" src=\"https:\/\/agora.xtec.cat\/afaalarona\/wp-content\/uploads\/usu1720\/2025\/10\/GridArt_20251015_184014998.jpg\" alt=\"\" width=\"900\" height=\"900\" srcset=\"https:\/\/agora.xtec.cat\/afaalarona\/wp-content\/uploads\/usu1720\/2025\/10\/GridArt_20251015_184014998.jpg 900w, https:\/\/agora.xtec.cat\/afaalarona\/wp-content\/uploads\/usu1720\/2025\/10\/GridArt_20251015_184014998-300x300.jpg 300w, https:\/\/agora.xtec.cat\/afaalarona\/wp-content\/uploads\/usu1720\/2025\/10\/GridArt_20251015_184014998-150x150.jpg 150w, https:\/\/agora.xtec.cat\/afaalarona\/wp-content\/uploads\/usu1720\/2025\/10\/GridArt_20251015_184014998-768x768.jpg 768w\" sizes=\"auto, (max-width: 900px) 100vw, 900px\" \/><\/p>\n","protected":false},"excerpt":{"rendered":"<p>L&#8217;IKIGAI \u00e9s un projecte compartit entre el CFA Alarona i l&#8217;Escola Municipal de M\u00fasica de Matar\u00f3, que compta amb la col\u00b7laboraci\u00f3 de l&#8217;Ajuntament de Matar\u00f3. El projecte neix el curs 2022\/23, quan des del centre de formaci\u00f3 per persones adultes veiem la necessitat d&#8217;oferir al&hellip;  <a href=\"https:\/\/agora.xtec.cat\/afaalarona\/ikigai\/\" title=\"Read IKIGAI\">Llegeix m\u00e9s\u00bb<\/a><\/p>\n","protected":false},"author":1,"featured_media":0,"parent":0,"menu_order":0,"comment_status":"closed","ping_status":"closed","template":"","meta":{"_bbp_topic_count":0,"_bbp_reply_count":0,"_bbp_total_topic_count":0,"_bbp_total_reply_count":0,"_bbp_voice_count":0,"_bbp_anonymous_reply_count":0,"_bbp_topic_count_hidden":0,"_bbp_reply_count_hidden":0,"_bbp_forum_subforum_count":0,"footnotes":""},"class_list":["post-1728","page","type-page","status-publish","hentry"],"post_mailing_queue_ids":[],"_links":{"self":[{"href":"https:\/\/agora.xtec.cat\/afaalarona\/wp-json\/wp\/v2\/pages\/1728","targetHints":{"allow":["GET"]}}],"collection":[{"href":"https:\/\/agora.xtec.cat\/afaalarona\/wp-json\/wp\/v2\/pages"}],"about":[{"href":"https:\/\/agora.xtec.cat\/afaalarona\/wp-json\/wp\/v2\/types\/page"}],"author":[{"embeddable":true,"href":"https:\/\/agora.xtec.cat\/afaalarona\/wp-json\/wp\/v2\/users\/1"}],"replies":[{"embeddable":true,"href":"https:\/\/agora.xtec.cat\/afaalarona\/wp-json\/wp\/v2\/comments?post=1728"}],"version-history":[{"count":6,"href":"https:\/\/agora.xtec.cat\/afaalarona\/wp-json\/wp\/v2\/pages\/1728\/revisions"}],"predecessor-version":[{"id":1771,"href":"https:\/\/agora.xtec.cat\/afaalarona\/wp-json\/wp\/v2\/pages\/1728\/revisions\/1771"}],"wp:attachment":[{"href":"https:\/\/agora.xtec.cat\/afaalarona\/wp-json\/wp\/v2\/media?parent=1728"}],"curies":[{"name":"wp","href":"https:\/\/api.w.org\/{rel}","templated":true}]}}