{"id":67,"date":"2014-09-18T10:14:18","date_gmt":"2014-09-18T10:14:18","guid":{"rendered":"http:\/\/agora.xtec.cat\/afa-ripolles\/\/?page_id=67"},"modified":"2026-07-17T11:38:53","modified_gmt":"2026-07-17T09:38:53","slug":"acollida","status":"publish","type":"page","link":"https:\/\/agora.xtec.cat\/afa-ripolles\/el-centre\/acollida\/","title":{"rendered":"Acollida i seguiment"},"content":{"rendered":"\n<p style=\"text-align: justify;\"><span style=\"font-size: 14pt;\">L&#8217;acollida i el seguiment de l&#8217;alumnat t\u00e9 com a objectiu la personalitzaci\u00f3 dels aprenentatges.<\/span><\/p>\n\n\n<h4 style=\"text-align: justify;\">Acollida d&#8217;inici de curs del nou alumnat<\/h4>\n<p style=\"text-align: justify;\"><span style=\"font-size: 14pt;\">L\u2019acollida comen\u00e7a quan l\u2019alumnat ve a demanar informaci\u00f3 o a apuntar-se i es fa de forma individual seguint els passos seg\u00fcents:<\/span><\/p>\n<ul style=\"list-style-type: disc; text-align: justify;\">\n<li style=\"text-align: justify;\"><span style=\"font-size: 14pt;\">Informaci\u00f3 dels cursos i horaris.<\/span><\/li>\n<li><span style=\"font-size: 14pt;\">Entrevista per con\u00e8ixer millor l&#8217;alumnat: lleng\u00fces que ent\u00e9n, interessos i objectius, estudis previs, situaci\u00f3 laboral, problemes de salut rellevants, acc\u00e9s a les TAC, etc.\u00a0<\/span><\/li>\n<li><span style=\"font-size: 14pt;\">Si escau, prova de nivell per ubicar-lo al grup m\u00e9s adient o, en el cas del GES, proves d&#8217;avaluaci\u00f3 inicial per si vol acreditar m\u00f2duls.<\/span><\/li>\n<\/ul>\n<h4 style=\"text-align: justify;\">Seguiment de l&#8217;alumnat<\/h4>\n<p style=\"text-align: justify;\"><span style=\"font-size: 14pt;\">El tutor o tutora de cada ensenyament s&#8217;encarregar\u00e0 del seguiment de l&#8217;alumnat.<\/span><\/p>\n<p style=\"text-align: justify;\"><strong><span style=\"font-size: 14pt;\">A l\u2019inici de curs:<\/span><\/strong><\/p>\n<ul style=\"text-align: justify;\">\n<li style=\"text-align: justify;\"><span style=\"font-size: 14pt;\">Informaci\u00f3 general del curs: <\/span>\n<ul style=\"list-style-type: circle;\">\n<li style=\"text-align: justify;\"><span style=\"font-size: 14pt;\">Inici i acabament dels trimestres.<\/span><\/li>\n<li style=\"text-align: justify;\"><span style=\"font-size: 14pt;\">Dies festius i vacances.<\/span><\/li>\n<li style=\"text-align: justify;\"><span style=\"font-size: 14pt;\">Informaci\u00f3 de contacte.<\/span><\/li>\n<li style=\"text-align: justify;\"><span style=\"font-size: 14pt;\">Normes de conviv\u00e8ncia per al bon funcionament del centre i les classes.<\/span><\/li>\n<li style=\"text-align: justify;\"><span style=\"font-size: 14pt;\">Control d&#8217;assist\u00e8ncia i abs\u00e8ncies.<\/span><\/li>\n<li style=\"text-align: justify;\"><span style=\"font-size: 14pt;\">Objectius i avaluaci\u00f3 del curs.<\/span><\/li>\n<li style=\"text-align: justify;\"><span style=\"font-size: 14pt;\">Funcionament i utilitzaci\u00f3 de l\u2019EVA.<\/span><\/li>\n<\/ul>\n<\/li>\n<\/ul>\n<p style=\"text-align: justify;\"><strong><span style=\"font-size: 14pt;\">Durant el curs:<\/span><\/strong><\/p>\n<ul style=\"text-align: justify;\">\n<li style=\"text-align: justify;\"><span style=\"font-size: 14pt;\">Tutories individuals i del grup classe sobre el benestar emocional i l&#8217;avaluaci\u00f3.<\/span><\/li>\n<li><span style=\"font-weight: 400; font-size: 14pt;\">Lliurament de l&#8217;informe trimestral en el cas d\u2019Instrumental i GES.<\/span><\/li>\n<\/ul>\n<p style=\"text-align: justify;\"><strong><span style=\"font-size: 14pt;\">Final de l&#8217;etapa:<\/span><\/strong><\/p>\n<ul>\n<li style=\"text-align: justify;\"><span style=\"font-size: 14pt;\">Orientaci\u00f3 sobre qu\u00e8 pot fer l&#8217;alumnat un cop ha finalitzat l&#8217;ensenyament, tant al propi centre com en d&#8217;altres.<\/span><\/li>\n<\/ul>","protected":false},"excerpt":{"rendered":"<p>L&#8217;acollida i el seguiment de l&#8217;alumnat t\u00e9 com a objectiu la personalitzaci\u00f3 dels aprenentatges. Acollida d&#8217;inici de curs del nou alumnat L\u2019acollida comen\u00e7a quan l\u2019alumnat ve a demanar informaci\u00f3 o a apuntar-se i es fa de forma individual seguint els passos seg\u00fcents: Informaci\u00f3 dels cursos i horaris. Entrevista per con\u00e8ixer millor l&#8217;alumnat: lleng\u00fces que ent\u00e9n, [&hellip;]<\/p>\n","protected":false},"author":2,"featured_media":0,"parent":261,"menu_order":5,"comment_status":"closed","ping_status":"closed","template":"","meta":{"_bbp_topic_count":0,"_bbp_reply_count":0,"_bbp_total_topic_count":0,"_bbp_total_reply_count":0,"_bbp_voice_count":0,"_bbp_anonymous_reply_count":0,"_bbp_topic_count_hidden":0,"_bbp_reply_count_hidden":0,"_bbp_forum_subforum_count":0,"site-sidebar-layout":"default","site-content-layout":"","ast-site-content-layout":"default","site-content-style":"default","site-sidebar-style":"default","ast-global-header-display":"","ast-banner-title-visibility":"","ast-main-header-display":"","ast-hfb-above-header-display":"","ast-hfb-below-header-display":"","ast-hfb-mobile-header-display":"","site-post-title":"","ast-breadcrumbs-content":"","ast-featured-img":"","footer-sml-layout":"","theme-transparent-header-meta":"","adv-header-id-meta":"","stick-header-meta":"","header-above-stick-meta":"","header-main-stick-meta":"","header-below-stick-meta":"","astra-migrate-meta-layouts":"set","ast-page-background-enabled":"default","ast-page-background-meta":{"desktop":{"background-color":"var(--ast-global-color-4)","background-image":"","background-repeat":"repeat","background-position":"center center","background-size":"auto","background-attachment":"scroll","background-type":"","background-media":"","overlay-type":"","overlay-color":"","overlay-opacity":"","overlay-gradient":""},"tablet":{"background-color":"","background-image":"","background-repeat":"repeat","background-position":"center center","background-size":"auto","background-attachment":"scroll","background-type":"","background-media":"","overlay-type":"","overlay-color":"","overlay-opacity":"","overlay-gradient":""},"mobile":{"background-color":"","background-image":"","background-repeat":"repeat","background-position":"center center","background-size":"auto","background-attachment":"scroll","background-type":"","background-media":"","overlay-type":"","overlay-color":"","overlay-opacity":"","overlay-gradient":""}},"ast-content-background-meta":{"desktop":{"background-color":"var(--ast-global-color-5)","background-image":"","background-repeat":"repeat","background-position":"center center","background-size":"auto","background-attachment":"scroll","background-type":"","background-media":"","overlay-type":"","overlay-color":"","overlay-opacity":"","overlay-gradient":""},"tablet":{"background-color":"var(--ast-global-color-5)","background-image":"","background-repeat":"repeat","background-position":"center center","background-size":"auto","background-attachment":"scroll","background-type":"","background-media":"","overlay-type":"","overlay-color":"","overlay-opacity":"","overlay-gradient":""},"mobile":{"background-color":"var(--ast-global-color-5)","background-image":"","background-repeat":"repeat","background-position":"center center","background-size":"auto","background-attachment":"scroll","background-type":"","background-media":"","overlay-type":"","overlay-color":"","overlay-opacity":"","overlay-gradient":""}},"footnotes":""},"class_list":["post-67","page","type-page","status-publish","hentry"],"post_mailing_queue_ids":[],"_links":{"self":[{"href":"https:\/\/agora.xtec.cat\/afa-ripolles\/wp-json\/wp\/v2\/pages\/67","targetHints":{"allow":["GET"]}}],"collection":[{"href":"https:\/\/agora.xtec.cat\/afa-ripolles\/wp-json\/wp\/v2\/pages"}],"about":[{"href":"https:\/\/agora.xtec.cat\/afa-ripolles\/wp-json\/wp\/v2\/types\/page"}],"author":[{"embeddable":true,"href":"https:\/\/agora.xtec.cat\/afa-ripolles\/wp-json\/wp\/v2\/users\/2"}],"replies":[{"embeddable":true,"href":"https:\/\/agora.xtec.cat\/afa-ripolles\/wp-json\/wp\/v2\/comments?post=67"}],"version-history":[{"count":6,"href":"https:\/\/agora.xtec.cat\/afa-ripolles\/wp-json\/wp\/v2\/pages\/67\/revisions"}],"predecessor-version":[{"id":3263,"href":"https:\/\/agora.xtec.cat\/afa-ripolles\/wp-json\/wp\/v2\/pages\/67\/revisions\/3263"}],"up":[{"embeddable":true,"href":"https:\/\/agora.xtec.cat\/afa-ripolles\/wp-json\/wp\/v2\/pages\/261"}],"wp:attachment":[{"href":"https:\/\/agora.xtec.cat\/afa-ripolles\/wp-json\/wp\/v2\/media?parent=67"}],"curies":[{"name":"wp","href":"https:\/\/api.w.org\/{rel}","templated":true}]}}

<p style="text-align: justify;"><span style="font-size: 14pt;">L&#8217;acollida i el seguiment de l&#8217;alumnat té com a objectiu la personalització dels aprenentatges.</span></p>


<h4 style="text-align: justify;">Acollida d&#8217;inici de curs del nou alumnat</h4>
<p style="text-align: justify;"><span style="font-size: 14pt;">L’acollida comença quan l’alumnat ve a demanar informació o a apuntar-se i es fa de forma individual seguint els passos següents:</span></p>
<ul style="list-style-type: disc; text-align: justify;">
<li style="text-align: justify;"><span style="font-size: 14pt;">Informació dels cursos i horaris.</span></li>
<li><span style="font-size: 14pt;">Entrevista per conèixer millor l&#8217;alumnat: llengües que entén, interessos i objectius, estudis previs, situació laboral, problemes de salut rellevants, accés a les TAC, etc. </span></li>
<li><span style="font-size: 14pt;">Si escau, prova de nivell per ubicar-lo al grup més adient o, en el cas del GES, proves d&#8217;avaluació inicial per si vol acreditar mòduls.</span></li>
</ul>
<h4 style="text-align: justify;">Seguiment de l&#8217;alumnat</h4>
<p style="text-align: justify;"><span style="font-size: 14pt;">El tutor o tutora de cada ensenyament s&#8217;encarregarà del seguiment de l&#8217;alumnat.</span></p>
<p style="text-align: justify;"><strong><span style="font-size: 14pt;">A l’inici de curs:</span></strong></p>
<ul style="text-align: justify;">
<li style="text-align: justify;"><span style="font-size: 14pt;">Informació general del curs: </span>
<ul style="list-style-type: circle;">
<li style="text-align: justify;"><span style="font-size: 14pt;">Inici i acabament dels trimestres.</span></li>
<li style="text-align: justify;"><span style="font-size: 14pt;">Dies festius i vacances.</span></li>
<li style="text-align: justify;"><span style="font-size: 14pt;">Informació de contacte.</span></li>
<li style="text-align: justify;"><span style="font-size: 14pt;">Normes de convivència per al bon funcionament del centre i les classes.</span></li>
<li style="text-align: justify;"><span style="font-size: 14pt;">Control d&#8217;assistència i absències.</span></li>
<li style="text-align: justify;"><span style="font-size: 14pt;">Objectius i avaluació del curs.</span></li>
<li style="text-align: justify;"><span style="font-size: 14pt;">Funcionament i utilització de l’EVA.</span></li>
</ul>
</li>
</ul>
<p style="text-align: justify;"><strong><span style="font-size: 14pt;">Durant el curs:</span></strong></p>
<ul style="text-align: justify;">
<li style="text-align: justify;"><span style="font-size: 14pt;">Tutories individuals i del grup classe sobre el benestar emocional i l&#8217;avaluació.</span></li>
<li><span style="font-weight: 400; font-size: 14pt;">Lliurament de l&#8217;informe trimestral en el cas d’Instrumental i GES.</span></li>
</ul>
<p style="text-align: justify;"><strong><span style="font-size: 14pt;">Final de l&#8217;etapa:</span></strong></p>
<ul>
<li style="text-align: justify;"><span style="font-size: 14pt;">Orientació sobre què pot fer l&#8217;alumnat un cop ha finalitzat l&#8217;ensenyament, tant al propi centre com en d&#8217;altres.</span></li>
</ul>

<p>L&#8217;acollida i el seguiment de l&#8217;alumnat té com a objectiu la personalització dels aprenentatges. Acollida d&#8217;inici de curs del nou alumnat L’acollida comença quan l’alumnat ve a demanar informació o a apuntar-se i es fa de forma individual seguint els passos següents: Informació dels cursos i horaris. Entrevista per conèixer millor l&#8217;alumnat: llengües que entén, [&hellip;]</p>
