{"id":2901,"date":"2026-07-09T23:24:38","date_gmt":"2026-07-09T21:24:38","guid":{"rendered":"https:\/\/agora.xtec.cat\/afa-ripolles\/?page_id=2901"},"modified":"2026-07-16T10:14:30","modified_gmt":"2026-07-16T08:14:30","slug":"alfabetitzacio-geso","status":"publish","type":"page","link":"https:\/\/agora.xtec.cat\/afa-ripolles\/ensenyaments\/alfabetitzacio-geso\/","title":{"rendered":"Formaci\u00f3 instrumental i GESO"},"content":{"rendered":"\n<div class=\"wp-block-getwid-tabs\" data-active-tab=\"0\"><ul class=\"wp-block-getwid-tabs__nav-links\"><\/ul>\n<div class=\"wp-block-getwid-tabs__nav-link\"><span class=\"wp-block-getwid-tabs__title-wrapper\"><a href=\"#\"><span class=\"wp-block-getwid-tabs__title\"><strong>Formaci\u00f3 instrumental<\/strong><\/span><\/a><\/span><\/div><div class=\"wp-block-getwid-tabs__tab-content-wrapper\"><div class=\"wp-block-getwid-tabs__tab-content\">\n<p style=\"text-align: justify;\">La formaci\u00f3 instrumental \u00e9s una nova oportunitat d\u2019aprenentatge per a les persones adultes perqu\u00e8 proporciona els mitjans per a l\u2019adquisici\u00f3 de les compet\u00e8ncies, destreses i capacitats que contribueixen a l\u2019actualitzaci\u00f3 de les compet\u00e8ncies clau, facilitant el desenvolupament i l\u2019autonomia personals i acad\u00e8miques, la integraci\u00f3 social i l\u2019acc\u00e9s al m\u00f3n laboral.<\/p>\n\n\n\n<p style=\"text-align: justify;\">L&#8217;ensenyament t\u00e9 un total de 980 hores lectives, distribu\u00efdes en quatre nivells, dos al primer cicle i dos al segon. No obstant aix\u00f2, segons els coneixements previs, les necessitats formatives i els ritmes d\u2019aprenentatge de l\u2019alumnat, la durada pot ser m\u00e9s o menys llarga. Actualment al nostre centre oferim els dos nivells del primer cicle, amb una durada biennal de 280 i 210 hores, respectivament.<\/p>\n\n\n\n<div>\n<p style=\"text-align: justify;\">El primer cicle est\u00e0 adre\u00e7at a un perfil d&#8217;alumnat no alfabetitzat o que presenta nivells baixos de compet\u00e8ncia en lectura i escriptura. T\u00e9 per objectiu l&#8217;alfabetitzaci\u00f3 i la iniciaci\u00f3 en el proc\u00e9s d&#8217;adquisici\u00f3 de les diverses habilitats ling\u00fc\u00edstiques necess\u00e0ries per poder-se comunicar i interaccionar amb altres persones, tant oralment com per escrit, en les lleng\u00fces oficials de Catalunya. Aquestes habilitats s\u00f3n indispensables per poder participar en la vida p\u00fablica, exercir la ciutadania i desenvolupar-se en societat.<\/p>\n<\/div>\n<div>\n<p style=\"text-align: justify;\">En finalitzar aquest cicle, l&#8217;alumnat ha de ser capa\u00e7 de comprendre i utilitzar expressions quotidianes i frases senzilles per satisfer les primeres necessitats comunicatives relacionades amb tem\u00e0tiques properes i de la seva vida quotidiana. A m\u00e9s, l&#8217;aprenent ha de poder interactuar de manera efectiva quan la persona interlocutora s&#8217;expressi amb claredat, a poc a poc i estigui disposada a ajudar-lo.<\/p>\n<\/div>\n\n\n\n<p style=\"text-align: justify;\">Poden accedir a aquests estudis les persones m\u00e9s grans de 18 anys i les que els compleixin durant l\u2019any natural en qu\u00e8 s\u2019inicia la formaci\u00f3.<\/p>\n\n\n\n<h5 class=\"wp-block-heading\"><strong>Horari<\/strong><\/h5>\n\n\n\n<p><strong>Instrumental I<\/strong><\/p>\n\n\n\n<p>Dimarts i dijous 09:30 a 11:30.<\/p>\n\n\n\n<p><strong>Instrumental II<\/strong><\/p>\n\n\n\n<p>Dimecres 9:30 a 11:00 i divendres 10:30 a 12:00.<\/p>\n<\/div><\/div>\n\n\n\n<div class=\"wp-block-getwid-tabs__nav-link\"><span class=\"wp-block-getwid-tabs__title-wrapper\"><a href=\"#\"><span class=\"wp-block-getwid-tabs__title\"><strong>GESO<\/strong><\/span><\/a><\/span><\/div><div class=\"wp-block-getwid-tabs__tab-content-wrapper\"><div class=\"wp-block-getwid-tabs__tab-content\">\n<p style=\"text-align: justify;\">Aquests estudis permeten obtenir el\u00a0t\u00edtol de graduat o graduada en educaci\u00f3 secund\u00e0ria obligat\u00f2ria\u00a0(GESO). Es poden cursar de manera presencial al centre o a dist\u00e0ncia a trav\u00e9s de l\u2019Institut Obert de Catalunya (IOC). Estan organitzats en 34 m\u00f2duls, amb una c\u00e0rrega lectiva de 35 hores cadascun. La durada d\u2019aquests estudis \u00e9s de 1.190 hores, per\u00f2 pot variar si l&#8217;estudiant convalida m\u00f2duls que ja hagi aprovat anteriorment o n&#8217;acredita el coneixement mitjan\u00e7ant les proves que ofereix el centre.<\/p>\n\n\n\n<p style=\"text-align: justify;\">Els m\u00f2duls es distribueixen en dos nivells i estan relacionats amb els \u00e0mbits de la comunicaci\u00f3, cientificotecnol\u00f2gic i social:<\/p>\n\n\n\n<p style=\"text-align: justify;\"><strong>\u00c0mbit de la comunicaci\u00f3:\u00a0<\/strong>12 m\u00f2duls comuns que inclouen llengua catalana i literatura, llengua castellana i literatura i llengua estrangera.<\/p>\n\n\n\n<p style=\"text-align: justify;\"><strong>\u00c0mbit cientificotecnol\u00f2gic:&nbsp;<\/strong>10 m\u00f2duls comuns que inclouen matem\u00e0tiques, ci\u00e8ncies de la naturalesa i tecnologies.<\/p>\n\n\n\n<p><strong>\u00c0mbit social:<\/strong>\u00a06 m\u00f2duls comuns que inclouen ci\u00e8ncies socials, geografia i hist\u00f2ria, i educaci\u00f3 per a la ciutadania.<\/p>\n\n\n\n<p><strong>M\u00f2duls opcionals:<\/strong>&nbsp;S\u2019han de triar tres m\u00f2duls optatius per a cada nivell. En total s\u00f3n 6.<\/p>\n\n\n\n<p style=\"text-align: justify;\">Amb car\u00e0cter general poden accedir a l&#8217;ensenyament les persones majors de 18 anys o b\u00e9 que els compleixin durant l\u2019any natural que inicien la formaci\u00f3. Tamb\u00e9 hi poden accedir les persones que compleixin com a m\u00ednim 16 anys l\u2019any natural que inicien la formaci\u00f3 si tenen un contracte laboral que els impedeixi assistir als centres educatius en r\u00e8gim ordinari o b\u00e9 si s\u00f3n esportistes d\u2019alt rendiment.<\/p>\n<p style=\"text-align: justify;\">Excepcionalment, el director\/a dels serveis territorials corresponents, previ informe de la Inspecci\u00f3 d\u2019Educaci\u00f3, pot aprovar la incorporaci\u00f3 de persones majors de 16 anys que no compleixin els requisits anteriors per\u00f2 en els quals concorren circumst\u00e0ncies que els impedeixin assistir als centres educatius ordinaris o que no hagin estat escolaritzades en el sistema educatiu espanyol.<\/p>\n<p style=\"text-align: justify;\">Per tal de situar l\u2019alumnat en el nivell que li correspon, valorar-ne els coneixements previs i orientar-lo, durant el per\u00edode de preinscripci\u00f3 o en el moment que accedeixi al centre, passar\u00e0 per una avaluaci\u00f3 inicial que consisteix en una entrevista personal i, si s\u2019escau, una prova de nivell. Durant aquest proc\u00e9s pot acreditar o convalidar coneixements per posteriorment iniciar els estudis d\u2019acord amb un itinerari personalitzat.<\/p>\n\n\n\n<h5 class=\"wp-block-heading\"><strong>Horari<\/strong><\/h5>\n\n\n\n<p>Matins de dilluns a dijous.<\/p>\n\n\n\n<h4 class=\"wp-block-heading\">HORARIS D\u2019ATENCI\u00d3<\/h4>\n\n\n\n<p>Dilluns, dimecres i divendres de 09:00 a 13:00.<\/p>\n\n\n\n<p>Dilluns i dimecres de 15:00 a 18:00.<\/p>\n\n\n\n<h4 class=\"wp-block-heading\">PROPERES MATRICULACIONS<\/h4>\n\n\n\n<h5 class=\"wp-block-heading\">GES presencial al CFA Ripoll\u00e8s<\/h5>\n\n\n\n<p>Matriculaci\u00f3 del 2 al 10 de setembre de 2026.<\/p>\n\n\n\n<h5 class=\"wp-block-heading\">GES a dist\u00e0ncia a l\u2019IOC<\/h5>\n\n\n\n<h6 class=\"wp-block-heading\">Nous alumnes<\/h6>\n\n\n\n<p style=\"text-align: justify;\"><strong>Preinscripcions de l\u20191 al 7 de setembre:<\/strong>&nbsp;els nous alumnes han d\u2019emplenar les dades, triar el punt de suport, pujar la documentaci\u00f3 i l\u2019IOC informar\u00e0 dels horaris de les entrevistes.<\/p>\n\n\n\n<p style=\"text-align: justify;\"><strong>Entrevistes del 2 al 8 de setembre:<\/strong>&nbsp;truqueu al centre per reservar hora per triar l\u2019intinerari. El nostre tel\u00e8fon \u00e9s el 972715628.<\/p>\n\n\n\n<p><strong>Horari<\/strong>:&nbsp; De dilluns a divendres de 09:00 a 13:00.<\/p>\n\n\n\n<p style=\"text-align: justify;\"><strong>Pagament del 2 al 9 de setembre:<\/strong>\u00a0un cop feta la inscripci\u00f3 cal que feu el pagament de la matr\u00edcula dins del termini indicat.<\/p>\n\n\n\n<h5 class=\"wp-block-heading\">Antics alumnes<\/h5>\n\n\n\n<p>Matr\u00edcula del 22 al 26 de juny.<br>Pagament del 22 al 29 de juny.<\/p>\n\n\n\n<p><strong>PER A M\u00c9S INFORMACI\u00d3:&nbsp;<\/strong>Consulteu la web del CFA Ripoll\u00e8s o b\u00e9 la de l\u2019IOC.<\/p>\n\n\n\n<figure class=\"wp-block-embed is-type-video is-provider-vimeo wp-block-embed-vimeo\"><div class=\"wp-block-embed__wrapper\">\n<div class=\"ast-oembed-container \" style=\"height: 100%;\"><iframe loading=\"lazy\" title=\"Presentaci\u00f3 GES\" src=\"https:\/\/player.vimeo.com\/video\/299165219?dnt=1&amp;app_id=122963\" width=\"500\" height=\"281\" frameborder=\"0\" allow=\"autoplay; fullscreen; picture-in-picture; clipboard-write; encrypted-media; web-share\" referrerpolicy=\"strict-origin-when-cross-origin\"><\/iframe><\/div>\n<\/div><\/figure>\n<\/div><\/div>\n<\/div>\n","protected":false},"excerpt":{"rendered":"","protected":false},"author":1,"featured_media":0,"parent":274,"menu_order":1,"comment_status":"closed","ping_status":"closed","template":"","meta":{"_bbp_topic_count":0,"_bbp_reply_count":0,"_bbp_total_topic_count":0,"_bbp_total_reply_count":0,"_bbp_voice_count":0,"_bbp_anonymous_reply_count":0,"_bbp_topic_count_hidden":0,"_bbp_reply_count_hidden":0,"_bbp_forum_subforum_count":0,"site-sidebar-layout":"default","site-content-layout":"","ast-site-content-layout":"default","site-content-style":"default","site-sidebar-style":"default","ast-global-header-display":"","ast-banner-title-visibility":"","ast-main-header-display":"","ast-hfb-above-header-display":"","ast-hfb-below-header-display":"","ast-hfb-mobile-header-display":"","site-post-title":"","ast-breadcrumbs-content":"","ast-featured-img":"","footer-sml-layout":"","theme-transparent-header-meta":"default","adv-header-id-meta":"","stick-header-meta":"","header-above-stick-meta":"","header-main-stick-meta":"","header-below-stick-meta":"","astra-migrate-meta-layouts":"set","ast-page-background-enabled":"default","ast-page-background-meta":{"desktop":{"background-color":"var(--ast-global-color-4)","background-image":"","background-repeat":"repeat","background-position":"center center","background-size":"auto","background-attachment":"scroll","background-type":"","background-media":"","overlay-type":"","overlay-color":"","overlay-opacity":"","overlay-gradient":""},"tablet":{"background-color":"","background-image":"","background-repeat":"repeat","background-position":"center center","background-size":"auto","background-attachment":"scroll","background-type":"","background-media":"","overlay-type":"","overlay-color":"","overlay-opacity":"","overlay-gradient":""},"mobile":{"background-color":"","background-image":"","background-repeat":"repeat","background-position":"center center","background-size":"auto","background-attachment":"scroll","background-type":"","background-media":"","overlay-type":"","overlay-color":"","overlay-opacity":"","overlay-gradient":""}},"ast-content-background-meta":{"desktop":{"background-color":"var(--ast-global-color-5)","background-image":"","background-repeat":"repeat","background-position":"center center","background-size":"auto","background-attachment":"scroll","background-type":"","background-media":"","overlay-type":"","overlay-color":"","overlay-opacity":"","overlay-gradient":""},"tablet":{"background-color":"var(--ast-global-color-5)","background-image":"","background-repeat":"repeat","background-position":"center center","background-size":"auto","background-attachment":"scroll","background-type":"","background-media":"","overlay-type":"","overlay-color":"","overlay-opacity":"","overlay-gradient":""},"mobile":{"background-color":"var(--ast-global-color-5)","background-image":"","background-repeat":"repeat","background-position":"center center","background-size":"auto","background-attachment":"scroll","background-type":"","background-media":"","overlay-type":"","overlay-color":"","overlay-opacity":"","overlay-gradient":""}},"footnotes":""},"class_list":["post-2901","page","type-page","status-publish","hentry"],"post_mailing_queue_ids":[],"_links":{"self":[{"href":"https:\/\/agora.xtec.cat\/afa-ripolles\/wp-json\/wp\/v2\/pages\/2901","targetHints":{"allow":["GET"]}}],"collection":[{"href":"https:\/\/agora.xtec.cat\/afa-ripolles\/wp-json\/wp\/v2\/pages"}],"about":[{"href":"https:\/\/agora.xtec.cat\/afa-ripolles\/wp-json\/wp\/v2\/types\/page"}],"author":[{"embeddable":true,"href":"https:\/\/agora.xtec.cat\/afa-ripolles\/wp-json\/wp\/v2\/users\/1"}],"replies":[{"embeddable":true,"href":"https:\/\/agora.xtec.cat\/afa-ripolles\/wp-json\/wp\/v2\/comments?post=2901"}],"version-history":[{"count":6,"href":"https:\/\/agora.xtec.cat\/afa-ripolles\/wp-json\/wp\/v2\/pages\/2901\/revisions"}],"predecessor-version":[{"id":3223,"href":"https:\/\/agora.xtec.cat\/afa-ripolles\/wp-json\/wp\/v2\/pages\/2901\/revisions\/3223"}],"up":[{"embeddable":true,"href":"https:\/\/agora.xtec.cat\/afa-ripolles\/wp-json\/wp\/v2\/pages\/274"}],"wp:attachment":[{"href":"https:\/\/agora.xtec.cat\/afa-ripolles\/wp-json\/wp\/v2\/media?parent=2901"}],"curies":[{"name":"wp","href":"https:\/\/api.w.org\/{rel}","templated":true}]}}

Formació instrumental i GESO

<div class="wp-block-getwid-tabs" data-active-tab="0"><ul class="wp-block-getwid-tabs__nav-links"></ul>
<div class="wp-block-getwid-tabs__nav-link"><span class="wp-block-getwid-tabs__title-wrapper"><a href="#"><span class="wp-block-getwid-tabs__title"><strong>Formació instrumental</strong></span></a></span></div><div class="wp-block-getwid-tabs__tab-content-wrapper"><div class="wp-block-getwid-tabs__tab-content">
<p style="text-align: justify;">La formació instrumental és una nova oportunitat d’aprenentatge per a les persones adultes perquè proporciona els mitjans per a l’adquisició de les competències, destreses i capacitats que contribueixen a l’actualització de les competències clau, facilitant el desenvolupament i l’autonomia personals i acadèmiques, la integració social i l’accés al món laboral.</p>



<p style="text-align: justify;">L&#8217;ensenyament té un total de 980 hores lectives, distribuïdes en quatre nivells, dos al primer cicle i dos al segon. No obstant això, segons els coneixements previs, les necessitats formatives i els ritmes d’aprenentatge de l’alumnat, la durada pot ser més o menys llarga. Actualment al nostre centre oferim els dos nivells del primer cicle, amb una durada biennal de 280 i 210 hores, respectivament.</p>



<div>
<p style="text-align: justify;">El primer cicle està adreçat a un perfil d&#8217;alumnat no alfabetitzat o que presenta nivells baixos de competència en lectura i escriptura. Té per objectiu l&#8217;alfabetització i la iniciació en el procés d&#8217;adquisició de les diverses habilitats lingüístiques necessàries per poder-se comunicar i interaccionar amb altres persones, tant oralment com per escrit, en les llengües oficials de Catalunya. Aquestes habilitats són indispensables per poder participar en la vida pública, exercir la ciutadania i desenvolupar-se en societat.</p>
</div>
<div>
<p style="text-align: justify;">En finalitzar aquest cicle, l&#8217;alumnat ha de ser capaç de comprendre i utilitzar expressions quotidianes i frases senzilles per satisfer les primeres necessitats comunicatives relacionades amb temàtiques properes i de la seva vida quotidiana. A més, l&#8217;aprenent ha de poder interactuar de manera efectiva quan la persona interlocutora s&#8217;expressi amb claredat, a poc a poc i estigui disposada a ajudar-lo.</p>
</div>



<p style="text-align: justify;">Poden accedir a aquests estudis les persones més grans de 18 anys i les que els compleixin durant l’any natural en què s’inicia la formació.</p>



<h5 class="wp-block-heading"><strong>Horari</strong></h5>



<p><strong>Instrumental I</strong></p>



<p>Dimarts i dijous 09:30 a 11:30.</p>



<p><strong>Instrumental II</strong></p>



<p>Dimecres 9:30 a 11:00 i divendres 10:30 a 12:00.</p>
</div></div>



<div class="wp-block-getwid-tabs__nav-link"><span class="wp-block-getwid-tabs__title-wrapper"><a href="#"><span class="wp-block-getwid-tabs__title"><strong>GESO</strong></span></a></span></div><div class="wp-block-getwid-tabs__tab-content-wrapper"><div class="wp-block-getwid-tabs__tab-content">
<p style="text-align: justify;">Aquests estudis permeten obtenir el títol de graduat o graduada en educació secundària obligatòria (GESO). Es poden cursar de manera presencial al centre o a distància a través de l’Institut Obert de Catalunya (IOC). Estan organitzats en 34 mòduls, amb una càrrega lectiva de 35 hores cadascun. La durada d’aquests estudis és de 1.190 hores, però pot variar si l&#8217;estudiant convalida mòduls que ja hagi aprovat anteriorment o n&#8217;acredita el coneixement mitjançant les proves que ofereix el centre.</p>



<p style="text-align: justify;">Els mòduls es distribueixen en dos nivells i estan relacionats amb els àmbits de la comunicació, cientificotecnològic i social:</p>



<p style="text-align: justify;"><strong>Àmbit de la comunicació: </strong>12 mòduls comuns que inclouen llengua catalana i literatura, llengua castellana i literatura i llengua estrangera.</p>



<p style="text-align: justify;"><strong>Àmbit cientificotecnològic:&nbsp;</strong>10 mòduls comuns que inclouen matemàtiques, ciències de la naturalesa i tecnologies.</p>



<p><strong>Àmbit social:</strong> 6 mòduls comuns que inclouen ciències socials, geografia i història, i educació per a la ciutadania.</p>



<p><strong>Mòduls opcionals:</strong>&nbsp;S’han de triar tres mòduls optatius per a cada nivell. En total són 6.</p>



<p style="text-align: justify;">Amb caràcter general poden accedir a l&#8217;ensenyament les persones majors de 18 anys o bé que els compleixin durant l’any natural que inicien la formació. També hi poden accedir les persones que compleixin com a mínim 16 anys l’any natural que inicien la formació si tenen un contracte laboral que els impedeixi assistir als centres educatius en règim ordinari o bé si són esportistes d’alt rendiment.</p>
<p style="text-align: justify;">Excepcionalment, el director/a dels serveis territorials corresponents, previ informe de la Inspecció d’Educació, pot aprovar la incorporació de persones majors de 16 anys que no compleixin els requisits anteriors però en els quals concorren circumstàncies que els impedeixin assistir als centres educatius ordinaris o que no hagin estat escolaritzades en el sistema educatiu espanyol.</p>
<p style="text-align: justify;">Per tal de situar l’alumnat en el nivell que li correspon, valorar-ne els coneixements previs i orientar-lo, durant el període de preinscripció o en el moment que accedeixi al centre, passarà per una avaluació inicial que consisteix en una entrevista personal i, si s’escau, una prova de nivell. Durant aquest procés pot acreditar o convalidar coneixements per posteriorment iniciar els estudis d’acord amb un itinerari personalitzat.</p>



<h5 class="wp-block-heading"><strong>Horari</strong></h5>



<p>Matins de dilluns a dijous.</p>



<h4 class="wp-block-heading">HORARIS D’ATENCIÓ</h4>



<p>Dilluns, dimecres i divendres de 09:00 a 13:00.</p>



<p>Dilluns i dimecres de 15:00 a 18:00.</p>



<h4 class="wp-block-heading">PROPERES MATRICULACIONS</h4>



<h5 class="wp-block-heading">GES presencial al CFA Ripollès</h5>



<p>Matriculació del 2 al 10 de setembre de 2026.</p>



<h5 class="wp-block-heading">GES a distància a l’IOC</h5>



<h6 class="wp-block-heading">Nous alumnes</h6>



<p style="text-align: justify;"><strong>Preinscripcions de l’1 al 7 de setembre:</strong>&nbsp;els nous alumnes han d’emplenar les dades, triar el punt de suport, pujar la documentació i l’IOC informarà dels horaris de les entrevistes.</p>



<p style="text-align: justify;"><strong>Entrevistes del 2 al 8 de setembre:</strong>&nbsp;truqueu al centre per reservar hora per triar l’intinerari. El nostre telèfon és el 972715628.</p>



<p><strong>Horari</strong>:&nbsp; De dilluns a divendres de 09:00 a 13:00.</p>



<p style="text-align: justify;"><strong>Pagament del 2 al 9 de setembre:</strong> un cop feta la inscripció cal que feu el pagament de la matrícula dins del termini indicat.</p>



<h5 class="wp-block-heading">Antics alumnes</h5>



<p>Matrícula del 22 al 26 de juny.<br>Pagament del 22 al 29 de juny.</p>



<p><strong>PER A MÉS INFORMACIÓ:&nbsp;</strong>Consulteu la web del CFA Ripollès o bé la de l’IOC.</p>



<figure class="wp-block-embed is-type-video is-provider-vimeo wp-block-embed-vimeo"><div class="wp-block-embed__wrapper">
<div class="ast-oembed-container " style="height: 100%;"><iframe loading="lazy" title="Presentació GES" src="https://player.vimeo.com/video/299165219?dnt=1&amp;app_id=122963" width="500" height="281" frameborder="0" allow="autoplay; fullscreen; picture-in-picture; clipboard-write; encrypted-media; web-share" referrerpolicy="strict-origin-when-cross-origin"></iframe></div>
</div></figure>
</div></div>
</div>
