{"id":261,"date":"2015-01-27T17:25:01","date_gmt":"2015-01-27T16:25:01","guid":{"rendered":"http:\/\/agora.xtec.cat\/afa-ripolles\/\/?page_id=261"},"modified":"2016-06-22T12:20:31","modified_gmt":"2016-06-22T11:20:31","slug":"el-centre","status":"publish","type":"page","link":"https:\/\/agora.xtec.cat\/afa-ripolles\/el-centre\/","title":{"rendered":"Presentaci\u00f3"},"content":{"rendered":"<p style=\"text-align: justify;\"><a href=\"http:\/\/agora.xtec.cat\/afa-ripolles\/wp-content\/uploads\/usu252\/2015\/03\/customLogo.jpg\"><img loading=\"lazy\" decoding=\"async\" class=\"alignnone size-medium wp-image-357\" src=\"http:\/\/agora.xtec.cat\/afa-ripolles\/wp-content\/uploads\/usu252\/2015\/03\/customLogo-300x188.jpg\" alt=\"customLogo\" width=\"300\" height=\"188\" srcset=\"https:\/\/agora.xtec.cat\/afa-ripolles\/wp-content\/uploads\/usu252\/2015\/03\/customLogo-300x188.jpg 300w, https:\/\/agora.xtec.cat\/afa-ripolles\/wp-content\/uploads\/usu252\/2015\/03\/customLogo.jpg 335w\" sizes=\"auto, (max-width: 300px) 100vw, 300px\" \/><\/a><br \/>\nEl Centre de Formaci\u00f3 d&#8217;Adults del Ripoll\u00e8s (CFA Ripoll\u00e8s) \u00e9s un centre p\u00fablic de formaci\u00f3 de persones adultes depenent del Departament d&#8217;Ensenyament. El centre permet a les persones majors de 16 anys l&#8217;acc\u00e9s a l&#8217;aprenentatge del catal\u00e0, formaci\u00f3 b\u00e0sica instrumental, Graduat en Educaci\u00f3 Secund\u00e0ria (GES) a dist\u00e0ncia, preparaci\u00f3 per a les proves d&#8217;acc\u00e9s a Cicles Formatius de Grau Mitj\u00e0 (CFGM), angl\u00e8s nivell inicial i funcional, i inform\u00e0tica nivell inicial i usuari. A m\u00e9s, \u00e9s centre col\u00b7laborador per a la realitzaci\u00f3 de les proves ACTIC (Acreditaci\u00f3 de les Compet\u00e8ncies en Tecnologies de la Informaci\u00f3 i la Comunicaci\u00f3) reconegudes per la Generalitat de Catalunya.<br \/>\nActualment estem situats a la tercera planta de l&#8217;edifici Modest Say\u00f3s, just al costat de &#8220;l&#8217;Escola Salesiana&#8221;, i compartim edifici amb l&#8217;escola bressol &#8220;El petit Avet&#8221; i &#8220;l&#8217;Escola Comarcal de M\u00fasica&#8221;. Aquest canvi ha suposat una gran millora per a nosaltres i la possibilitat d&#8217;oferir el servei que creiem que mereixen els nostres alumnes.<\/p>\n<p style=\"text-align: justify;\">El centre t\u00e9 com a objectiu facilitar l&#8217;acc\u00e9s a l&#8217;ensenyament a totes les persones, ja que estem conven\u00e7uts que l&#8217;educaci\u00f3 \u00e9s un dret de tothom i de per vida.<\/p>\n<p style=\"text-align: justify;\">Des de l&#8217;escola ens hem proposat definir una l\u00ednia de treball basada en l&#8217;esfor\u00e7 i la voluntat d&#8217;afrontar i adaptar-nos als nous reptes, a m\u00e9s del respecte per les persones, la integraci\u00f3 i el comprom\u00eds amb la nostra feina.<\/p>\n","protected":false},"excerpt":{"rendered":"<p><a href=\"http:\/\/agora.xtec.cat\/afa-ripolles\/wp-content\/uploads\/usu252\/2015\/03\/customLogo.jpg\"><\/a><br \/>\nEl Centre de Formaci\u00f3 d&#8217;Adults del Ripoll\u00e8s (CFA Ripoll\u00e8s) \u00e9s un centre p\u00fablic de formaci\u00f3 de persones adultes depenent del Departament d&#8217;Ensenyament. El centre permet a les persones majors de 16 anys l&#8217;acc\u00e9s a l&#8217;aprenentatge del catal\u00e0, formaci\u00f3 b\u00e0sica instrumental, Graduat en Educaci\u00f3 Secund\u00e0ria&hellip;  <a href=\"https:\/\/agora.xtec.cat\/afa-ripolles\/el-centre\/\" title=\"Read Presentaci\u00f3\">Llegeix m\u00e9s\u00bb<\/a><\/p>\n","protected":false},"author":2,"featured_media":0,"parent":0,"menu_order":0,"comment_status":"closed","ping_status":"closed","template":"page-templates\/side-menu.php","meta":{"_bbp_topic_count":0,"_bbp_reply_count":0,"_bbp_total_topic_count":0,"_bbp_total_reply_count":0,"_bbp_voice_count":0,"_bbp_anonymous_reply_count":0,"_bbp_topic_count_hidden":0,"_bbp_reply_count_hidden":0,"_bbp_forum_subforum_count":0,"footnotes":""},"class_list":["post-261","page","type-page","status-publish","hentry"],"post_mailing_queue_ids":[],"_links":{"self":[{"href":"https:\/\/agora.xtec.cat\/afa-ripolles\/wp-json\/wp\/v2\/pages\/261","targetHints":{"allow":["GET"]}}],"collection":[{"href":"https:\/\/agora.xtec.cat\/afa-ripolles\/wp-json\/wp\/v2\/pages"}],"about":[{"href":"https:\/\/agora.xtec.cat\/afa-ripolles\/wp-json\/wp\/v2\/types\/page"}],"author":[{"embeddable":true,"href":"https:\/\/agora.xtec.cat\/afa-ripolles\/wp-json\/wp\/v2\/users\/2"}],"replies":[{"embeddable":true,"href":"https:\/\/agora.xtec.cat\/afa-ripolles\/wp-json\/wp\/v2\/comments?post=261"}],"version-history":[{"count":3,"href":"https:\/\/agora.xtec.cat\/afa-ripolles\/wp-json\/wp\/v2\/pages\/261\/revisions"}],"predecessor-version":[{"id":472,"href":"https:\/\/agora.xtec.cat\/afa-ripolles\/wp-json\/wp\/v2\/pages\/261\/revisions\/472"}],"wp:attachment":[{"href":"https:\/\/agora.xtec.cat\/afa-ripolles\/wp-json\/wp\/v2\/media?parent=261"}],"curies":[{"name":"wp","href":"https:\/\/api.w.org\/{rel}","templated":true}]}}